INSERT INTO `key_value_expire` (`collection`, `name`, `value`, `expire`) VALUES
('update_available_releases', 'schema_metatag', 0x[encoded data, 29002 characters], 1701511946),
('update_available_releases', 'structured_data', 0x[encoded data, 5112 characters], 1701511946);
INSERT INTO `key_value_expire` (`collection`, `name`, `value`, `expire`) VALUES
('update_available_releases', 'svg_image', 0x[encoded data, 24424 characters], 1701511946),
('update_available_releases', 'token', 0x[encoded data, 22536 characters], 1701511946);

-- --------------------------------------------------------

--
-- Table structure for table `media`
--

CREATE TABLE `media` (
  `mid` int(10) UNSIGNED NOT NULL,
  `vid` int(10) UNSIGNED DEFAULT NULL,
  `bundle` varchar(32) CHARACTER SET ascii NOT NULL COMMENT 'The ID of the target entity.',
  `uuid` varchar(128) CHARACTER SET ascii NOT NULL,
  `langcode` varchar(12) CHARACTER SET ascii NOT NULL
) ENGINE=InnoDB DEFAULT CHARSET=utf8mb4 COMMENT='The base table for media entities.';

--
-- Dumping data for table `media`
--

INSERT INTO `media` (`mid`, `vid`, `bundle`, `uuid`, `langcode`) VALUES
(1, 1, 'image', 'd95106e6-16a6-478c-8dd1-2f0529a68d8e', 'en'),
(2, 2, 'image', '7703b3bc-0f49-4245-bbe9-110210e8a4d3', 'en'),
(3, 3, 'image', '265fcd66-692f-40f4-9197-446d76d690f9', 'en'),
(4, 4, 'image', 'cf16ec55-7ecb-4d14-9980-d6857744497c', 'en'),
(5, 10, 'image', '125ae022-0fb6-448f-8930-562ab56635d6', 'en'),
(6, 6, 'image', '79af8448-d2d8-4302-8762-6de6569c5f3b', 'en'),
(7, 7, 'image', 'd99abd90-15b5-49a9-8b51-53ec91f3a745', 'en'),
(8, 8, 'image', 'b8176735-4a35-4cba-a8ad-3422c6822e37', 'en'),
(9, 9, 'image', '51060e1a-e872-4d66-b399-63d1a7d6defd', 'en'),
(10, 11, 'image', '94bb189c-f915-435e-a4d8-5413971f50c4', 'en');

-- --------------------------------------------------------

--
-- Table structure for table `media_field_data`
--

CREATE TABLE `media_field_data` (
  `mid` int(10) UNSIGNED NOT NULL,
  `vid` int(10) UNSIGNED NOT NULL,
  `bundle` varchar(32) CHARACTER SET ascii NOT NULL COMMENT 'The ID of the target entity.',
  `langcode` varchar(12) CHARACTER SET ascii NOT NULL,
  `status` tinyint(4) NOT NULL,
  `uid` int(10) UNSIGNED NOT NULL COMMENT 'The ID of the target entity.',
  `name` varchar(255) DEFAULT NULL,
  `thumbnail__target_id` int(10) UNSIGNED DEFAULT NULL COMMENT 'The ID of the file entity.',
  `thumbnail__alt` varchar(512) DEFAULT NULL COMMENT 'Alternative image text, for the image''s ''alt'' attribute.',
  `thumbnail__title` varchar(1024) DEFAULT NULL COMMENT 'Image title text, for the image''s ''title'' attribute.',
  `thumbnail__width` int(10) UNSIGNED DEFAULT NULL COMMENT 'The width of the image in pixels.',
  `thumbnail__height` int(10) UNSIGNED DEFAULT NULL COMMENT 'The height of the image in pixels.',
  `created` int(11) DEFAULT NULL,
  `changed` int(11) DEFAULT NULL,
  `default_langcode` tinyint(4) NOT NULL,
  `revision_translation_affected` tinyint(4) DEFAULT NULL
) ENGINE=InnoDB DEFAULT CHARSET=utf8mb4 COMMENT='The data table for media entities.';

--
-- Dumping data for table `media_field_data`
--

INSERT INTO `media_field_data` (`mid`, `vid`, `bundle`, `langcode`, `status`, `uid`, `name`, `thumbnail__target_id`, `thumbnail__alt`, `thumbnail__title`, `thumbnail__width`, `thumbnail__height`, `created`, `changed`, `default_langcode`, `revision_translation_affected`) VALUES
(1, 1, 'image', 'en', 1, 1, 'icons-03.svg', 426, 'Icon cross', NULL, NULL, NULL, 1658306514, 1658306514, 1, 1),
(2, 2, 'image', 'en', 1, 1, 'icon-speech.svg', 427, 'Speech icon', NULL, NULL, NULL, 1658363934, 1658363934, 1, 1),
(3, 3, 'image', 'en', 1, 1, 'icon-virus.svg', 428, 'Flu virus icon', NULL, NULL, NULL, 1658364404, 1658364404, 1, 1),
(4, 4, 'image', 'en', 1, 1, 'icon-covid.svg', 429, 'Icon mask', NULL, NULL, NULL, 1658364771, 1658364771, 1, 1),
(5, 10, 'image', 'en', 1, 1, 'hero-family-cooking.jpg', 430, 'Family', NULL, 1250, 700, 1658371931, 1658386858, 1, 1),
(6, 6, 'image', 'en', 1, 1, 'hero-family-on-outing.jpg', 431, 'Family outing', NULL, 1250, 700, 1658372023, 1658372040, 1, 1),
(7, 7, 'image', 'en', 1, 1, 'hero-family-youth.jpg', 432, 'Youth outing', NULL, 1250, 700, 1658372043, 1658372168, 1, 1),
(8, 8, 'image', 'en', 1, 1, 'hero-flu-risk.jpeg', 433, 'Mechanic', NULL, 1600, 900, 1658373807, 1658373830, 1, 1),
(9, 9, 'image', 'en', 1, 1, 'hero-family-outing.jpg', 434, 'Family outing', NULL, 1250, 700, 1658374310, 1658374326, 1, 1),
(10, 11, 'image', 'en', 1, 1, 'hero-family-mother-daughter.jpg', 435, 'Mother and daughter', NULL, 1250, 700, 1658707893, 1658707893, 1, 1);

-- --------------------------------------------------------

--
-- Table structure for table `media_field_revision`
--

CREATE TABLE `media_field_revision` (
  `mid` int(10) UNSIGNED NOT NULL,
  `vid` int(10) UNSIGNED NOT NULL,
  `langcode` varchar(12) CHARACTER SET ascii NOT NULL,
  `status` tinyint(4) NOT NULL,
  `uid` int(10) UNSIGNED NOT NULL COMMENT 'The ID of the target entity.',
  `name` varchar(255) DEFAULT NULL,
  `thumbnail__target_id` int(10) UNSIGNED DEFAULT NULL COMMENT 'The ID of the file entity.',
  `thumbnail__alt` varchar(512) DEFAULT NULL COMMENT 'Alternative image text, for the image''s ''alt'' attribute.',
  `thumbnail__title` varchar(1024) DEFAULT NULL COMMENT 'Image title text, for the image''s ''title'' attribute.',
  `thumbnail__width` int(10) UNSIGNED DEFAULT NULL COMMENT 'The width of the image in pixels.',
  `thumbnail__height` int(10) UNSIGNED DEFAULT NULL COMMENT 'The height of the image in pixels.',
  `created` int(11) DEFAULT NULL,
  `changed` int(11) DEFAULT NULL,
  `default_langcode` tinyint(4) NOT NULL,
  `revision_translation_affected` tinyint(4) DEFAULT NULL
) ENGINE=InnoDB DEFAULT CHARSET=utf8mb4 COMMENT='The revision data table for media entities.';

--
-- Dumping data for table `media_field_revision`
--

INSERT INTO `media_field_revision` (`mid`, `vid`, `langcode`, `status`, `uid`, `name`, `thumbnail__target_id`, `thumbnail__alt`, `thumbnail__title`, `thumbnail__width`, `thumbnail__height`, `created`, `changed`, `default_langcode`, `revision_translation_affected`) VALUES
(1, 1, 'en', 1, 1, 'icons-03.svg', 426, 'Icon cross', NULL, NULL, NULL, 1658306514, 1658306514, 1, 1),
(2, 2, 'en', 1, 1, 'icon-speech.svg', 427, 'Speech icon', NULL, NULL, NULL, 1658363934, 1658363934, 1, 1),
(3, 3, 'en', 1, 1, 'icon-virus.svg', 428, 'Flu virus icon', NULL, NULL, NULL, 1658364404, 1658364404, 1, 1),
(4, 4, 'en', 1, 1, 'icon-covid.svg', 429, 'Icon mask', NULL, NULL, NULL, 1658364771, 1658364771, 1, 1),
(5, 5, 'en', 1, 1, 'hero-family-cooking.jpg', 430, 'Family', NULL, 1250, 700, 1658371931, 1658372017, 1, 1),
(6, 6, 'en', 1, 1, 'hero-family-on-outing.jpg', 431, 'Family outing', NULL, 1250, 700, 1658372023, 1658372040, 1, 1),
(7, 7, 'en', 1, 1, 'hero-family-youth.jpg', 432, 'Youth outing', NULL, 1250, 700, 1658372043, 1658372168, 1, 1),
(8, 8, 'en', 1, 1, 'hero-flu-risk.jpeg', 433, 'Mechanic', NULL, 1600, 900, 1658373807, 1658373830, 1, 1),
(9, 9, 'en', 1, 1, 'hero-family-outing.jpg', 434, 'Family outing', NULL, 1250, 700, 1658374310, 1658374326, 1, 1),
(5, 10, 'en', 1, 1, 'hero-family-cooking.jpg', 430, 'Family', NULL, 1250, 700, 1658371931, 1658386858, 1, 1),
(10, 11, 'en', 1, 1, 'hero-family-mother-daughter.jpg', 435, 'Mother and daughter', NULL, 1250, 700, 1658707893, 1658707893, 1, 1);

-- --------------------------------------------------------

--
-- Table structure for table `media_revision`
--

CREATE TABLE `media_revision` (
  `mid` int(10) UNSIGNED NOT NULL,
  `vid` int(10) UNSIGNED NOT NULL,
  `langcode` varchar(12) CHARACTER SET ascii NOT NULL,
  `revision_user` int(10) UNSIGNED DEFAULT NULL COMMENT 'The ID of the target entity.',
  `revision_created` int(11) DEFAULT NULL,
  `revision_log_message` longtext,
  `revision_default` tinyint(4) DEFAULT NULL
) ENGINE=InnoDB DEFAULT CHARSET=utf8mb4 COMMENT='The revision table for media entities.';

--
-- Dumping data for table `media_revision`
--

INSERT INTO `media_revision` (`mid`, `vid`, `langcode`, `revision_user`, `revision_created`, `revision_log_message`, `revision_default`) VALUES
(1, 1, 'en', NULL, 1658306529, NULL, 1),
(2, 2, 'en', NULL, 1658363951, NULL, 1),
(3, 3, 'en', NULL, 1658364416, NULL, 1),
(4, 4, 'en', NULL, 1658364788, NULL, 1),
(5, 5, 'en', 1, 1658372017, NULL, 1),
(6, 6, 'en', 1, 1658372040, NULL, 1),
(7, 7, 'en', 1, 1658372168, NULL, 1),
(8, 8, 'en', 1, 1658373830, NULL, 1),
(9, 9, 'en', 1, 1658374326, NULL, 1),
(5, 10, 'en', 1, 1658386858, NULL, 1),
(10, 11, 'en', NULL, 1658707910, NULL, 1);

-- --------------------------------------------------------

--
-- Table structure for table `media_revision__field_media_audio_file`
--

CREATE TABLE `media_revision__field_media_audio_file` (
  `bundle` varchar(128) CHARACTER SET ascii NOT NULL DEFAULT '' COMMENT 'The field instance bundle to which this row belongs, used when deleting a field instance',
  `deleted` tinyint(4) NOT NULL DEFAULT '0' COMMENT 'A boolean indicating whether this data item has been deleted',
  `entity_id` int(10) UNSIGNED NOT NULL COMMENT 'The entity id this data is attached to',
  `revision_id` int(10) UNSIGNED NOT NULL COMMENT 'The entity revision id this data is attached to',
  `langcode` varchar(32) CHARACTER SET ascii NOT NULL DEFAULT '' COMMENT 'The language code for this data item.',
  `delta` int(10) UNSIGNED NOT NULL COMMENT 'The sequence number for this data item, used for multi-value fields',
  `field_media_audio_file_target_id` int(10) UNSIGNED NOT NULL COMMENT 'The ID of the file entity.',
  `field_media_audio_file_display` tinyint(3) UNSIGNED DEFAULT '1' COMMENT 'Flag to control whether this file should be displayed when viewing content.',
  `field_media_audio_file_description` text COMMENT 'A description of the file.'
) ENGINE=InnoDB DEFAULT CHARSET=utf8mb4 COMMENT='Revision archive storage for media field field_media_audio…';

-- --------------------------------------------------------

--
-- Table structure for table `media_revision__field_media_document`
--

CREATE TABLE `media_revision__field_media_document` (
  `bundle` varchar(128) CHARACTER SET ascii NOT NULL DEFAULT '' COMMENT 'The field instance bundle to which this row belongs, used when deleting a field instance',
  `deleted` tinyint(4) NOT NULL DEFAULT '0' COMMENT 'A boolean indicating whether this data item has been deleted',
  `entity_id` int(10) UNSIGNED NOT NULL COMMENT 'The entity id this data is attached to',
  `revision_id` int(10) UNSIGNED NOT NULL COMMENT 'The entity revision id this data is attached to',
  `langcode` varchar(32) CHARACTER SET ascii NOT NULL DEFAULT '' COMMENT 'The language code for this data item.',
  `delta` int(10) UNSIGNED NOT NULL COMMENT 'The sequence number for this data item, used for multi-value fields',
  `field_media_document_target_id` int(10) UNSIGNED NOT NULL COMMENT 'The ID of the file entity.',
  `field_media_document_display` tinyint(3) UNSIGNED DEFAULT '1' COMMENT 'Flag to control whether this file should be displayed when viewing content.',
  `field_media_document_description` text COMMENT 'A description of the file.'
) ENGINE=InnoDB DEFAULT CHARSET=utf8mb4 COMMENT='Revision archive storage for media field field_media…';

-- --------------------------------------------------------

--
-- Table structure for table `media_revision__field_media_image`
--

CREATE TABLE `media_revision__field_media_image` (
  `bundle` varchar(128) CHARACTER SET ascii NOT NULL DEFAULT '' COMMENT 'The field instance bundle to which this row belongs, used when deleting a field instance',
  `deleted` tinyint(4) NOT NULL DEFAULT '0' COMMENT 'A boolean indicating whether this data item has been deleted',
  `entity_id` int(10) UNSIGNED NOT NULL COMMENT 'The entity id this data is attached to',
  `revision_id` int(10) UNSIGNED NOT NULL COMMENT 'The entity revision id this data is attached to',
  `langcode` varchar(32) CHARACTER SET ascii NOT NULL DEFAULT '' COMMENT 'The language code for this data item.',
  `delta` int(10) UNSIGNED NOT NULL COMMENT 'The sequence number for this data item, used for multi-value fields',
  `field_media_image_target_id` int(10) UNSIGNED NOT NULL COMMENT 'The ID of the file entity.',
  `field_media_image_alt` varchar(512) DEFAULT NULL COMMENT 'Alternative image text, for the image''s ''alt'' attribute.',
  `field_media_image_title` varchar(1024) DEFAULT NULL COMMENT 'Image title text, for the image''s ''title'' attribute.',
  `field_media_image_width` int(10) UNSIGNED DEFAULT NULL COMMENT 'The width of the image in pixels.',
  `field_media_image_height` int(10) UNSIGNED DEFAULT NULL COMMENT 'The height of the image in pixels.'
) ENGINE=InnoDB DEFAULT CHARSET=utf8mb4 COMMENT='Revision archive storage for media field field_media_image.';

--
-- Dumping data for table `media_revision__field_media_image`
--

INSERT INTO `media_revision__field_media_image` (`bundle`, `deleted`, `entity_id`, `revision_id`, `langcode`, `delta`, `field_media_image_target_id`, `field_media_image_alt`, `field_media_image_title`, `field_media_image_width`, `field_media_image_height`) VALUES
('image', 0, 1, 1, 'en', 0, 426, 'Icon cross', '', 64, 64),
('image', 0, 2, 2, 'en', 0, 427, 'Speech icon', '', 64, 64),
('image', 0, 3, 3, 'en', 0, 428, 'Flu virus icon', '', 64, 64),
('image', 0, 4, 4, 'en', 0, 429, 'Icon mask', '', 64, 64),
('image', 0, 5, 5, 'en', 0, 430, 'Family', '', 1250, 700),
('image', 0, 5, 10, 'en', 0, 430, 'What should you know about flu (influenza)?', '', 1250, 700),
('image', 0, 6, 6, 'en', 0, 431, 'Family outing', '', 1250, 700),
('image', 0, 7, 7, 'en', 0, 432, 'Youth outing', '', 1250, 700),
('image', 0, 8, 8, 'en', 0, 433, 'Mechanic', '', 1600, 900),
('image', 0, 9, 9, 'en', 0, 434, 'Family outing', '', 1250, 700),
('image', 0, 10, 11, 'en', 0, 435, 'Mother and daughter', '', 1250, 700);

-- --------------------------------------------------------

--
-- Table structure for table `media_revision__field_media_oembed_video`
--

CREATE TABLE `media_revision__field_media_oembed_video` (
  `bundle` varchar(128) CHARACTER SET ascii NOT NULL DEFAULT '' COMMENT 'The field instance bundle to which this row belongs, used when deleting a field instance',
  `deleted` tinyint(4) NOT NULL DEFAULT '0' COMMENT 'A boolean indicating whether this data item has been deleted',
  `entity_id` int(10) UNSIGNED NOT NULL COMMENT 'The entity id this data is attached to',
  `revision_id` int(10) UNSIGNED NOT NULL COMMENT 'The entity revision id this data is attached to',
  `langcode` varchar(32) CHARACTER SET ascii NOT NULL DEFAULT '' COMMENT 'The language code for this data item.',
  `delta` int(10) UNSIGNED NOT NULL COMMENT 'The sequence number for this data item, used for multi-value fields',
  `field_media_oembed_video_value` varchar(255) NOT NULL
) ENGINE=InnoDB DEFAULT CHARSET=utf8mb4 COMMENT='Revision archive storage for media field field_media_oembed…';

-- --------------------------------------------------------

--
-- Table structure for table `media_revision__field_media_video_file`
--

CREATE TABLE `media_revision__field_media_video_file` (
  `bundle` varchar(128) CHARACTER SET ascii NOT NULL DEFAULT '' COMMENT 'The field instance bundle to which this row belongs, used when deleting a field instance',
  `deleted` tinyint(4) NOT NULL DEFAULT '0' COMMENT 'A boolean indicating whether this data item has been deleted',
  `entity_id` int(10) UNSIGNED NOT NULL COMMENT 'The entity id this data is attached to',
  `revision_id` int(10) UNSIGNED NOT NULL COMMENT 'The entity revision id this data is attached to',
  `langcode` varchar(32) CHARACTER SET ascii NOT NULL DEFAULT '' COMMENT 'The language code for this data item.',
  `delta` int(10) UNSIGNED NOT NULL COMMENT 'The sequence number for this data item, used for multi-value fields',
  `field_media_video_file_target_id` int(10) UNSIGNED NOT NULL COMMENT 'The ID of the file entity.',
  `field_media_video_file_display` tinyint(3) UNSIGNED DEFAULT '1' COMMENT 'Flag to control whether this file should be displayed when viewing content.',
  `field_media_video_file_description` text COMMENT 'A description of the file.'
) ENGINE=InnoDB DEFAULT CHARSET=utf8mb4 COMMENT='Revision archive storage for media field field_media_video…';

-- --------------------------------------------------------

--
-- Table structure for table `media__field_media_audio_file`
--

CREATE TABLE `media__field_media_audio_file` (
  `bundle` varchar(128) CHARACTER SET ascii NOT NULL DEFAULT '' COMMENT 'The field instance bundle to which this row belongs, used when deleting a field instance',
  `deleted` tinyint(4) NOT NULL DEFAULT '0' COMMENT 'A boolean indicating whether this data item has been deleted',
  `entity_id` int(10) UNSIGNED NOT NULL COMMENT 'The entity id this data is attached to',
  `revision_id` int(10) UNSIGNED NOT NULL COMMENT 'The entity revision id this data is attached to',
  `langcode` varchar(32) CHARACTER SET ascii NOT NULL DEFAULT '' COMMENT 'The language code for this data item.',
  `delta` int(10) UNSIGNED NOT NULL COMMENT 'The sequence number for this data item, used for multi-value fields',
  `field_media_audio_file_target_id` int(10) UNSIGNED NOT NULL COMMENT 'The ID of the file entity.',
  `field_media_audio_file_display` tinyint(3) UNSIGNED DEFAULT '1' COMMENT 'Flag to control whether this file should be displayed when viewing content.',
  `field_media_audio_file_description` text COMMENT 'A description of the file.'
) ENGINE=InnoDB DEFAULT CHARSET=utf8mb4 COMMENT='Data storage for media field field_media_audio_file.';

-- --------------------------------------------------------

--
-- Table structure for table `media__field_media_document`
--

CREATE TABLE `media__field_media_document` (
  `bundle` varchar(128) CHARACTER SET ascii NOT NULL DEFAULT '' COMMENT 'The field instance bundle to which this row belongs, used when deleting a field instance',
  `deleted` tinyint(4) NOT NULL DEFAULT '0' COMMENT 'A boolean indicating whether this data item has been deleted',
  `entity_id` int(10) UNSIGNED NOT NULL COMMENT 'The entity id this data is attached to',
  `revision_id` int(10) UNSIGNED NOT NULL COMMENT 'The entity revision id this data is attached to',
  `langcode` varchar(32) CHARACTER SET ascii NOT NULL DEFAULT '' COMMENT 'The language code for this data item.',
  `delta` int(10) UNSIGNED NOT NULL COMMENT 'The sequence number for this data item, used for multi-value fields',
  `field_media_document_target_id` int(10) UNSIGNED NOT NULL COMMENT 'The ID of the file entity.',
  `field_media_document_display` tinyint(3) UNSIGNED DEFAULT '1' COMMENT 'Flag to control whether this file should be displayed when viewing content.',
  `field_media_document_description` text COMMENT 'A description of the file.'
) ENGINE=InnoDB DEFAULT CHARSET=utf8mb4 COMMENT='Data storage for media field field_media_document.';

-- --------------------------------------------------------

--
-- Table structure for table `media__field_media_image`
--

CREATE TABLE `media__field_media_image` (
  `bundle` varchar(128) CHARACTER SET ascii NOT NULL DEFAULT '' COMMENT 'The field instance bundle to which this row belongs, used when deleting a field instance',
  `deleted` tinyint(4) NOT NULL DEFAULT '0' COMMENT 'A boolean indicating whether this data item has been deleted',
  `entity_id` int(10) UNSIGNED NOT NULL COMMENT 'The entity id this data is attached to',
  `revision_id` int(10) UNSIGNED NOT NULL COMMENT 'The entity revision id this data is attached to',
  `langcode` varchar(32) CHARACTER SET ascii NOT NULL DEFAULT '' COMMENT 'The language code for this data item.',
  `delta` int(10) UNSIGNED NOT NULL COMMENT 'The sequence number for this data item, used for multi-value fields',
  `field_media_image_target_id` int(10) UNSIGNED NOT NULL COMMENT 'The ID of the file entity.',
  `field_media_image_alt` varchar(512) DEFAULT NULL COMMENT 'Alternative image text, for the image''s ''alt'' attribute.',
  `field_media_image_title` varchar(1024) DEFAULT NULL COMMENT 'Image title text, for the image''s ''title'' attribute.',
  `field_media_image_width` int(10) UNSIGNED DEFAULT NULL COMMENT 'The width of the image in pixels.',
  `field_media_image_height` int(10) UNSIGNED DEFAULT NULL COMMENT 'The height of the image in pixels.'
) ENGINE=InnoDB DEFAULT CHARSET=utf8mb4 COMMENT='Data storage for media field field_media_image.';

--
-- Dumping data for table `media__field_media_image`
--

INSERT INTO `media__field_media_image` (`bundle`, `deleted`, `entity_id`, `revision_id`, `langcode`, `delta`, `field_media_image_target_id`, `field_media_image_alt`, `field_media_image_title`, `field_media_image_width`, `field_media_image_height`) VALUES
('image', 0, 1, 1, 'en', 0, 426, 'Icon cross', '', 64, 64),
('image', 0, 2, 2, 'en', 0, 427, 'Speech icon', '', 64, 64),
('image', 0, 3, 3, 'en', 0, 428, 'Flu virus icon', '', 64, 64),
('image', 0, 4, 4, 'en', 0, 429, 'Icon mask', '', 64, 64),
('image', 0, 5, 10, 'en', 0, 430, 'What should you know about flu (influenza)?', '', 1250, 700),
('image', 0, 6, 6, 'en', 0, 431, 'Family outing', '', 1250, 700),
('image', 0, 7, 7, 'en', 0, 432, 'Youth outing', '', 1250, 700),
('image', 0, 8, 8, 'en', 0, 433, 'Mechanic', '', 1600, 900),
('image', 0, 9, 9, 'en', 0, 434, 'Family outing', '', 1250, 700),
('image', 0, 10, 11, 'en', 0, 435, 'Mother and daughter', '', 1250, 700);

-- --------------------------------------------------------

--
-- Table structure for table `media__field_media_oembed_video`
--

CREATE TABLE `media__field_media_oembed_video` (
  `bundle` varchar(128) CHARACTER SET ascii NOT NULL DEFAULT '' COMMENT 'The field instance bundle to which this row belongs, used when deleting a field instance',
  `deleted` tinyint(4) NOT NULL DEFAULT '0' COMMENT 'A boolean indicating whether this data item has been deleted',
  `entity_id` int(10) UNSIGNED NOT NULL COMMENT 'The entity id this data is attached to',
  `revision_id` int(10) UNSIGNED NOT NULL COMMENT 'The entity revision id this data is attached to',
  `langcode` varchar(32) CHARACTER SET ascii NOT NULL DEFAULT '' COMMENT 'The language code for this data item.',
  `delta` int(10) UNSIGNED NOT NULL COMMENT 'The sequence number for this data item, used for multi-value fields',
  `field_media_oembed_video_value` varchar(255) NOT NULL
) ENGINE=InnoDB DEFAULT CHARSET=utf8mb4 COMMENT='Data storage for media field field_media_oembed_video.';

-- --------------------------------------------------------

--
-- Table structure for table `media__field_media_video_file`
--

CREATE TABLE `media__field_media_video_file` (
  `bundle` varchar(128) CHARACTER SET ascii NOT NULL DEFAULT '' COMMENT 'The field instance bundle to which this row belongs, used when deleting a field instance',
  `deleted` tinyint(4) NOT NULL DEFAULT '0' COMMENT 'A boolean indicating whether this data item has been deleted',
  `entity_id` int(10) UNSIGNED NOT NULL COMMENT 'The entity id this data is attached to',
  `revision_id` int(10) UNSIGNED NOT NULL COMMENT 'The entity revision id this data is attached to',
  `langcode` varchar(32) CHARACTER SET ascii NOT NULL DEFAULT '' COMMENT 'The language code for this data item.',
  `delta` int(10) UNSIGNED NOT NULL COMMENT 'The sequence number for this data item, used for multi-value fields',
  `field_media_video_file_target_id` int(10) UNSIGNED NOT NULL COMMENT 'The ID of the file entity.',
  `field_media_video_file_display` tinyint(3) UNSIGNED DEFAULT '1' COMMENT 'Flag to control whether this file should be displayed when viewing content.',
  `field_media_video_file_description` text COMMENT 'A description of the file.'
) ENGINE=InnoDB DEFAULT CHARSET=utf8mb4 COMMENT='Data storage for media field field_media_video_file.';

-- --------------------------------------------------------

--
-- Table structure for table `menu_link_content`
--

CREATE TABLE `menu_link_content` (
  `id` int(10) UNSIGNED NOT NULL,
  `revision_id` int(10) UNSIGNED DEFAULT NULL,
  `bundle` varchar(32) CHARACTER SET ascii NOT NULL,
  `uuid` varchar(128) CHARACTER SET ascii NOT NULL,
  `langcode` varchar(12) CHARACTER SET ascii NOT NULL
) ENGINE=InnoDB DEFAULT CHARSET=utf8mb4 COMMENT='The base table for menu_link_content entities.';

--
-- Dumping data for table `menu_link_content`
--

INSERT INTO `menu_link_content` (`id`, `revision_id`, `bundle`, `uuid`, `langcode`) VALUES
(1, 1, 'menu_link_content', '8ed7c748-eff4-4707-889d-7a3f3a8645ba', 'en'),
(2, 2, 'menu_link_content', 'b4ee88ed-394d-453e-89d2-f86047cd55e5', 'en'),
(3, 3, 'menu_link_content', 'aae34f16-d2e0-49b2-affb-c2dea3c843bb', 'en'),
(5, 5, 'menu_link_content', 'a71316bc-3cf5-4ae3-9071-1e2b410caa5b', 'en'),
(6, 6, 'menu_link_content', '5cd2f53b-4c05-42ec-b6ac-a156ef72edc2', 'en'),
(7, 7, 'menu_link_content', '784e550c-b02f-4076-a1df-32095943d787', 'en'),
(9, 9, 'menu_link_content', '812d3ded-0ec0-4884-ab60-8cd05dac52e1', 'en'),
(10, 10, 'menu_link_content', '343c3138-e255-4aca-b4d8-e9708f491310', 'en'),
(11, 11, 'menu_link_content', 'cb9e82b9-296c-47df-b876-93a3fc5696b4', 'en'),
(12, 12, 'menu_link_content', 'bdeda260-ff49-4a9b-a8d3-3abdf7975ad6', 'en');

-- --------------------------------------------------------

--
-- Table structure for table `menu_link_content_data`
--

CREATE TABLE `menu_link_content_data` (
  `id` int(10) UNSIGNED NOT NULL,
  `revision_id` int(10) UNSIGNED NOT NULL,
  `bundle` varchar(32) CHARACTER SET ascii NOT NULL,
  `langcode` varchar(12) CHARACTER SET ascii NOT NULL,
  `title` varchar(255) DEFAULT NULL,
  `description` varchar(255) DEFAULT NULL,
  `menu_name` varchar(255) CHARACTER SET ascii DEFAULT NULL,
  `link__uri` varchar(2048) DEFAULT NULL COMMENT 'The URI of the link.',
  `link__title` varchar(255) DEFAULT NULL COMMENT 'The link text.',
  `link__options` longblob COMMENT 'Serialized array of options for the link.',
  `external` tinyint(4) DEFAULT NULL,
  `rediscover` tinyint(4) DEFAULT NULL,
  `weight` int(11) DEFAULT NULL,
  `expanded` tinyint(4) DEFAULT NULL,
  `enabled` tinyint(4) NOT NULL,
  `parent` varchar(255) DEFAULT NULL,
  `changed` int(11) DEFAULT NULL,
  `default_langcode` tinyint(4) NOT NULL,
  `revision_translation_affected` tinyint(4) DEFAULT NULL
) ENGINE=InnoDB DEFAULT CHARSET=utf8mb4 COMMENT='The data table for menu_link_content entities.';

--
-- Dumping data for table `menu_link_content_data`
--

INSERT INTO `menu_link_content_data` (`id`, `revision_id`, `bundle`, `langcode`, `title`, `description`, `menu_name`, `link__uri`, `link__title`, `link__options`, `external`, `rediscover`, `weight`, `expanded`, `enabled`, `parent`, `changed`, `default_langcode`, `revision_translation_affected`) VALUES
(1, 1, 'menu_link_content', 'en', 'Privacy', NULL, 'footer', 'https://www.seqirus.com.au/privacy-statement', '', 0x613a313a7b733a31303a2261747472696275746573223b613a313a7b733a363a22746172676574223b733a363a225f626c616e6b223b7d7d, 0, 0, -48, 0, 1, NULL, 1679435755, 1, 1),
(2, 2, 'menu_link_content', 'en', 'Terms of Use', NULL, 'footer', 'https://www.seqirus.com.au/terms-of-use', '', 0x613a313a7b733a31303a2261747472696275746573223b613a313a7b733a363a22746172676574223b733a363a225f626c616e6b223b7d7d, 0, 0, -47, 0, 1, NULL, 1679435745, 1, 1),
(3, 3, 'menu_link_content', 'en', 'Book an appointment', 'Book an appointment via healthengine.com.au', 'main', 'https://healthengine.com.au/', '', 0x613a313a7b733a31303a2261747472696275746573223b613a323a7b733a353a22636c617373223b613a313a7b693a303b733a333a22686370223b7d733a363a22746172676574223b733a363a225f626c616e6b223b7d7d, 0, 0, -44, 0, 0, NULL, 1658989890, 1, 1),
(5, 5, 'menu_link_content', 'en', 'Prevention', 'Ways to protect yourself and others from flu', 'main', 'entity:node/32', '', 0x613a303a7b7d, 0, 0, -48, 0, 1, NULL, 1658879633, 1, 1),
(6, 6, 'menu_link_content', 'en', 'COVID-19 & flu', 'It is hard to know the difference between COVID-19 and flu', 'main', 'entity:node/33', '', 0x613a303a7b7d, 0, 0, -47, 0, 1, NULL, 1658879633, 1, 1),
(7, 7, 'menu_link_content', 'en', 'Resources', 'Help make sure others know about their flu protection this year', 'main', 'entity:node/34', '', 0x613a303a7b7d, 0, 0, -45, 0, 1, NULL, 1658989890, 1, 1),
(9, 9, 'menu_link_content', 'en', 'Cookie Policy', NULL, 'footer', 'entity:node/43', '', 0x613a303a7b7d, 0, 0, -49, 0, 1, NULL, 1679433207, 1, 1),
(10, 10, 'menu_link_content', 'en', 'Site Map', NULL, 'footer', 'entity:node/44', NULL, 0x613a303a7b7d, 0, 0, -50, 0, 1, NULL, 1647819659, 1, 1),
(11, 11, 'menu_link_content', 'en', 'Flu Facts', NULL, 'main', 'entity:node/57', NULL, 0x613a303a7b7d, 0, 0, -46, 0, 1, NULL, 1658989890, 1, 1),
(12, 12, 'menu_link_content', 'en', 'Getting symptoms', NULL, 'main', 'entity:node/30', NULL, 0x613a303a7b7d, 0, 0, -49, 0, 1, NULL, 1675728002, 1, 1);

-- --------------------------------------------------------

--
-- Table structure for table `menu_link_content_field_revision`
--

CREATE TABLE `menu_link_content_field_revision` (
  `id` int(10) UNSIGNED NOT NULL,
  `revision_id` int(10) UNSIGNED NOT NULL,
  `langcode` varchar(12) CHARACTER SET ascii NOT NULL,
  `title` varchar(255) DEFAULT NULL,
  `description` varchar(255) DEFAULT NULL,
  `link__uri` varchar(2048) DEFAULT NULL COMMENT 'The URI of the link.',
  `link__title` varchar(255) DEFAULT NULL COMMENT 'The link text.',
  `link__options` longblob COMMENT 'Serialized array of options for the link.',
  `external` tinyint(4) DEFAULT NULL,
  `enabled` tinyint(4) NOT NULL,
  `changed` int(11) DEFAULT NULL,
  `default_langcode` tinyint(4) NOT NULL,
  `revision_translation_affected` tinyint(4) DEFAULT NULL
) ENGINE=InnoDB DEFAULT CHARSET=utf8mb4 COMMENT='The revision data table for menu_link_content entities.';

--
-- Dumping data for table `menu_link_content_field_revision`
--

INSERT INTO `menu_link_content_field_revision` (`id`, `revision_id`, `langcode`, `title`, `description`, `link__uri`, `link__title`, `link__options`, `external`, `enabled`, `changed`, `default_langcode`, `revision_translation_affected`) VALUES
(1, 1, 'en', 'Privacy', NULL, 'https://www.seqirus.com.au/privacy-statement', '', 0x613a313a7b733a31303a2261747472696275746573223b613a313a7b733a363a22746172676574223b733a363a225f626c616e6b223b7d7d, 0, 1, 1679435755, 1, 1),
(2, 2, 'en', 'Terms of Use', NULL, 'https://www.seqirus.com.au/terms-of-use', '', 0x613a313a7b733a31303a2261747472696275746573223b613a313a7b733a363a22746172676574223b733a363a225f626c616e6b223b7d7d, 0, 1, 1679435745, 1, 1),
(3, 3, 'en', 'Book an appointment', 'Book an appointment via healthengine.com.au', 'https://healthengine.com.au/', '', 0x613a313a7b733a31303a2261747472696275746573223b613a323a7b733a353a22636c617373223b613a313a7b693a303b733a333a22686370223b7d733a363a22746172676574223b733a363a225f626c616e6b223b7d7d, 0, 0, 1658989890, 1, 1),
(5, 5, 'en', 'Prevention', 'Ways to protect yourself and others from flu', 'entity:node/32', '', 0x613a303a7b7d, 0, 1, 1658879633, 1, 1),
(6, 6, 'en', 'COVID-19 & flu', 'It is hard to know the difference between COVID-19 and flu', 'entity:node/33', '', 0x613a303a7b7d, 0, 1, 1658879633, 1, 1),
(7, 7, 'en', 'Resources', 'Help make sure others know about their flu protection this year', 'entity:node/34', '', 0x613a303a7b7d, 0, 1, 1658989890, 1, 1),
(9, 9, 'en', 'Cookie Policy', NULL, 'entity:node/43', '', 0x613a303a7b7d, 0, 1, 1679433207, 1, 1),
(10, 10, 'en', 'Site Map', NULL, 'entity:node/44', NULL, 0x613a303a7b7d, 0, 1, 1647819659, 1, 1),
(11, 11, 'en', 'Flu Facts', NULL, 'entity:node/57', NULL, 0x613a303a7b7d, 0, 1, 1658989890, 1, 1),
(12, 12, 'en', 'Getting symptoms', NULL, 'entity:node/30', NULL, 0x613a303a7b7d, 0, 1, 1675728002, 1, 1);

-- --------------------------------------------------------

--
-- Table structure for table `menu_link_content_revision`
--

CREATE TABLE `menu_link_content_revision` (
  `id` int(10) UNSIGNED NOT NULL,
  `revision_id` int(10) UNSIGNED NOT NULL,
  `langcode` varchar(12) CHARACTER SET ascii NOT NULL,
  `revision_default` tinyint(4) DEFAULT NULL,
  `revision_user` int(10) UNSIGNED DEFAULT NULL COMMENT 'The ID of the target entity.',
  `revision_created` int(11) DEFAULT NULL,
  `revision_log_message` longtext
) ENGINE=InnoDB DEFAULT CHARSET=utf8mb4 COMMENT='The revision table for menu_link_content entities.';

--
-- Dumping data for table `menu_link_content_revision`
--

INSERT INTO `menu_link_content_revision` (`id`, `revision_id`, `langcode`, `revision_default`, `revision_user`, `revision_created`, `revision_log_message`) VALUES
(1, 1, 'en', 1, NULL, NULL, NULL),
(2, 2, 'en', 1, NULL, NULL, NULL),
(3, 3, 'en', 1, NULL, 1615154957, NULL),
(5, 5, 'en', 1, NULL, 1615165215, NULL),
(6, 6, 'en', 1, NULL, 1615165513, NULL),
(7, 7, 'en', 1, NULL, 1615166924, NULL),
(9, 9, 'en', 1, NULL, 1647819338, NULL),
(10, 10, 'en', 1, NULL, 1647819575, NULL),
(11, 11, 'en', 1, NULL, 1658989867, NULL),
(12, 12, 'en', 1, NULL, 1675728002, NULL);

-- --------------------------------------------------------

--
-- Table structure for table `menu_tree`
--

CREATE TABLE `menu_tree` (
  `menu_name` varchar(32) CHARACTER SET ascii NOT NULL DEFAULT '' COMMENT 'The menu name. All links with the same menu name (such as ''tools'') are part of the same menu.',
  `mlid` int(10) UNSIGNED NOT NULL COMMENT 'The menu link ID (mlid) is the integer primary key.',
  `id` varchar(255) CHARACTER SET ascii NOT NULL COMMENT 'Unique machine name: the plugin ID.',
  `parent` varchar(255) CHARACTER SET ascii NOT NULL DEFAULT '' COMMENT 'The plugin ID for the parent of this link.',
  `route_name` varchar(255) CHARACTER SET ascii DEFAULT NULL COMMENT 'The machine name of a defined Symfony Route this menu item represents.',
  `route_param_key` varchar(255) DEFAULT NULL COMMENT 'An encoded string of route parameters for loading by route.',
  `route_parameters` longblob COMMENT 'Serialized array of route parameters of this menu link.',
  `url` varchar(255) NOT NULL DEFAULT '' COMMENT 'The external path this link points to (when not using a route).',
  `title` longblob COMMENT 'The serialized title for the link. May be a TranslatableMarkup.',
  `description` longblob COMMENT 'The serialized description of this link - used for admin pages and title attribute. May be a TranslatableMarkup.',
  `class` text COMMENT 'The class for this link plugin.',
  `options` longblob COMMENT 'A serialized array of URL options, such as a query string or HTML attributes.',
  `provider` varchar(50) CHARACTER SET ascii NOT NULL DEFAULT 'system' COMMENT 'The name of the module that generated this link.',
  `enabled` smallint(6) NOT NULL DEFAULT '1' COMMENT 'A flag for whether the link should be rendered in menus. (0 = a disabled menu item that may be shown on admin screens, 1 = a normal, visible link)',
  `discovered` smallint(6) NOT NULL DEFAULT '0' COMMENT 'A flag for whether the link was discovered, so can be purged on rebuild',
  `expanded` smallint(6) NOT NULL DEFAULT '0' COMMENT 'Flag for whether this link should be rendered as expanded in menus - expanded links always have their child links displayed, instead of only when the link is in the active trail (1 = expanded, 0 = not expanded)',
  `weight` int(11) NOT NULL DEFAULT '0' COMMENT 'Link weight among links in the same menu at the same depth.',
  `metadata` longblob COMMENT 'A serialized array of data that may be used by the plugin instance.',
  `has_children` smallint(6) NOT NULL DEFAULT '0' COMMENT 'Flag indicating whether any enabled links have this link as a parent (1 = enabled children exist, 0 = no enabled children).',
  `depth` smallint(6) NOT NULL DEFAULT '0' COMMENT 'The depth relative to the top level. A link with empty parent will have depth == 1.',
  `p1` int(10) UNSIGNED NOT NULL DEFAULT '0' COMMENT 'The first mlid in the materialized path. If N = depth, then pN must equal the mlid. If depth > 1 then p(N-1) must equal the parent link mlid. All pX where X > depth must equal zero. The columns p1 .. p9 are also called the parents.',
  `p2` int(10) UNSIGNED NOT NULL DEFAULT '0' COMMENT 'The second mlid in the materialized path. See p1.',
  `p3` int(10) UNSIGNED NOT NULL DEFAULT '0' COMMENT 'The third mlid in the materialized path. See p1.',
  `p4` int(10) UNSIGNED NOT NULL DEFAULT '0' COMMENT 'The fourth mlid in the materialized path. See p1.',
  `p5` int(10) UNSIGNED NOT NULL DEFAULT '0' COMMENT 'The fifth mlid in the materialized path. See p1.',
  `p6` int(10) UNSIGNED NOT NULL DEFAULT '0' COMMENT 'The sixth mlid in the materialized path. See p1.',
  `p7` int(10) UNSIGNED NOT NULL DEFAULT '0' COMMENT 'The seventh mlid in the materialized path. See p1.',
  `p8` int(10) UNSIGNED NOT NULL DEFAULT '0' COMMENT 'The eighth mlid in the materialized path. See p1.',
  `p9` int(10) UNSIGNED NOT NULL DEFAULT '0' COMMENT 'The ninth mlid in the materialized path. See p1.',
  `form_class` varchar(255) DEFAULT NULL COMMENT 'meh'
) ENGINE=InnoDB DEFAULT CHARSET=utf8mb4 COMMENT='Contains the menu tree hierarchy.';

--
-- Dumping data for table `menu_tree`
--

INSERT INTO `menu_tree` (`menu_name`, `mlid`, `id`, `parent`, `route_name`, `route_param_key`, `route_parameters`, `url`, `title`, `description`, `class`, `options`, `provider`, `enabled`, `discovered`, `expanded`, `weight`, `metadata`, `has_children`, `depth`, `p1`, `p2`, `p3`, `p4`, `p5`, `p6`, `p7`, `p8`, `p9`, `form_class`) VALUES
('admin', 1, 'system.admin', '', 'system.admin', '', 0x613a303a7b7d, '', 0x4f3a34383a2244727570616c5c436f72655c537472696e675472616e736c6174696f6e5c5472616e736c617461626c654d61726b7570223a333a7b733a393a22002a00737472696e67223b733a31343a2241646d696e697374726174696f6e223b733a31323a22002a00617267756d656e7473223b613a303a7b7d733a31303a22002a006f7074696f6e73223b613a303a7b7d7d, 0x733a303a22223b, 'Drupal\\Core\\Menu\\MenuLinkDefault', 0x613a303a7b7d, 'system', 1, 1, 0, 9, 0x613a303a7b7d, 1, 1, 1, 0, 0, 0, 0, 0, 0, 0, 0, 'Drupal\\Core\\Menu\\Form\\MenuLinkDefaultForm'),
('admin', 2, 'system.admin_content', 'system.admin', 'system.admin_content', '', 0x613a303a7b7d, '', 0x4f3a34383a2244727570616c5c436f72655c537472696e675472616e736c6174696f6e5c5472616e736c617461626c654d61726b7570223a333a7b733a393a22002a00737472696e67223b733a373a22436f6e74656e74223b733a31323a22002a00617267756d656e7473223b613a303a7b7d733a31303a22002a006f7074696f6e73223b613a303a7b7d7d, 0x4f3a34383a2244727570616c5c436f72655c537472696e675472616e736c6174696f6e5c5472616e736c617461626c654d61726b7570223a333a7b733a393a22002a00737472696e67223b733a32343a2246696e6420616e64206d616e61676520636f6e74656e742e223b733a31323a22002a00617267756d656e7473223b613a303a7b7d733a31303a22002a006f7074696f6e73223b613a303a7b7d7d, 'Drupal\\Core\\Menu\\MenuLinkDefault', 0x613a303a7b7d, 'system', 1, 1, 0, -10, 0x613a303a7b7d, 1, 2, 1, 2, 0, 0, 0, 0, 0, 0, 0, 'Drupal\\Core\\Menu\\Form\\MenuLinkDefaultForm'),
('admin', 3, 'system.admin_structure', 'system.admin', 'system.admin_structure', '', 0x613a303a7b7d, '', 0x4f3a34383a2244727570616c5c436f72655c537472696e675472616e736c6174696f6e5c5472616e736c617461626c654d61726b7570223a333a7b733a393a22002a00737472696e67223b733a393a22537472756374757265223b733a31323a22002a00617267756d656e7473223b613a303a7b7d733a31303a22002a006f7074696f6e73223b613a303a7b7d7d, 0x4f3a34383a2244727570616c5c436f72655c537472696e675472616e736c6174696f6e5c5472616e736c617461626c654d61726b7570223a333a7b733a393a22002a00737472696e67223b733a34353a2241646d696e697374657220626c6f636b732c20636f6e74656e742074797065732c206d656e75732c206574632e223b733a31323a22002a00617267756d656e7473223b613a303a7b7d733a31303a22002a006f7074696f6e73223b613a303a7b7d7d, 'Drupal\\Core\\Menu\\MenuLinkDefault', 0x613a303a7b7d, 'system', 1, 1, 0, -8, 0x613a303a7b7d, 1, 2, 1, 3, 0, 0, 0, 0, 0, 0, 0, 'Drupal\\Core\\Menu\\Form\\MenuLinkDefaultForm'),
('admin', 4, 'system.themes_page', 'system.admin', 'system.themes_page', '', 0x613a303a7b7d, '', 0x4f3a34383a2244727570616c5c436f72655c537472696e675472616e736c6174696f6e5c5472616e736c617461626c654d61726b7570223a333a7b733a393a22002a00737472696e67223b733a31303a22417070656172616e6365223b733a31323a22002a00617267756d656e7473223b613a303a7b7d733a31303a22002a006f7074696f6e73223b613a303a7b7d7d, 0x4f3a34383a2244727570616c5c436f72655c537472696e675472616e736c6174696f6e5c5472616e736c617461626c654d61726b7570223a333a7b733a393a22002a00737472696e67223b733a32383a2253656c65637420616e6420636f6e666967757265207468656d65732e223b733a31323a22002a00617267756d656e7473223b613a303a7b7d733a31303a22002a006f7074696f6e73223b613a303a7b7d7d, 'Drupal\\Core\\Menu\\MenuLinkDefault', 0x613a303a7b7d, 'system', 1, 1, 0, -6, 0x613a303a7b7d, 0, 2, 1, 4, 0, 0, 0, 0, 0, 0, 0, 'Drupal\\Core\\Menu\\Form\\MenuLinkDefaultForm'),
('admin', 5, 'system.modules_list', 'system.admin', 'system.modules_list', '', 0x613a303a7b7d, '', 0x4f3a34383a2244727570616c5c436f72655c537472696e675472616e736c6174696f6e5c5472616e736c617461626c654d61726b7570223a333a7b733a393a22002a00737472696e67223b733a363a22457874656e64223b733a31323a22002a00617267756d656e7473223b613a303a7b7d733a31303a22002a006f7074696f6e73223b613a303a7b7d7d, 0x4f3a34383a2244727570616c5c436f72655c537472696e675472616e736c6174696f6e5c5472616e736c617461626c654d61726b7570223a333a7b733a393a22002a00737472696e67223b733a35323a2241646420616e6420656e61626c65206d6f64756c657320746f20657874656e6420736974652066756e6374696f6e616c6974792e223b733a31323a22002a00617267756d656e7473223b613a303a7b7d733a31303a22002a006f7074696f6e73223b613a303a7b7d7d, 'Drupal\\Core\\Menu\\MenuLinkDefault', 0x613a303a7b7d, 'system', 1, 1, 0, -2, 0x613a303a7b7d, 0, 2, 1, 5, 0, 0, 0, 0, 0, 0, 0, 'Drupal\\Core\\Menu\\Form\\MenuLinkDefaultForm'),
('admin', 6, 'system.admin_config', 'system.admin', 'system.admin_config', '', 0x613a303a7b7d, '', 0x4f3a34383a2244727570616c5c436f72655c537472696e675472616e736c6174696f6e5c5472616e736c617461626c654d61726b7570223a333a7b733a393a22002a00737472696e67223b733a31333a22436f6e66696775726174696f6e223b733a31323a22002a00617267756d656e7473223b613a303a7b7d733a31303a22002a006f7074696f6e73223b613a303a7b7d7d, 0x4f3a34383a2244727570616c5c436f72655c537472696e675472616e736c6174696f6e5c5472616e736c617461626c654d61726b7570223a333a7b733a393a22002a00737472696e67223b733a32303a2241646d696e69737465722073657474696e67732e223b733a31323a22002a00617267756d656e7473223b613a303a7b7d733a31303a22002a006f7074696f6e73223b613a303a7b7d7d, 'Drupal\\Core\\Menu\\MenuLinkDefault', 0x613a303a7b7d, 'system', 1, 1, 0, 0, 0x613a303a7b7d, 1, 2, 1, 6, 0, 0, 0, 0, 0, 0, 0, 'Drupal\\Core\\Menu\\Form\\MenuLinkDefaultForm'),
('admin', 7, 'system.admin_config_media', 'system.admin_config', 'system.admin_config_media', '', 0x613a303a7b7d, '', 0x4f3a34383a2244727570616c5c436f72655c537472696e675472616e736c6174696f6e5c5472616e736c617461626c654d61726b7570223a333a7b733a393a22002a00737472696e67223b733a353a224d65646961223b733a31323a22002a00617267756d656e7473223b613a303a7b7d733a31303a22002a006f7074696f6e73223b613a303a7b7d7d, 0x733a303a22223b, 'Drupal\\Core\\Menu\\MenuLinkDefault', 0x613a303a7b7d, 'system', 1, 1, 0, -10, 0x613a303a7b7d, 1, 3, 1, 6, 7, 0, 0, 0, 0, 0, 0, 'Drupal\\Core\\Menu\\Form\\MenuLinkDefaultForm'),
('admin', 8, 'system.file_system_settings', 'system.admin_config_media', 'system.file_system_settings', '', 0x613a303a7b7d, '', 0x4f3a34383a2244727570616c5c436f72655c537472696e675472616e736c6174696f6e5c5472616e736c617461626c654d61726b7570223a333a7b733a393a22002a00737472696e67223b733a31313a2246696c652073797374656d223b733a31323a22002a00617267756d656e7473223b613a303a7b7d733a31303a22002a006f7074696f6e73223b613a303a7b7d7d, 0x4f3a34383a2244727570616c5c436f72655c537472696e675472616e736c6174696f6e5c5472616e736c617461626c654d61726b7570223a333a7b733a393a22002a00737472696e67223b733a36373a22436f6e66696775726520746865206c6f636174696f6e206f662075706c6f616465642066696c657320616e6420686f772074686579206172652061636365737365642e223b733a31323a22002a00617267756d656e7473223b613a303a7b7d733a31303a22002a006f7074696f6e73223b613a303a7b7d7d, 'Drupal\\Core\\Menu\\MenuLinkDefault', 0x613a303a7b7d, 'system', 1, 1, 0, 0, 0x613a303a7b7d, 0, 4, 1, 6, 7, 8, 0, 0, 0, 0, 0, 'Drupal\\Core\\Menu\\Form\\MenuLinkDefaultForm'),
('admin', 9, 'system.image_toolkit_settings', 'system.admin_config_media', 'system.image_toolkit_settings', '', 0x613a303a7b7d, '', 0x4f3a34383a2244727570616c5c436f72655c537472696e675472616e736c6174696f6e5c5472616e736c617461626c654d61726b7570223a333a7b733a393a22002a00737472696e67223b733a31333a22496d61676520746f6f6c6b6974223b733a31323a22002a00617267756d656e7473223b613a303a7b7d733a31303a22002a006f7074696f6e73223b613a303a7b7d7d, 0x4f3a34383a2244727570616c5c436f72655c537472696e675472616e736c6174696f6e5c5472616e736c617461626c654d61726b7570223a333a7b733a393a22002a00737472696e67223b733a37343a2243686f6f736520776869636820696d61676520746f6f6c6b697420746f2075736520696620796f75206861766520696e7374616c6c6564206f7074696f6e616c20746f6f6c6b6974732e223b733a31323a22002a00617267756d656e7473223b613a303a7b7d733a31303a22002a006f7074696f6e73223b613a303a7b7d7d, 'Drupal\\Core\\Menu\\MenuLinkDefault', 0x613a303a7b7d, 'system', 1, 1, 0, 20, 0x613a303a7b7d, 0, 4, 1, 6, 7, 9, 0, 0, 0, 0, 0, 'Drupal\\Core\\Menu\\Form\\MenuLinkDefaultForm'),
('admin', 10, 'system.admin_config_services', 'system.admin_config', 'system.admin_config_services', '', 0x613a303a7b7d, '', 0x4f3a34383a2244727570616c5c436f72655c537472696e675472616e736c6174696f6e5c5472616e736c617461626c654d61726b7570223a333a7b733a393a22002a00737472696e67223b733a31323a22576562207365727669636573223b733a31323a22002a00617267756d656e7473223b613a303a7b7d733a31303a22002a006f7074696f6e73223b613a303a7b7d7d, 0x733a303a22223b, 'Drupal\\Core\\Menu\\MenuLinkDefault', 0x613a303a7b7d, 'system', 1, 1, 0, 0, 0x613a303a7b7d, 1, 3, 1, 6, 10, 0, 0, 0, 0, 0, 0, 'Drupal\\Core\\Menu\\Form\\MenuLinkDefaultForm'),
('admin', 11, 'system.rss_feeds_settings', 'system.admin_config_services', 'system.rss_feeds_settings', '', 0x613a303a7b7d, '', 0x4f3a34383a2244727570616c5c436f72655c537472696e675472616e736c6174696f6e5c5472616e736c617461626c654d61726b7570223a333a7b733a393a22002a00737472696e67223b733a31343a22525353207075626c697368696e67223b733a31323a22002a00617267756d656e7473223b613a303a7b7d733a31303a22002a006f7074696f6e73223b613a303a7b7d7d, 0x4f3a34383a2244727570616c5c436f72655c537472696e675472616e736c6174696f6e5c5472616e736c617461626c654d61726b7570223a333a7b733a393a22002a00737472696e67223b733a3131353a22436f6e666967757265207468652073697465206465736372697074696f6e2c20746865206e756d626572206f66206974656d732070657220666565642c20616e6420776865746865722066656564732073686f756c64206265207469746c65732f746561736572732f66756c6c2d746578742e223b733a31323a22002a00617267756d656e7473223b613a303a7b7d733a31303a22002a006f7074696f6e73223b613a303a7b7d7d, 'Drupal\\Core\\Menu\\MenuLinkDefault', 0x613a303a7b7d, 'system', 1, 1, 0, 0, 0x613a303a7b7d, 0, 4, 1, 6, 10, 11, 0, 0, 0, 0, 0, 'Drupal\\Core\\Menu\\Form\\MenuLinkDefaultForm'),
('admin', 12, 'system.admin_config_development', 'system.admin_config', 'system.admin_config_development', '', 0x613a303a7b7d, '', 0x4f3a34383a2244727570616c5c436f72655c537472696e675472616e736c6174696f6e5c5472616e736c617461626c654d61726b7570223a333a7b733a393a22002a00737472696e67223b733a31313a22446576656c6f706d656e74223b733a31323a22002a00617267756d656e7473223b613a303a7b7d733a31303a22002a006f7074696f6e73223b613a303a7b7d7d, 0x4f3a34383a2244727570616c5c436f72655c537472696e675472616e736c6174696f6e5c5472616e736c617461626c654d61726b7570223a333a7b733a393a22002a00737472696e67223b733a33363a22436f6e66696775726520616e642075736520646576656c6f706d656e7420746f6f6c732e223b733a31323a22002a00617267756d656e7473223b613a303a7b7d733a31303a22002a006f7074696f6e73223b613a303a7b7d7d, 'Drupal\\Core\\Menu\\MenuLinkDefault', 0x613a303a7b7d, 'system', 1, 1, 0, -10, 0x613a303a7b7d, 1, 3, 1, 6, 12, 0, 0, 0, 0, 0, 0, 'Drupal\\Core\\Menu\\Form\\MenuLinkDefaultForm'),
('admin', 13, 'system.site_maintenance_mode', 'system.admin_config_development', 'system.site_maintenance_mode', '', 0x613a303a7b7d, '', 0x4f3a34383a2244727570616c5c436f72655c537472696e675472616e736c6174696f6e5c5472616e736c617461626c654d61726b7570223a333a7b733a393a22002a00737472696e67223b733a31363a224d61696e74656e616e6365206d6f6465223b733a31323a22002a00617267756d656e7473223b613a303a7b7d733a31303a22002a006f7074696f6e73223b613a303a7b7d7d, 0x4f3a34383a2244727570616c5c436f72655c537472696e675472616e736c6174696f6e5c5472616e736c617461626c654d61726b7570223a333a7b733a393a22002a00737472696e67223b733a36323a2254616b65207468652073697465206f66666c696e6520666f72207570646174657320616e64206f74686572206d61696e74656e616e6365207461736b732e223b733a31323a22002a00617267756d656e7473223b613a303a7b7d733a31303a22002a006f7074696f6e73223b613a303a7b7d7d, 'Drupal\\Core\\Menu\\MenuLinkDefault', 0x613a303a7b7d, 'system', 1, 1, 0, -10, 0x613a303a7b7d, 0, 4, 1, 6, 12, 13, 0, 0, 0, 0, 0, 'Drupal\\Core\\Menu\\Form\\MenuLinkDefaultForm'),
('admin', 14, 'system.performance_settings', 'system.admin_config_development', 'system.performance_settings', '', 0x613a303a7b7d, '', 0x4f3a34383a2244727570616c5c436f72655c537472696e675472616e736c6174696f6e5c5472616e736c617461626c654d61726b7570223a333a7b733a393a22002a00737472696e67223b733a31313a22506572666f726d616e6365223b733a31323a22002a00617267756d656e7473223b613a303a7b7d733a31303a22002a006f7074696f6e73223b613a303a7b7d7d, 0x4f3a34383a2244727570616c5c436f72655c537472696e675472616e736c6174696f6e5c5472616e736c617461626c654d61726b7570223a333a7b733a393a22002a00737472696e67223b733a34353a22436f6e6669677572652063616368696e6720616e642062616e647769647468206f7074696d697a6174696f6e2e223b733a31323a22002a00617267756d656e7473223b613a303a7b7d733a31303a22002a006f7074696f6e73223b613a303a7b7d7d, 'Drupal\\Core\\Menu\\MenuLinkDefault', 0x613a303a7b7d, 'system', 1, 1, 0, -20, 0x613a303a7b7d, 1, 4, 1, 6, 12, 14, 0, 0, 0, 0, 0, 'Drupal\\Core\\Menu\\Form\\MenuLinkDefaultForm'),
('admin', 15, 'system.logging_settings', 'system.admin_config_development', 'system.logging_settings', '', 0x613a303a7b7d, '', 0x4f3a34383a2244727570616c5c436f72655c537472696e675472616e736c6174696f6e5c5472616e736c617461626c654d61726b7570223a333a7b733a393a22002a00737472696e67223b733a31383a224c6f6767696e6720616e64206572726f7273223b733a31323a22002a00617267756d656e7473223b613a303a7b7d733a31303a22002a006f7074696f6e73223b613a303a7b7d7d, 0x4f3a34383a2244727570616c5c436f72655c537472696e675472616e736c6174696f6e5c5472616e736c617461626c654d61726b7570223a333a7b733a393a22002a00737472696e67223b733a36313a22436f6e6669677572652074686520646973706c6179206f66206572726f72206d6573736167657320616e64206461746162617365206c6f6767696e672e223b733a31323a22002a00617267756d656e7473223b613a303a7b7d733a31303a22002a006f7074696f6e73223b613a303a7b7d7d, 'Drupal\\Core\\Menu\\MenuLinkDefault', 0x613a303a7b7d, 'system', 1, 1, 0, -15, 0x613a303a7b7d, 0, 4, 1, 6, 12, 15, 0, 0, 0, 0, 0, 'Drupal\\Core\\Menu\\Form\\MenuLinkDefaultForm'),
('admin', 16, 'system.admin_config_regional', 'system.admin_config', 'system.admin_config_regional', '', 0x613a303a7b7d, '', 0x4f3a34383a2244727570616c5c436f72655c537472696e675472616e736c6174696f6e5c5472616e736c617461626c654d61726b7570223a333a7b733a393a22002a00737472696e67223b733a32313a22526567696f6e616c20616e64206c616e6775616765223b733a31323a22002a00617267756d656e7473223b613a303a7b7d733a31303a22002a006f7074696f6e73223b613a303a7b7d7d, 0x4f3a34383a2244727570616c5c436f72655c537472696e675472616e736c6174696f6e5c5472616e736c617461626c654d61726b7570223a333a7b733a393a22002a00737472696e67223b733a35393a22436f6e66696775726520726567696f6e616c2073657474696e67732c206c6f63616c697a6174696f6e2c20616e64207472616e736c6174696f6e2e223b733a31323a22002a00617267756d656e7473223b613a303a7b7d733a31303a22002a006f7074696f6e73223b613a303a7b7d7d, 'Drupal\\Core\\Menu\\MenuLinkDefault', 0x613a303a7b7d, 'system', 1, 1, 0, -5, 0x613a303a7b7d, 1, 3, 1, 6, 16, 0, 0, 0, 0, 0, 0, 'Drupal\\Core\\Menu\\Form\\MenuLinkDefaultForm'),
('admin', 17, 'system.regional_settings', 'system.admin_config_regional', 'system.regional_settings', '', 0x613a303a7b7d, '', 0x4f3a34383a2244727570616c5c436f72655c537472696e675472616e736c6174696f6e5c5472616e736c617461626c654d61726b7570223a333a7b733a393a22002a00737472696e67223b733a31373a22526567696f6e616c2073657474696e6773223b733a31323a22002a00617267756d656e7473223b613a303a7b7d733a31303a22002a006f7074696f6e73223b613a303a7b7d7d, 0x4f3a34383a2244727570616c5c436f72655c537472696e675472616e736c6174696f6e5c5472616e736c617461626c654d61726b7570223a333a7b733a393a22002a00737472696e67223b733a34333a22436f6e66696775726520746865206c6f63616c6520616e642074696d657a6f6e652073657474696e67732e223b733a31323a22002a00617267756d656e7473223b613a303a7b7d733a31303a22002a006f7074696f6e73223b613a303a7b7d7d, 'Drupal\\Core\\Menu\\MenuLinkDefault', 0x613a303a7b7d, 'system', 1, 1, 0, -20, 0x613a303a7b7d, 0, 4, 1, 6, 16, 17, 0, 0, 0, 0, 0, 'Drupal\\Core\\Menu\\Form\\MenuLinkDefaultForm'),
('admin', 18, 'entity.date_format.collection', 'system.admin_config_regional', 'entity.date_format.collection', '', 0x613a303a7b7d, '', 0x4f3a34383a2244727570616c5c436f72655c537472696e675472616e736c6174696f6e5c5472616e736c617461626c654d61726b7570223a333a7b733a393a22002a00737472696e67223b733a32313a224461746520616e642074696d6520666f726d617473223b733a31323a22002a00617267756d656e7473223b613a303a7b7d733a31303a22002a006f7074696f6e73223b613a303a7b7d7d, 0x4f3a34383a2244727570616c5c436f72655c537472696e675472616e736c6174696f6e5c5472616e736c617461626c654d61726b7570223a333a7b733a393a22002a00737472696e67223b733a34343a22436f6e66696775726520686f7720646174657320616e642074696d65732061726520646973706c617965642e223b733a31323a22002a00617267756d656e7473223b613a303a7b7d733a31303a22002a006f7074696f6e73223b613a303a7b7d7d, 'Drupal\\Core\\Menu\\MenuLinkDefault', 0x613a303a7b7d, 'system', 1, 1, 0, -9, 0x613a303a7b7d, 0, 4, 1, 6, 16, 18, 0, 0, 0, 0, 0, 'Drupal\\Core\\Menu\\Form\\MenuLinkDefaultForm'),
('admin', 19, 'system.admin_config_search', 'system.admin_config', 'system.admin_config_search', '', 0x613a303a7b7d, '', 0x4f3a34383a2244727570616c5c436f72655c537472696e675472616e736c6174696f6e5c5472616e736c617461626c654d61726b7570223a333a7b733a393a22002a00737472696e67223b733a31393a2253656172636820616e64206d65746164617461223b733a31323a22002a00617267756d656e7473223b613a303a7b7d733a31303a22002a006f7074696f6e73223b613a303a7b7d7d, 0x4f3a34383a2244727570616c5c436f72655c537472696e675472616e736c6174696f6e5c5472616e736c617461626c654d61726b7570223a333a7b733a393a22002a00737472696e67223b733a36343a22436f6e6669677572652073697465207365617263682c206d657461646174612c20616e642073656172636820656e67696e65206f7074696d697a6174696f6e2e223b733a31323a22002a00617267756d656e7473223b613a303a7b7d733a31303a22002a006f7074696f6e73223b613a303a7b7d7d, 'Drupal\\Core\\Menu\\MenuLinkDefault', 0x613a303a7b7d, 'system', 1, 1, 0, -10, 0x613a303a7b7d, 1, 3, 1, 6, 19, 0, 0, 0, 0, 0, 0, 'Drupal\\Core\\Menu\\Form\\MenuLinkDefaultForm'),
('admin', 20, 'system.admin_config_system', 'system.admin_config', 'system.admin_config_system', '', 0x613a303a7b7d, '', 0x4f3a34383a2244727570616c5c436f72655c537472696e675472616e736c6174696f6e5c5472616e736c617461626c654d61726b7570223a333a7b733a393a22002a00737472696e67223b733a363a2253797374656d223b733a31323a22002a00617267756d656e7473223b613a303a7b7d733a31303a22002a006f7074696f6e73223b613a303a7b7d7d, 0x4f3a34383a2244727570616c5c436f72655c537472696e675472616e736c6174696f6e5c5472616e736c617461626c654d61726b7570223a333a7b733a393a22002a00737472696e67223b733a34393a22436f6e66696775726520626173696320736974652073657474696e67732c20616374696f6e732c20616e642063726f6e2e223b733a31323a22002a00617267756d656e7473223b613a303a7b7d733a31303a22002a006f7074696f6e73223b613a303a7b7d7d, 'Drupal\\Core\\Menu\\MenuLinkDefault', 0x613a303a7b7d, 'system', 1, 1, 0, -20, 0x613a303a7b7d, 1, 3, 1, 6, 20, 0, 0, 0, 0, 0, 0, 'Drupal\\Core\\Menu\\Form\\MenuLinkDefaultForm'),
('admin', 21, 'system.site_information_settings', 'system.admin_config_system', 'system.site_information_settings', '', 0x613a303a7b7d, '', 0x4f3a34383a2244727570616c5c436f72655c537472696e675472616e736c6174696f6e5c5472616e736c617461626c654d61726b7570223a333a7b733a393a22002a00737472696e67223b733a31393a22426173696320736974652073657474696e6773223b733a31323a22002a00617267756d656e7473223b613a303a7b7d733a31303a22002a006f7074696f6e73223b613a303a7b7d7d, 0x4f3a34383a2244727570616c5c436f72655c537472696e675472616e736c6174696f6e5c5472616e736c617461626c654d61726b7570223a333a7b733a393a22002a00737472696e67223b733a37373a224368616e67652073697465206e616d652c20656d61696c20616464726573732c20736c6f67616e2c2064656661756c742066726f6e7420706167652c20616e64206572726f722070616765732e223b733a31323a22002a00617267756d656e7473223b613a303a7b7d733a31303a22002a006f7074696f6e73223b613a303a7b7d7d, 'Drupal\\Core\\Menu\\MenuLinkDefault', 0x613a303a7b7d, 'system', 1, 1, 0, -20, 0x613a303a7b7d, 0, 4, 1, 6, 20, 21, 0, 0, 0, 0, 0, 'Drupal\\Core\\Menu\\Form\\MenuLinkDefaultForm'),
('admin', 22, 'system.cron_settings', 'system.admin_config_system', 'system.cron_settings', '', 0x613a303a7b7d, '', 0x4f3a34383a2244727570616c5c436f72655c537472696e675472616e736c6174696f6e5c5472616e736c617461626c654d61726b7570223a333a7b733a393a22002a00737472696e67223b733a343a2243726f6e223b733a31323a22002a00617267756d656e7473223b613a303a7b7d733a31303a22002a006f7074696f6e73223b613a303a7b7d7d, 0x4f3a34383a2244727570616c5c436f72655c537472696e675472616e736c6174696f6e5c5472616e736c617461626c654d61726b7570223a333a7b733a393a22002a00737472696e67223b733a34303a224d616e616765206175746f6d617469632073697465206d61696e74656e616e6365207461736b732e223b733a31323a22002a00617267756d656e7473223b613a303a7b7d733a31303a22002a006f7074696f6e73223b613a303a7b7d7d, 'Drupal\\Core\\Menu\\MenuLinkDefault', 0x613a303a7b7d, 'system', 1, 1, 0, 20, 0x613a303a7b7d, 0, 4, 1, 6, 20, 22, 0, 0, 0, 0, 0, 'Drupal\\Core\\Menu\\Form\\MenuLinkDefaultForm'),
('admin', 23, 'system.admin_config_ui', 'system.admin_config', 'system.admin_config_ui', '', 0x613a303a7b7d, '', 0x4f3a34383a2244727570616c5c436f72655c537472696e675472616e736c6174696f6e5c5472616e736c617461626c654d61726b7570223a333a7b733a393a22002a00737472696e67223b733a31343a225573657220696e74657266616365223b733a31323a22002a00617267756d656e7473223b613a303a7b7d733a31303a22002a006f7074696f6e73223b613a303a7b7d7d, 0x4f3a34383a2244727570616c5c436f72655c537472696e675472616e736c6174696f6e5c5472616e736c617461626c654d61726b7570223a333a7b733a393a22002a00737472696e67223b733a34343a22436f6e666967757265207468652061646d696e697374726174697665207573657220696e746572666163652e223b733a31323a22002a00617267756d656e7473223b613a303a7b7d733a31303a22002a006f7074696f6e73223b613a303a7b7d7d, 'Drupal\\Core\\Menu\\MenuLinkDefault', 0x613a303a7b7d, 'system', 1, 1, 0, -15, 0x613a303a7b7d, 1, 3, 1, 6, 23, 0, 0, 0, 0, 0, 0, 'Drupal\\Core\\Menu\\Form\\MenuLinkDefaultForm'),
('admin', 24, 'system.admin_config_workflow', 'system.admin_config', 'system.admin_config_workflow', '', 0x613a303a7b7d, '', 0x4f3a34383a2244727570616c5c436f72655c537472696e675472616e736c6174696f6e5c5472616e736c617461626c654d61726b7570223a333a7b733a393a22002a00737472696e67223b733a383a22576f726b666c6f77223b733a31323a22002a00617267756d656e7473223b613a303a7b7d733a31303a22002a006f7074696f6e73223b613a303a7b7d7d, 0x4f3a34383a2244727570616c5c436f72655c537472696e675472616e736c6174696f6e5c5472616e736c617461626c654d61726b7570223a333a7b733a393a22002a00737472696e67223b733a32383a224d616e6167652074686520636f6e74656e7420776f726b666c6f772e223b733a31323a22002a00617267756d656e7473223b613a303a7b7d733a31303a22002a006f7074696f6e73223b613a303a7b7d7d, 'Drupal\\Core\\Menu\\MenuLinkDefault', 0x613a303a7b7d, 'system', 1, 1, 0, 5, 0x613a303a7b7d, 1, 3, 1, 6, 24, 0, 0, 0, 0, 0, 0, 'Drupal\\Core\\Menu\\Form\\MenuLinkDefaultForm'),
('admin', 25, 'system.admin_config_content', 'system.admin_config', 'system.admin_config_content', '', 0x613a303a7b7d, '', 0x4f3a34383a2244727570616c5c436f72655c537472696e675472616e736c6174696f6e5c5472616e736c617461626c654d61726b7570223a333a7b733a393a22002a00737472696e67223b733a31373a22436f6e74656e7420617574686f72696e67223b733a31323a22002a00617267756d656e7473223b613a303a7b7d733a31303a22002a006f7074696f6e73223b613a303a7b7d7d, 0x4f3a34383a2244727570616c5c436f72655c537472696e675472616e736c6174696f6e5c5472616e736c617461626c654d61726b7570223a333a7b733a393a22002a00737472696e67223b733a34333a22436f6e66696775726520636f6e74656e7420666f726d617474696e6720616e6420617574686f72696e672e223b733a31323a22002a00617267756d656e7473223b613a303a7b7d733a31303a22002a006f7074696f6e73223b613a303a7b7d7d, 'Drupal\\Core\\Menu\\MenuLinkDefault', 0x613a303a7b7d, 'system', 1, 1, 0, -15, 0x613a303a7b7d, 1, 3, 1, 6, 25, 0, 0, 0, 0, 0, 0, 'Drupal\\Core\\Menu\\Form\\MenuLinkDefaultForm'),
('admin', 26, 'system.admin_reports', 'system.admin', 'system.admin_reports', '', 0x613a303a7b7d, '', 0x4f3a34383a2244727570616c5c436f72655c537472696e675472616e736c6174696f6e5c5472616e736c617461626c654d61726b7570223a333a7b733a393a22002a00737472696e67223b733a373a225265706f727473223b733a31323a22002a00617267756d656e7473223b613a303a7b7d733a31303a22002a006f7074696f6e73223b613a303a7b7d7d, 0x4f3a34383a2244727570616c5c436f72655c537472696e675472616e736c6174696f6e5c5472616e736c617461626c654d61726b7570223a333a7b733a393a22002a00737472696e67223b733a33343a2256696577207265706f7274732c20757064617465732c20616e64206572726f72732e223b733a31323a22002a00617267756d656e7473223b613a303a7b7d733a31303a22002a006f7074696f6e73223b613a303a7b7d7d, 'Drupal\\Core\\Menu\\MenuLinkDefault', 0x613a303a7b7d, 'system', 1, 1, 0, 5, 0x613a303a7b7d, 1, 2, 1, 26, 0, 0, 0, 0, 0, 0, 0, 'Drupal\\Core\\Menu\\Form\\MenuLinkDefaultForm'),
('admin', 27, 'system.status', 'system.admin_reports', 'system.status', '', 0x613a303a7b7d, '', 0x4f3a34383a2244727570616c5c436f72655c537472696e675472616e736c6174696f6e5c5472616e736c617461626c654d61726b7570223a333a7b733a393a22002a00737472696e67223b733a31333a22537461747573207265706f7274223b733a31323a22002a00617267756d656e7473223b613a303a7b7d733a31303a22002a006f7074696f6e73223b613a303a7b7d7d, 0x4f3a34383a2244727570616c5c436f72655c537472696e675472616e736c6174696f6e5c5472616e736c617461626c654d61726b7570223a333a7b733a393a22002a00737472696e67223b733a34383a22476574206120737461747573207265706f72742061626f757420796f757220736974652773206f7065726174696f6e2e223b733a31323a22002a00617267756d656e7473223b613a303a7b7d733a31303a22002a006f7074696f6e73223b613a303a7b7d7d, 'Drupal\\Core\\Menu\\MenuLinkDefault', 0x613a303a7b7d, 'system', 1, 1, 0, -60, 0x613a303a7b7d, 0, 3, 1, 26, 27, 0, 0, 0, 0, 0, 0, 'Drupal\\Core\\Menu\\Form\\MenuLinkDefaultForm'),
('admin', 28, 'user.admin_index', 'system.admin_config', 'user.admin_index', '', 0x613a303a7b7d, '', 0x4f3a34383a2244727570616c5c436f72655c537472696e675472616e736c6174696f6e5c5472616e736c617461626c654d61726b7570223a333a7b733a393a22002a00737472696e67223b733a363a2250656f706c65223b733a31323a22002a00617267756d656e7473223b613a303a7b7d733a31303a22002a006f7074696f6e73223b613a303a7b7d7d, 0x4f3a34383a2244727570616c5c436f72655c537472696e675472616e736c6174696f6e5c5472616e736c617461626c654d61726b7570223a333a7b733a393a22002a00737472696e67223b733a32343a22436f6e6669677572652075736572206163636f756e74732e223b733a31323a22002a00617267756d656e7473223b613a303a7b7d733a31303a22002a006f7074696f6e73223b613a303a7b7d7d, 'Drupal\\Core\\Menu\\MenuLinkDefault', 0x613a303a7b7d, 'user', 1, 1, 0, -20, 0x613a303a7b7d, 1, 3, 1, 6, 28, 0, 0, 0, 0, 0, 0, 'Drupal\\Core\\Menu\\Form\\MenuLinkDefaultForm'),
('admin', 29, 'entity.user.admin_form', 'user.admin_index', 'entity.user.admin_form', '', 0x613a303a7b7d, '', 0x4f3a34383a2244727570616c5c436f72655c537472696e675472616e736c6174696f6e5c5472616e736c617461626c654d61726b7570223a333a7b733a393a22002a00737472696e67223b733a31363a224163636f756e742073657474696e6773223b733a31323a22002a00617267756d656e7473223b613a303a7b7d733a31303a22002a006f7074696f6e73223b613a303a7b7d7d, 0x4f3a34383a2244727570616c5c436f72655c537472696e675472616e736c6174696f6e5c5472616e736c617461626c654d61726b7570223a333a7b733a393a22002a00737472696e67223b733a3130353a22436f6e6669677572652064656661756c742075736572206163636f756e742073657474696e67732c20696e636c7564696e67206669656c64732c20726567697374726174696f6e20726571756972656d656e74732c20616e6420656d61696c206d657373616765732e223b733a31323a22002a00617267756d656e7473223b613a303a7b7d733a31303a22002a006f7074696f6e73223b613a303a7b7d7d, 'Drupal\\Core\\Menu\\MenuLinkDefault', 0x613a303a7b7d, 'user', 1, 1, 0, -10, 0x613a303a7b7d, 0, 4, 1, 6, 28, 29, 0, 0, 0, 0, 0, 'Drupal\\Core\\Menu\\Form\\MenuLinkDefaultForm'),
('admin', 30, 'entity.user.collection', 'system.admin', 'entity.user.collection', '', 0x613a303a7b7d, '', 0x4f3a34383a2244727570616c5c436f72655c537472696e675472616e736c6174696f6e5c5472616e736c617461626c654d61726b7570223a333a7b733a393a22002a00737472696e67223b733a363a2250656f706c65223b733a31323a22002a00617267756d656e7473223b613a303a7b7d733a31303a22002a006f7074696f6e73223b613a303a7b7d7d, 0x4f3a34383a2244727570616c5c436f72655c537472696e675472616e736c6174696f6e5c5472616e736c617461626c654d61726b7570223a333a7b733a393a22002a00737472696e67223b733a34353a224d616e6167652075736572206163636f756e74732c20726f6c65732c20616e64207065726d697373696f6e732e223b733a31323a22002a00617267756d656e7473223b613a303a7b7d733a31303a22002a006f7074696f6e73223b613a303a7b7d7d, 'Drupal\\Core\\Menu\\MenuLinkDefault', 0x613a303a7b7d, 'user', 1, 1, 0, 4, 0x613a303a7b7d, 0, 2, 1, 30, 0, 0, 0, 0, 0, 0, 0, 'Drupal\\Core\\Menu\\Form\\MenuLinkDefaultForm'),
('account', 31, 'user.page', '', 'user.page', '', 0x613a303a7b7d, '', 0x4f3a34383a2244727570616c5c436f72655c537472696e675472616e736c6174696f6e5c5472616e736c617461626c654d61726b7570223a333a7b733a393a22002a00737472696e67223b733a31303a224d79206163636f756e74223b733a31323a22002a00617267756d656e7473223b613a303a7b7d733a31303a22002a006f7074696f6e73223b613a303a7b7d7d, 0x733a303a22223b, 'Drupal\\Core\\Menu\\MenuLinkDefault', 0x613a303a7b7d, 'user', 1, 1, 0, -10, 0x613a303a7b7d, 0, 1, 31, 0, 0, 0, 0, 0, 0, 0, 0, 'Drupal\\Core\\Menu\\Form\\MenuLinkDefaultForm'),
('account', 32, 'user.logout', '', '', '', 0x613a303a7b7d, '', 0x733a303a22223b, 0x733a303a22223b, 'Drupal\\user\\Plugin\\Menu\\LoginLogoutMenuLink', 0x613a303a7b7d, 'user', 1, 1, 0, 10, 0x613a303a7b7d, 0, 1, 32, 0, 0, 0, 0, 0, 0, 0, 0, 'Drupal\\Core\\Menu\\Form\\MenuLinkDefaultForm'),
('main', 33, 'standard.front_page', '', '<front>', '', 0x613a303a7b7d, '', 0x4f3a34383a2244727570616c5c436f72655c537472696e675472616e736c6174696f6e5c5472616e736c617461626c654d61726b7570223a333a7b733a393a22002a00737472696e67223b733a343a22486f6d65223b733a31323a22002a00617267756d656e7473223b613a303a7b7d733a31303a22002a006f7074696f6e73223b613a303a7b7d7d, 0x733a303a22223b, 'Drupal\\Core\\Menu\\MenuLinkDefault', 0x613a303a7b7d, 'standard', 1, 1, 0, -50, 0x613a303a7b7d, 0, 1, 33, 0, 0, 0, 0, 0, 0, 0, 0, 'Drupal\\Core\\Menu\\Form\\MenuLinkDefaultForm'),
('admin', 34, 'filter.admin_overview', 'system.admin_config_content', 'filter.admin_overview', '', 0x613a303a7b7d, '', 0x4f3a34383a2244727570616c5c436f72655c537472696e675472616e736c6174696f6e5c5472616e736c617461626c654d61726b7570223a333a7b733a393a22002a00737472696e67223b733a32343a225465787420666f726d61747320616e6420656469746f7273223b733a31323a22002a00617267756d656e7473223b613a303a7b7d733a31303a22002a006f7074696f6e73223b613a303a7b7d7d, 0x4f3a34383a2244727570616c5c436f72655c537472696e675472616e736c6174696f6e5c5472616e736c617461626c654d61726b7570223a333a7b733a393a22002a00737472696e67223b733a37383a2253656c65637420616e6420636f6e666967757265207465787420656469746f72732c20616e6420686f7720636f6e74656e742069732066696c7465726564207768656e20646973706c617965642e223b733a31323a22002a00617267756d656e7473223b613a303a7b7d733a31303a22002a006f7074696f6e73223b613a303a7b7d7d, 'Drupal\\Core\\Menu\\MenuLinkDefault', 0x613a303a7b7d, 'filter', 1, 1, 0, 0, 0x613a303a7b7d, 0, 4, 1, 6, 25, 34, 0, 0, 0, 0, 0, 'Drupal\\Core\\Menu\\Form\\MenuLinkDefaultForm'),
('tools', 35, 'filter.tips_all', '', 'filter.tips_all', '', 0x613a303a7b7d, '', 0x4f3a34383a2244727570616c5c436f72655c537472696e675472616e736c6174696f6e5c5472616e736c617461626c654d61726b7570223a333a7b733a393a22002a00737472696e67223b733a31323a22436f6d706f73652074697073223b733a31323a22002a00617267756d656e7473223b613a303a7b7d733a31303a22002a006f7074696f6e73223b613a303a7b7d7d, 0x733a303a22223b, 'Drupal\\Core\\Menu\\MenuLinkDefault', 0x613a303a7b7d, 'filter', 0, 1, 0, 0, 0x613a303a7b7d, 0, 1, 35, 0, 0, 0, 0, 0, 0, 0, 0, 'Drupal\\Core\\Menu\\Form\\MenuLinkDefaultForm'),
('admin', 36, 'block.admin_display', 'system.admin_structure', 'block.admin_display', '', 0x613a303a7b7d, '', 0x4f3a34383a2244727570616c5c436f72655c537472696e675472616e736c6174696f6e5c5472616e736c617461626c654d61726b7570223a333a7b733a393a22002a00737472696e67223b733a31323a22426c6f636b206c61796f7574223b733a31323a22002a00617267756d656e7473223b613a303a7b7d733a31303a22002a006f7074696f6e73223b613a303a7b7d7d, 0x4f3a34383a2244727570616c5c436f72655c537472696e675472616e736c6174696f6e5c5472616e736c617461626c654d61726b7570223a333a7b733a393a22002a00737472696e67223b733a37393a22436f6e666967757265207768617420626c6f636b20636f6e74656e74206170706561727320696e20796f75722073697465277320736964656261727320616e64206f7468657220726567696f6e732e223b733a31323a22002a00617267756d656e7473223b613a303a7b7d733a31303a22002a006f7074696f6e73223b613a303a7b7d7d, 'Drupal\\Core\\Menu\\MenuLinkDefault', 0x613a303a7b7d, 'block', 1, 1, 0, 0, 0x613a303a7b7d, 0, 3, 1, 3, 36, 0, 0, 0, 0, 0, 0, 'Drupal\\Core\\Menu\\Form\\MenuLinkDefaultForm'),
('admin', 37, 'entity.node_type.collection', 'system.admin_structure', 'entity.node_type.collection', '', 0x613a303a7b7d, '', 0x4f3a34383a2244727570616c5c436f72655c537472696e675472616e736c6174696f6e5c5472616e736c617461626c654d61726b7570223a333a7b733a393a22002a00737472696e67223b733a31333a22436f6e74656e74207479706573223b733a31323a22002a00617267756d656e7473223b613a303a7b7d733a31303a22002a006f7074696f6e73223b613a303a7b7d7d, 0x4f3a34383a2244727570616c5c436f72655c537472696e675472616e736c6174696f6e5c5472616e736c617461626c654d61726b7570223a333a7b733a393a22002a00737472696e67223b733a37313a2243726561746520616e64206d616e616765206669656c64732c20666f726d732c20616e6420646973706c61792073657474696e677320666f7220796f757220636f6e74656e742e223b733a31323a22002a00617267756d656e7473223b613a303a7b7d733a31303a22002a006f7074696f6e73223b613a303a7b7d7d, 'Drupal\\Core\\Menu\\MenuLinkDefault', 0x613a303a7b7d, 'node', 1, 1, 0, 0, 0x613a303a7b7d, 0, 3, 1, 3, 37, 0, 0, 0, 0, 0, 0, 'Drupal\\Core\\Menu\\Form\\MenuLinkDefaultForm'),
('tools', 38, 'node.add_page', '', 'node.add_page', '', 0x613a303a7b7d, '', 0x4f3a34383a2244727570616c5c436f72655c537472696e675472616e736c6174696f6e5c5472616e736c617461626c654d61726b7570223a333a7b733a393a22002a00737472696e67223b733a31313a2241646420636f6e74656e74223b733a31323a22002a00617267756d656e7473223b613a303a7b7d733a31303a22002a006f7074696f6e73223b613a303a7b7d7d, 0x733a303a22223b, 'Drupal\\Core\\Menu\\MenuLinkDefault', 0x613a303a7b7d, 'node', 1, 1, 0, 0, 0x613a303a7b7d, 0, 1, 38, 0, 0, 0, 0, 0, 0, 0, 0, 'Drupal\\Core\\Menu\\Form\\MenuLinkDefaultForm'),
('admin', 41, 'config.sync', 'system.admin_config_development', 'config.sync', '', 0x613a303a7b7d, '', 0x4f3a34383a2244727570616c5c436f72655c537472696e675472616e736c6174696f6e5c5472616e736c617461626c654d61726b7570223a333a7b733a393a22002a00737472696e67223b733a32393a22436f6e66696775726174696f6e2073796e6368726f6e697a6174696f6e223b733a31323a22002a00617267756d656e7473223b613a303a7b7d733a31303a22002a006f7074696f6e73223b613a303a7b7d7d, 0x4f3a34383a2244727570616c5c436f72655c537472696e675472616e736c6174696f6e5c5472616e736c617461626c654d61726b7570223a333a7b733a393a22002a00737472696e67223b733a33373a22496d706f727420616e64206578706f727420796f757220636f6e66696775726174696f6e2e223b733a31323a22002a00617267756d656e7473223b613a303a7b7d733a31303a22002a006f7074696f6e73223b613a303a7b7d7d, 'Drupal\\Core\\Menu\\MenuLinkDefault', 0x613a303a7b7d, 'config', 1, 1, 0, 0, 0x613a303a7b7d, 0, 4, 1, 6, 12, 41, 0, 0, 0, 0, 0, 'Drupal\\Core\\Menu\\Form\\MenuLinkDefaultForm'),
('admin', 44, 'dblog.overview', 'system.admin_reports', 'dblog.overview', '', 0x613a303a7b7d, '', 0x4f3a34383a2244727570616c5c436f72655c537472696e675472616e736c6174696f6e5c5472616e736c617461626c654d61726b7570223a333a7b733a393a22002a00737472696e67223b733a31393a22526563656e74206c6f67206d65737361676573223b733a31323a22002a00617267756d656e7473223b613a303a7b7d733a31303a22002a006f7074696f6e73223b613a303a7b7d7d, 0x4f3a34383a2244727570616c5c436f72655c537472696e675472616e736c6174696f6e5c5472616e736c617461626c654d61726b7570223a333a7b733a393a22002a00737472696e67223b733a34333a2256696577206576656e74732074686174206861766520726563656e746c79206265656e206c6f676765642e223b733a31323a22002a00617267756d656e7473223b613a303a7b7d733a31303a22002a006f7074696f6e73223b613a303a7b7d7d, 'Drupal\\Core\\Menu\\MenuLinkDefault', 0x613a303a7b7d, 'dblog', 1, 1, 0, -1, 0x613a303a7b7d, 0, 3, 1, 26, 44, 0, 0, 0, 0, 0, 0, 'Drupal\\Core\\Menu\\Form\\MenuLinkDefaultForm'),
('admin', 45, 'dblog.page_not_found', 'system.admin_reports', 'dblog.page_not_found', '', 0x613a303a7b7d, '', 0x4f3a34383a2244727570616c5c436f72655c537472696e675472616e736c6174696f6e5c5472616e736c617461626c654d61726b7570223a333a7b733a393a22002a00737472696e67223b733a32373a22546f70202770616765206e6f7420666f756e6427206572726f7273223b733a31323a22002a00617267756d656e7473223b613a303a7b7d733a31303a22002a006f7074696f6e73223b613a303a7b7d7d, 0x4f3a34383a2244727570616c5c436f72655c537472696e675472616e736c6174696f6e5c5472616e736c617461626c654d61726b7570223a333a7b733a393a22002a00737472696e67223b733a33363a2256696577202770616765206e6f7420666f756e6427206572726f7273202834303473292e223b733a31323a22002a00617267756d656e7473223b613a303a7b7d733a31303a22002a006f7074696f6e73223b613a303a7b7d7d, 'Drupal\\Core\\Menu\\MenuLinkDefault', 0x613a303a7b7d, 'dblog', 1, 1, 0, 0, 0x613a303a7b7d, 0, 3, 1, 26, 45, 0, 0, 0, 0, 0, 0, 'Drupal\\Core\\Menu\\Form\\MenuLinkDefaultForm'),
('admin', 46, 'dblog.access_denied', 'system.admin_reports', 'dblog.access_denied', '', 0x613a303a7b7d, '', 0x4f3a34383a2244727570616c5c436f72655c537472696e675472616e736c6174696f6e5c5472616e736c617461626c654d61726b7570223a333a7b733a393a22002a00737472696e67223b733a32363a22546f7020276163636573732064656e69656427206572726f7273223b733a31323a22002a00617267756d656e7473223b613a303a7b7d733a31303a22002a006f7074696f6e73223b613a303a7b7d7d, 0x4f3a34383a2244727570616c5c436f72655c537472696e675472616e736c6174696f6e5c5472616e736c617461626c654d61726b7570223a333a7b733a393a22002a00737472696e67223b733a33353a225669657720276163636573732064656e69656427206572726f7273202834303373292e223b733a31323a22002a00617267756d656e7473223b613a303a7b7d733a31303a22002a006f7074696f6e73223b613a303a7b7d7d, 'Drupal\\Core\\Menu\\MenuLinkDefault', 0x613a303a7b7d, 'dblog', 1, 1, 0, 0, 0x613a303a7b7d, 0, 3, 1, 26, 46, 0, 0, 0, 0, 0, 0, 'Drupal\\Core\\Menu\\Form\\MenuLinkDefaultForm'),
('admin', 47, 'field_ui.display_mode', 'system.admin_structure', 'field_ui.display_mode', '', 0x613a303a7b7d, '', 0x4f3a34383a2244727570616c5c436f72655c537472696e675472616e736c6174696f6e5c5472616e736c617461626c654d61726b7570223a333a7b733a393a22002a00737472696e67223b733a31333a22446973706c6179206d6f646573223b733a31323a22002a00617267756d656e7473223b613a303a7b7d733a31303a22002a006f7074696f6e73223b613a303a7b7d7d, 0x4f3a34383a2244727570616c5c436f72655c537472696e675472616e736c6174696f6e5c5472616e736c617461626c654d61726b7570223a333a7b733a393a22002a00737472696e67223b733a36353a22436f6e666967757265207768617420646973706c6179732061726520617661696c61626c6520666f7220796f757220636f6e74656e7420616e6420666f726d732e223b733a31323a22002a00617267756d656e7473223b613a303a7b7d733a31303a22002a006f7074696f6e73223b613a303a7b7d7d, 'Drupal\\Core\\Menu\\MenuLinkDefault', 0x613a303a7b7d, 'field_ui', 1, 1, 0, 0, 0x613a303a7b7d, 1, 3, 1, 3, 47, 0, 0, 0, 0, 0, 0, 'Drupal\\Core\\Menu\\Form\\MenuLinkDefaultForm'),
('admin', 48, 'entity.entity_view_mode.collection', 'field_ui.display_mode', 'entity.entity_view_mode.collection', '', 0x613a303a7b7d, '', 0x4f3a34383a2244727570616c5c436f72655c537472696e675472616e736c6174696f6e5c5472616e736c617461626c654d61726b7570223a333a7b733a393a22002a00737472696e67223b733a31303a2256696577206d6f646573223b733a31323a22002a00617267756d656e7473223b613a303a7b7d733a31303a22002a006f7074696f6e73223b613a303a7b7d7d, 0x4f3a34383a2244727570616c5c436f72655c537472696e675472616e736c6174696f6e5c5472616e736c617461626c654d61726b7570223a333a7b733a393a22002a00737472696e67223b733a32353a224d616e61676520637573746f6d2076696577206d6f6465732e223b733a31323a22002a00617267756d656e7473223b613a303a7b7d733a31303a22002a006f7074696f6e73223b613a303a7b7d7d, 'Drupal\\Core\\Menu\\MenuLinkDefault', 0x613a303a7b7d, 'field_ui', 1, 1, 0, 0, 0x613a303a7b7d, 0, 4, 1, 3, 47, 48, 0, 0, 0, 0, 0, 'Drupal\\Core\\Menu\\Form\\MenuLinkDefaultForm'),
('admin', 49, 'entity.entity_form_mode.collection', 'field_ui.display_mode', 'entity.entity_form_mode.collection', '', 0x613a303a7b7d, '', 0x4f3a34383a2244727570616c5c436f72655c537472696e675472616e736c6174696f6e5c5472616e736c617461626c654d61726b7570223a333a7b733a393a22002a00737472696e67223b733a31303a22466f726d206d6f646573223b733a31323a22002a00617267756d656e7473223b613a303a7b7d733a31303a22002a006f7074696f6e73223b613a303a7b7d7d, 0x4f3a34383a2244727570616c5c436f72655c537472696e675472616e736c6174696f6e5c5472616e736c617461626c654d61726b7570223a333a7b733a393a22002a00737472696e67223b733a32353a224d616e61676520637573746f6d20666f726d206d6f6465732e223b733a31323a22002a00617267756d656e7473223b613a303a7b7d733a31303a22002a006f7074696f6e73223b613a303a7b7d7d, 'Drupal\\Core\\Menu\\MenuLinkDefault', 0x613a303a7b7d, 'field_ui', 1, 1, 0, 0, 0x613a303a7b7d, 0, 4, 1, 3, 47, 49, 0, 0, 0, 0, 0, 'Drupal\\Core\\Menu\\Form\\MenuLinkDefaultForm'),
('admin', 50, 'entity.field_storage_config.collection', 'system.admin_reports', 'entity.field_storage_config.collection', '', 0x613a303a7b7d, '', 0x4f3a34383a2244727570616c5c436f72655c537472696e675472616e736c6174696f6e5c5472616e736c617461626c654d61726b7570223a333a7b733a393a22002a00737472696e67223b733a31303a224669656c64206c697374223b733a31323a22002a00617267756d656e7473223b613a303a7b7d733a31303a22002a006f7074696f6e73223b613a303a7b7d7d, 0x4f3a34383a2244727570616c5c436f72655c537472696e675472616e736c6174696f6e5c5472616e736c617461626c654d61726b7570223a333a7b733a393a22002a00737472696e67223b733a33393a224f76657276696577206f66206669656c6473206f6e20616c6c20656e746974792074797065732e223b733a31323a22002a00617267756d656e7473223b613a303a7b7d733a31303a22002a006f7074696f6e73223b613a303a7b7d7d, 'Drupal\\Core\\Menu\\MenuLinkDefault', 0x613a303a7b7d, 'field_ui', 1, 1, 0, 0, 0x613a303a7b7d, 0, 3, 1, 26, 50, 0, 0, 0, 0, 0, 0, 'Drupal\\Core\\Menu\\Form\\MenuLinkDefaultForm'),
('admin', 51, 'entity.taxonomy_vocabulary.collection', 'system.admin_structure', 'entity.taxonomy_vocabulary.collection', '', 0x613a303a7b7d, '', 0x4f3a34383a2244727570616c5c436f72655c537472696e675472616e736c6174696f6e5c5472616e736c617461626c654d61726b7570223a333a7b733a393a22002a00737472696e67223b733a383a225461786f6e6f6d79223b733a31323a22002a00617267756d656e7473223b613a303a7b7d733a31303a22002a006f7074696f6e73223b613a303a7b7d7d, 0x4f3a34383a2244727570616c5c436f72655c537472696e675472616e736c6174696f6e5c5472616e736c617461626c654d61726b7570223a333a7b733a393a22002a00737472696e67223b733a36373a224d616e6167652074616767696e672c2063617465676f72697a6174696f6e2c20616e6420636c617373696669636174696f6e206f6620796f757220636f6e74656e742e223b733a31323a22002a00617267756d656e7473223b613a303a7b7d733a31303a22002a006f7074696f6e73223b613a303a7b7d7d, 'Drupal\\Core\\Menu\\MenuLinkDefault', 0x613a303a7b7d, 'taxonomy', 1, 1, 0, 0, 0x613a303a7b7d, 0, 3, 1, 3, 51, 0, 0, 0, 0, 0, 0, 'Drupal\\Core\\Menu\\Form\\MenuLinkDefaultForm'),
('admin', 52, 'help.main', 'system.admin', 'help.main', '', 0x613a303a7b7d, '', 0x4f3a34383a2244727570616c5c436f72655c537472696e675472616e736c6174696f6e5c5472616e736c617461626c654d61726b7570223a333a7b733a393a22002a00737472696e67223b733a343a2248656c70223b733a31323a22002a00617267756d656e7473223b613a303a7b7d733a31303a22002a006f7074696f6e73223b613a303a7b7d7d, 0x4f3a34383a2244727570616c5c436f72655c537472696e675472616e736c6174696f6e5c5472616e736c617461626c654d61726b7570223a333a7b733a393a22002a00737472696e67223b733a34383a225265666572656e636520666f722075736167652c20636f6e66696775726174696f6e2c20616e64206d6f64756c65732e223b733a31323a22002a00617267756d656e7473223b613a303a7b7d733a31303a22002a006f7074696f6e73223b613a303a7b7d7d, 'Drupal\\Core\\Menu\\MenuLinkDefault', 0x613a303a7b7d, 'help', 1, 1, 0, 9, 0x613a303a7b7d, 0, 2, 1, 52, 0, 0, 0, 0, 0, 0, 0, 'Drupal\\Core\\Menu\\Form\\MenuLinkDefaultForm'),
('admin', 53, 'entity.image_style.collection', 'system.admin_config_media', 'entity.image_style.collection', '', 0x613a303a7b7d, '', 0x4f3a34383a2244727570616c5c436f72655c537472696e675472616e736c6174696f6e5c5472616e736c617461626c654d61726b7570223a333a7b733a393a22002a00737472696e67223b733a31323a22496d616765207374796c6573223b733a31323a22002a00617267756d656e7473223b613a303a7b7d733a31303a22002a006f7074696f6e73223b613a303a7b7d7d, 0x4f3a34383a2244727570616c5c436f72655c537472696e675472616e736c6174696f6e5c5472616e736c617461626c654d61726b7570223a333a7b733a393a22002a00737472696e67223b733a37383a22436f6e666967757265207374796c657320746861742063616e206265207573656420666f7220726573697a696e67206f722061646a757374696e6720696d61676573206f6e20646973706c61792e223b733a31323a22002a00617267756d656e7473223b613a303a7b7d733a31303a22002a006f7074696f6e73223b613a303a7b7d7d, 'Drupal\\Core\\Menu\\MenuLinkDefault', 0x613a303a7b7d, 'image', 1, 1, 0, 0, 0x613a303a7b7d, 0, 4, 1, 6, 7, 53, 0, 0, 0, 0, 0, 'Drupal\\Core\\Menu\\Form\\MenuLinkDefaultForm'),
('admin', 54, 'entity.menu.collection', 'system.admin_structure', 'entity.menu.collection', '', 0x613a303a7b7d, '', 0x4f3a34383a2244727570616c5c436f72655c537472696e675472616e736c6174696f6e5c5472616e736c617461626c654d61726b7570223a333a7b733a393a22002a00737472696e67223b733a353a224d656e7573223b733a31323a22002a00617267756d656e7473223b613a303a7b7d733a31303a22002a006f7074696f6e73223b613a303a7b7d7d, 0x4f3a34383a2244727570616c5c436f72655c537472696e675472616e736c6174696f6e5c5472616e736c617461626c654d61726b7570223a333a7b733a393a22002a00737472696e67223b733a32383a224d616e616765206d656e757320616e64206d656e75206c696e6b732e223b733a31323a22002a00617267756d656e7473223b613a303a7b7d733a31303a22002a006f7074696f6e73223b613a303a7b7d7d, 'Drupal\\Core\\Menu\\MenuLinkDefault', 0x613a303a7b7d, 'menu_ui', 1, 1, 0, 0, 0x613a303a7b7d, 0, 3, 1, 3, 54, 0, 0, 0, 0, 0, 0, 'Drupal\\Core\\Menu\\Form\\MenuLinkDefaultForm'),
('admin', 56, 'entity.search_page.collection', 'system.admin_config_search', 'entity.search_page.collection', '', 0x613a303a7b7d, '', 0x4f3a34383a2244727570616c5c436f72655c537472696e675472616e736c6174696f6e5c5472616e736c617461626c654d61726b7570223a333a7b733a393a22002a00737472696e67223b733a31323a22536561726368207061676573223b733a31323a22002a00617267756d656e7473223b613a303a7b7d733a31303a22002a006f7074696f6e73223b613a303a7b7d7d, 0x4f3a34383a2244727570616c5c436f72655c537472696e675472616e736c6174696f6e5c5472616e736c617461626c654d61726b7570223a333a7b733a393a22002a00737472696e67223b733a35313a22436f6e6669677572652073656172636820706167657320616e642073656172636820696e646578696e67206f7074696f6e732e223b733a31323a22002a00617267756d656e7473223b613a303a7b7d733a31303a22002a006f7074696f6e73223b613a303a7b7d7d, 'Drupal\\Core\\Menu\\MenuLinkDefault', 0x613a303a7b7d, 'search', 1, 1, 0, -10, 0x613a303a7b7d, 0, 4, 1, 6, 19, 56, 0, 0, 0, 0, 0, 'Drupal\\Core\\Menu\\Form\\MenuLinkDefaultForm'),
('admin', 57, 'dblog.search', 'system.admin_reports', 'dblog.search', '', 0x613a303a7b7d, '', 0x4f3a34383a2244727570616c5c436f72655c537472696e675472616e736c6174696f6e5c5472616e736c617461626c654d61726b7570223a333a7b733a393a22002a00737472696e67223b733a31383a22546f70207365617263682070687261736573223b733a31323a22002a00617267756d656e7473223b613a303a7b7d733a31303a22002a006f7074696f6e73223b613a303a7b7d7d, 0x4f3a34383a2244727570616c5c436f72655c537472696e675472616e736c6174696f6e5c5472616e736c617461626c654d61726b7570223a333a7b733a393a22002a00737472696e67223b733a33333a2256696577206d6f737420706f70756c61722073656172636820706872617365732e223b733a31323a22002a00617267756d656e7473223b613a303a7b7d733a31303a22002a006f7074696f6e73223b613a303a7b7d7d, 'Drupal\\Core\\Menu\\MenuLinkDefault', 0x613a303a7b7d, '', 1, 1, 0, 0, 0x613a303a7b7d, 0, 3, 1, 26, 57, 0, 0, 0, 0, 0, 0, 'Drupal\\Core\\Menu\\Form\\MenuLinkDefaultForm'),
('tools', 58, 'search.view', '', 'search.view', '', 0x613a303a7b7d, '', 0x4f3a34383a2244727570616c5c436f72655c537472696e675472616e736c6174696f6e5c5472616e736c617461626c654d61726b7570223a333a7b733a393a22002a00737472696e67223b733a363a22536561726368223b733a31323a22002a00617267756d656e7473223b613a303a7b7d733a31303a22002a006f7074696f6e73223b613a303a7b7d7d, 0x733a303a22223b, 'Drupal\\Core\\Menu\\MenuLinkDefault', 0x613a303a7b7d, 'search', 0, 1, 0, 0, 0x613a303a7b7d, 0, 1, 58, 0, 0, 0, 0, 0, 0, 0, 0, 'Drupal\\Core\\Menu\\Form\\MenuLinkDefaultForm'),
('admin', 59, 'entity.shortcut_set.collection', 'system.admin_config_ui', 'entity.shortcut_set.collection', '', 0x613a303a7b7d, '', 0x4f3a34383a2244727570616c5c436f72655c537472696e675472616e736c6174696f6e5c5472616e736c617461626c654d61726b7570223a333a7b733a393a22002a00737472696e67223b733a393a2253686f727463757473223b733a31323a22002a00617267756d656e7473223b613a303a7b7d733a31303a22002a006f7074696f6e73223b613a303a7b7d7d, 0x4f3a34383a2244727570616c5c436f72655c537472696e675472616e736c6174696f6e5c5472616e736c617461626c654d61726b7570223a333a7b733a393a22002a00737472696e67223b733a32393a2241646420616e64206d6f646966792073686f727463757420736574732e223b733a31323a22002a00617267756d656e7473223b613a303a7b7d733a31303a22002a006f7074696f6e73223b613a303a7b7d7d, 'Drupal\\Core\\Menu\\MenuLinkDefault', 0x613a303a7b7d, 'shortcut', 1, 1, 0, 0, 0x613a303a7b7d, 0, 4, 1, 6, 23, 59, 0, 0, 0, 0, 0, 'Drupal\\Core\\Menu\\Form\\MenuLinkDefaultForm'),
('admin', 60, 'entity.view.collection', 'system.admin_structure', 'entity.view.collection', '', 0x613a303a7b7d, '', 0x4f3a34383a2244727570616c5c436f72655c537472696e675472616e736c6174696f6e5c5472616e736c617461626c654d61726b7570223a333a7b733a393a22002a00737472696e67223b733a353a225669657773223b733a31323a22002a00617267756d656e7473223b613a303a7b7d733a31303a22002a006f7074696f6e73223b613a303a7b7d7d, 0x4f3a34383a2244727570616c5c436f72655c537472696e675472616e736c6174696f6e5c5472616e736c617461626c654d61726b7570223a333a7b733a393a22002a00737472696e67223b733a33353a224d616e61676520637573746f6d697a6564206c69737473206f6620636f6e74656e742e223b733a31323a22002a00617267756d656e7473223b613a303a7b7d733a31303a22002a006f7074696f6e73223b613a303a7b7d7d, 'Drupal\\Core\\Menu\\MenuLinkDefault', 0x613a303a7b7d, 'views_ui', 1, 1, 0, 0, 0x613a303a7b7d, 0, 3, 1, 3, 60, 0, 0, 0, 0, 0, 0, 'Drupal\\Core\\Menu\\Form\\MenuLinkDefaultForm');
INSERT INTO `menu_tree` (`menu_name`, `mlid`, `id`, `parent`, `route_name`, `route_param_key`, `route_parameters`, `url`, `title`, `description`, `class`, `options`, `provider`, `enabled`, `discovered`, `expanded`, `weight`, `metadata`, `has_children`, `depth`, `p1`, `p2`, `p3`, `p4`, `p5`, `p6`, `p7`, `p8`, `p9`, `form_class`) VALUES
('admin', 61, 'views_ui.reports_plugins', 'system.admin_reports', 'views_ui.reports_plugins', '', 0x613a303a7b7d, '', 0x4f3a34383a2244727570616c5c436f72655c537472696e675472616e736c6174696f6e5c5472616e736c617461626c654d61726b7570223a333a7b733a393a22002a00737472696e67223b733a31333a22566965777320706c7567696e73223b733a31323a22002a00617267756d656e7473223b613a303a7b7d733a31303a22002a006f7074696f6e73223b613a303a7b7d7d, 0x4f3a34383a2244727570616c5c436f72655c537472696e675472616e736c6174696f6e5c5472616e736c617461626c654d61726b7570223a333a7b733a393a22002a00737472696e67223b733a33383a224f76657276696577206f6620706c7567696e73207573656420696e20616c6c2076696577732e223b733a31323a22002a00617267756d656e7473223b613a303a7b7d733a31303a22002a006f7074696f6e73223b613a303a7b7d7d, 'Drupal\\Core\\Menu\\MenuLinkDefault', 0x613a303a7b7d, 'views_ui', 1, 1, 0, 0, 0x613a303a7b7d, 0, 3, 1, 26, 61, 0, 0, 0, 0, 0, 0, 'Drupal\\Core\\Menu\\Form\\MenuLinkDefaultForm'),
('admin', 62, 'update.status', 'system.admin_reports', 'update.status', '', 0x613a303a7b7d, '', 0x4f3a34383a2244727570616c5c436f72655c537472696e675472616e736c6174696f6e5c5472616e736c617461626c654d61726b7570223a333a7b733a393a22002a00737472696e67223b733a31373a22417661696c61626c652075706461746573223b733a31323a22002a00617267756d656e7473223b613a303a7b7d733a31303a22002a006f7074696f6e73223b613a303a7b7d7d, 0x4f3a34383a2244727570616c5c436f72655c537472696e675472616e736c6174696f6e5c5472616e736c617461626c654d61726b7570223a333a7b733a393a22002a00737472696e67223b733a38323a22476574206120737461747573207265706f72742061626f757420617661696c61626c65207570646174657320666f7220796f757220696e7374616c6c6564206d6f64756c657320616e64207468656d65732e223b733a31323a22002a00617267756d656e7473223b613a303a7b7d733a31303a22002a006f7074696f6e73223b613a303a7b7d7d, 'Drupal\\Core\\Menu\\MenuLinkDefault', 0x613a303a7b7d, 'update', 1, 1, 0, -50, 0x613a303a7b7d, 0, 3, 1, 26, 62, 0, 0, 0, 0, 0, 0, 'Drupal\\Core\\Menu\\Form\\MenuLinkDefaultForm'),
('admin', 63, 'entity.paragraphs_type.collection', 'system.admin_structure', 'entity.paragraphs_type.collection', '', 0x613a303a7b7d, '', 0x4f3a34383a2244727570616c5c436f72655c537472696e675472616e736c6174696f6e5c5472616e736c617461626c654d61726b7570223a333a7b733a393a22002a00737472696e67223b733a31353a22506172616772617068207479706573223b733a31323a22002a00617267756d656e7473223b613a303a7b7d733a31303a22002a006f7074696f6e73223b613a303a7b7d7d, 0x4f3a34383a2244727570616c5c436f72655c537472696e675472616e736c6174696f6e5c5472616e736c617461626c654d61726b7570223a333a7b733a393a22002a00737472696e67223b733a33343a2243726561746520616e64206d616e616765205061726167726170682074797065732e223b733a31323a22002a00617267756d656e7473223b613a303a7b7d733a31303a22002a006f7074696f6e73223b613a303a7b7d7d, 'Drupal\\Core\\Menu\\MenuLinkDefault', 0x613a303a7b7d, 'paragraphs', 1, 1, 0, 0, 0x613a303a7b7d, 1, 3, 1, 3, 63, 0, 0, 0, 0, 0, 0, 'Drupal\\Core\\Menu\\Form\\MenuLinkDefaultForm'),
('admin', 66, 'module_filter.config_admin_menu_item', 'system.admin_config_ui', 'module_filter.settings', '', 0x613a303a7b7d, '', 0x4f3a34383a2244727570616c5c436f72655c537472696e675472616e736c6174696f6e5c5472616e736c617461626c654d61726b7570223a333a7b733a393a22002a00737472696e67223b733a31333a224d6f64756c652066696c746572223b733a31323a22002a00617267756d656e7473223b613a303a7b7d733a31303a22002a006f7074696f6e73223b613a303a7b7d7d, 0x4f3a34383a2244727570616c5c436f72655c537472696e675472616e736c6174696f6e5c5472616e736c617461626c654d61726b7570223a333a7b733a393a22002a00737472696e67223b733a33383a2253657474696e677320666f7220746865204d6f64756c652046696c746572206d6f64756c652e223b733a31323a22002a00617267756d656e7473223b613a303a7b7d733a31303a22002a006f7074696f6e73223b613a303a7b7d7d, 'Drupal\\Core\\Menu\\MenuLinkDefault', 0x613a303a7b7d, 'module_filter', 1, 1, 0, 0, 0x613a303a7b7d, 0, 4, 1, 6, 23, 66, 0, 0, 0, 0, 0, 'Drupal\\Core\\Menu\\Form\\MenuLinkDefaultForm'),
('footer', 69, 'menu_link_content:8ed7c748-eff4-4707-889d-7a3f3a8645ba', '', NULL, '', 0x613a303a7b7d, 'https://www.seqirus.com.au/privacy-statement', 0x733a373a2250726976616379223b, NULL, 'Drupal\\menu_link_content\\Plugin\\Menu\\MenuLinkContent', 0x613a323a7b733a31303a2261747472696275746573223b613a313a7b733a363a22746172676574223b733a363a225f626c616e6b223b7d733a383a2265787465726e616c223b623a313b7d, 'menu_link_content', 1, 0, 0, -48, 0x613a313a7b733a393a22656e746974795f6964223b733a313a2231223b7d, 0, 1, 69, 0, 0, 0, 0, 0, 0, 0, 0, '\\Drupal\\menu_link_content\\Form\\MenuLinkContentForm'),
('footer', 70, 'menu_link_content:b4ee88ed-394d-453e-89d2-f86047cd55e5', '', NULL, '', 0x613a303a7b7d, 'https://www.seqirus.com.au/terms-of-use', 0x733a31323a225465726d73206f6620557365223b, NULL, 'Drupal\\menu_link_content\\Plugin\\Menu\\MenuLinkContent', 0x613a323a7b733a31303a2261747472696275746573223b613a313a7b733a363a22746172676574223b733a363a225f626c616e6b223b7d733a383a2265787465726e616c223b623a313b7d, 'menu_link_content', 1, 0, 0, -47, 0x613a313a7b733a393a22656e746974795f6964223b733a313a2232223b7d, 0, 1, 70, 0, 0, 0, 0, 0, 0, 0, 0, '\\Drupal\\menu_link_content\\Form\\MenuLinkContentForm'),
('admin', 71, 'file_download_counter.settings', 'system.admin_config_system', 'file_download_counter.settings', '', 0x613a303a7b7d, '', 0x4f3a34383a2244727570616c5c436f72655c537472696e675472616e736c6174696f6e5c5472616e736c617461626c654d61726b7570223a333a7b733a393a22002a00737472696e67223b733a31343a2246696c6520446f776e6c6f616473223b733a31323a22002a00617267756d656e7473223b613a303a7b7d733a31303a22002a006f7074696f6e73223b613a303a7b7d7d, 0x4f3a34383a2244727570616c5c436f72655c537472696e675472616e736c6174696f6e5c5472616e736c617461626c654d61726b7570223a333a7b733a393a22002a00737472696e67223b733a35303a22436f6e66696775726520746865206c6f6767696e67206f662066696c6520646f776e6c6f616420737461746973746963732e223b733a31323a22002a00617267756d656e7473223b613a303a7b7d733a31303a22002a006f7074696f6e73223b613a303a7b7d7d, 'Drupal\\Core\\Menu\\MenuLinkDefault', 0x613a303a7b7d, 'file_download_counter', 1, 1, 0, -15, 0x613a303a7b7d, 0, 4, 1, 6, 20, 71, 0, 0, 0, 0, 0, 'Drupal\\Core\\Menu\\Form\\MenuLinkDefaultForm'),
('admin', 73, 'entity.metatag_defaults.collection', 'system.admin_config_search', 'entity.metatag_defaults.collection', '', 0x613a303a7b7d, '', 0x4f3a34383a2244727570616c5c436f72655c537472696e675472616e736c6174696f6e5c5472616e736c617461626c654d61726b7570223a333a7b733a393a22002a00737472696e67223b733a373a224d657461746167223b733a31323a22002a00617267756d656e7473223b613a303a7b7d733a31303a22002a006f7074696f6e73223b613a303a7b7d7d, 0x4f3a34383a2244727570616c5c436f72655c537472696e675472616e736c6174696f6e5c5472616e736c617461626c654d61726b7570223a333a7b733a393a22002a00737472696e67223b733a32373a22436f6e666967757265204d6574617461672064656661756c74732e223b733a31323a22002a00617267756d656e7473223b613a303a7b7d733a31303a22002a006f7074696f6e73223b613a303a7b7d7d, 'Drupal\\Core\\Menu\\MenuLinkDefault', 0x613a303a7b7d, 'metatag', 1, 1, 0, 0, 0x613a303a7b7d, 1, 4, 1, 6, 19, 73, 0, 0, 0, 0, 0, 'Drupal\\Core\\Menu\\Form\\MenuLinkDefaultForm'),
('admin', 76, 'metatag.settings', 'entity.metatag_defaults.collection', 'metatag.settings', '', 0x613a303a7b7d, '', 0x4f3a34383a2244727570616c5c436f72655c537472696e675472616e736c6174696f6e5c5472616e736c617461626c654d61726b7570223a333a7b733a393a22002a00737472696e67223b733a383a2253657474696e6773223b733a31323a22002a00617267756d656e7473223b613a303a7b7d733a31303a22002a006f7074696f6e73223b613a303a7b7d7d, 0x4f3a34383a2244727570616c5c436f72655c537472696e675472616e736c6174696f6e5c5472616e736c617461626c654d61726b7570223a333a7b733a393a22002a00737472696e67223b733a32373a22436f6e666967757265204d6574617461672064656661756c74732e223b733a31323a22002a00617267756d656e7473223b613a303a7b7d733a31303a22002a006f7074696f6e73223b613a303a7b7d7d, 'Drupal\\Core\\Menu\\MenuLinkDefault', 0x613a303a7b7d, 'metatag', 1, 1, 0, 0, 0x613a303a7b7d, 0, 5, 1, 6, 19, 73, 76, 0, 0, 0, 0, 'Drupal\\Core\\Menu\\Form\\MenuLinkDefaultForm'),
('admin', 77, 'paragraphs.settings', 'system.admin_config_content', 'paragraphs.settings', '', 0x613a303a7b7d, '', 0x4f3a34383a2244727570616c5c436f72655c537472696e675472616e736c6174696f6e5c5472616e736c617461626c654d61726b7570223a333a7b733a393a22002a00737472696e67223b733a31393a22506172616772617068732073657474696e6773223b733a31323a22002a00617267756d656e7473223b613a303a7b7d733a31303a22002a006f7074696f6e73223b613a303a7b7d7d, 0x733a303a22223b, 'Drupal\\Core\\Menu\\MenuLinkDefault', 0x613a303a7b7d, 'paragraphs', 1, 1, 0, 0, 0x613a303a7b7d, 0, 4, 1, 6, 25, 77, 0, 0, 0, 0, 0, 'Drupal\\Core\\Menu\\Form\\MenuLinkDefaultForm'),
('admin', 79, 'entity.path_alias.collection', 'system.admin_config_search', 'entity.path_alias.collection', '', 0x613a303a7b7d, '', 0x4f3a34383a2244727570616c5c436f72655c537472696e675472616e736c6174696f6e5c5472616e736c617461626c654d61726b7570223a333a7b733a393a22002a00737472696e67223b733a31313a2255524c20616c6961736573223b733a31323a22002a00617267756d656e7473223b613a303a7b7d733a31303a22002a006f7074696f6e73223b613a303a7b7d7d, 0x4f3a34383a2244727570616c5c436f72655c537472696e675472616e736c6174696f6e5c5472616e736c617461626c654d61726b7570223a333a7b733a393a22002a00737472696e67223b733a33343a2241646420637573746f6d2055524c7320746f206578697374696e672070617468732e223b733a31323a22002a00617267756d656e7473223b613a303a7b7d733a31303a22002a006f7074696f6e73223b613a303a7b7d7d, 'Drupal\\Core\\Menu\\MenuLinkDefault', 0x613a303a7b7d, 'path', 1, 1, 0, -5, 0x613a303a7b7d, 0, 4, 1, 6, 19, 79, 0, 0, 0, 0, 0, 'Drupal\\Core\\Menu\\Form\\MenuLinkDefaultForm'),
('admin', 80, 'paragraphs.type_add', 'entity.paragraphs_type.collection', 'paragraphs.type_add', '', 0x613a303a7b7d, '', 0x4f3a34383a2244727570616c5c436f72655c537472696e675472616e736c6174696f6e5c5472616e736c617461626c654d61726b7570223a333a7b733a393a22002a00737472696e67223b733a31383a22416464207061726167726170682074797065223b733a31323a22002a00617267756d656e7473223b613a303a7b7d733a31303a22002a006f7074696f6e73223b613a303a7b7d7d, 0x733a303a22223b, 'Drupal\\Core\\Menu\\MenuLinkDefault', 0x613a303a7b7d, 'paragraphs', 1, 1, 0, 0, 0x613a303a7b7d, 0, 4, 1, 3, 63, 80, 0, 0, 0, 0, 0, 'Drupal\\Core\\Menu\\Form\\MenuLinkDefaultForm'),
('admin', 81, 'entity_reference_revisions.delete_orphans', 'system.admin_config_system', 'entity_reference_revisions.delete_orphans', '', 0x613a303a7b7d, '', 0x4f3a34383a2244727570616c5c436f72655c537472696e675472616e736c6174696f6e5c5472616e736c617461626c654d61726b7570223a333a7b733a393a22002a00737472696e67223b733a33343a2244656c657465206f727068616e656420636f6d706f7369746520656e746974696573223b733a31323a22002a00617267756d656e7473223b613a303a7b7d733a31303a22002a006f7074696f6e73223b613a303a7b7d7d, 0x4f3a34383a2244727570616c5c436f72655c537472696e675472616e736c6174696f6e5c5472616e736c617461626c654d61726b7570223a333a7b733a393a22002a00737472696e67223b733a39303a2244656c657465207265766973696f6e73206f6620656e746974696573207468617420617265206e6f206c6f6e676572207573656420696e20456e74697479205265666572656e6365205265766973696f6e73206669656c64732e223b733a31323a22002a00617267756d656e7473223b613a303a7b7d733a31303a22002a006f7074696f6e73223b613a303a7b7d7d, 'Drupal\\Core\\Menu\\MenuLinkDefault', 0x613a303a7b7d, 'entity_reference_revisions', 1, 1, 0, 30, 0x613a303a7b7d, 0, 4, 1, 6, 20, 81, 0, 0, 0, 0, 0, 'Drupal\\Core\\Menu\\Form\\MenuLinkDefaultForm'),
('admin', 82, 'metatag.reports_plugins', 'system.admin_reports', 'metatag.reports_plugins', '', 0x613a303a7b7d, '', 0x4f3a34383a2244727570616c5c436f72655c537472696e675472616e736c6174696f6e5c5472616e736c617461626c654d61726b7570223a333a7b733a393a22002a00737472696e67223b733a31353a224d65746174616720706c7567696e73223b733a31323a22002a00617267756d656e7473223b613a303a7b7d733a31303a22002a006f7074696f6e73223b613a303a7b7d7d, 0x4f3a34383a2244727570616c5c436f72655c537472696e675472616e736c6174696f6e5c5472616e736c617461626c654d61726b7570223a333a7b733a393a22002a00737472696e67223b733a33363a224f76657276696577206f6620706c7567696e73207573656420696e206d6574617461672e223b733a31323a22002a00617267756d656e7473223b613a303a7b7d733a31303a22002a006f7074696f6e73223b613a303a7b7d7d, 'Drupal\\Core\\Menu\\MenuLinkDefault', 0x613a303a7b7d, 'metatag', 1, 1, 0, 0, 0x613a303a7b7d, 0, 3, 1, 26, 82, 0, 0, 0, 0, 0, 0, 'Drupal\\Core\\Menu\\Form\\MenuLinkDefaultForm'),
('admin', 83, 'entity.google_tag_container.collection', 'system.admin_config_services', 'entity.google_tag_container.single_form', '', 0x613a303a7b7d, '', 0x4f3a34383a2244727570616c5c436f72655c537472696e675472616e736c6174696f6e5c5472616e736c617461626c654d61726b7570223a333a7b733a393a22002a00737472696e67223b733a31303a22476f6f676c6520546167223b733a31323a22002a00617267756d656e7473223b613a303a7b7d733a31303a22002a006f7074696f6e73223b613a303a7b7d7d, 0x4f3a34383a2244727570616c5c436f72655c537472696e675472616e736c6174696f6e5c5472616e736c617461626c654d61726b7570223a333a7b733a393a22002a00737472696e67223b733a37333a22436f6e66696775726520746865207765627369746520696e746567726174696f6e207769746820476f6f676c652054616720616e6420476f6f676c6520546167204d616e616765722e223b733a31323a22002a00617267756d656e7473223b613a303a7b7d733a31303a22002a006f7074696f6e73223b613a303a7b7d7d, 'Drupal\\Core\\Menu\\MenuLinkDefault', 0x613a303a7b7d, 'google_tag', 1, 1, 0, 0, 0x613a303a7b7d, 0, 4, 1, 6, 10, 83, 0, 0, 0, 0, 0, 'Drupal\\Core\\Menu\\Form\\MenuLinkDefaultForm'),
('admin', 87, 'redirect.list', 'system.admin_config_search', 'redirect.list', '', 0x613a303a7b7d, '', 0x4f3a34383a2244727570616c5c436f72655c537472696e675472616e736c6174696f6e5c5472616e736c617461626c654d61726b7570223a333a7b733a393a22002a00737472696e67223b733a31333a2255524c20726564697265637473223b733a31323a22002a00617267756d656e7473223b613a303a7b7d733a31303a22002a006f7074696f6e73223b613a303a7b7d7d, 0x4f3a34383a2244727570616c5c436f72655c537472696e675472616e736c6174696f6e5c5472616e736c617461626c654d61726b7570223a333a7b733a393a22002a00737472696e67223b733a33393a2252656469726563742075736572732066726f6d206f6e652055524c20746f20616e6f746865722e223b733a31323a22002a00617267756d656e7473223b613a303a7b7d733a31303a22002a006f7074696f6e73223b613a303a7b7d7d, 'Drupal\\Core\\Menu\\MenuLinkDefault', 0x613a303a7b7d, 'redirect', 1, 1, 0, 0, 0x613a303a7b7d, 1, 4, 1, 6, 19, 87, 0, 0, 0, 0, 0, 'Drupal\\Core\\Menu\\Form\\MenuLinkDefaultForm'),
('admin', 88, 'redirect.add', 'redirect.list', 'redirect.add', '', 0x613a303a7b7d, '', 0x4f3a34383a2244727570616c5c436f72655c537472696e675472616e736c6174696f6e5c5472616e736c617461626c654d61726b7570223a333a7b733a393a22002a00737472696e67223b733a31323a22416464207265646972656374223b733a31323a22002a00617267756d656e7473223b613a303a7b7d733a31303a22002a006f7074696f6e73223b613a303a7b7d7d, 0x733a303a22223b, 'Drupal\\Core\\Menu\\MenuLinkDefault', 0x613a303a7b7d, 'redirect', 1, 1, 0, 0, 0x613a303a7b7d, 0, 5, 1, 6, 19, 87, 88, 0, 0, 0, 0, 'Drupal\\Core\\Menu\\Form\\MenuLinkDefaultForm'),
('admin', 89, 'redirect.settings', 'redirect.list', 'redirect.settings', '', 0x613a303a7b7d, '', 0x4f3a34383a2244727570616c5c436f72655c537472696e675472616e736c6174696f6e5c5472616e736c617461626c654d61726b7570223a333a7b733a393a22002a00737472696e67223b733a383a2253657474696e6773223b733a31323a22002a00617267756d656e7473223b613a303a7b7d733a31303a22002a006f7074696f6e73223b613a303a7b7d7d, 0x4f3a34383a2244727570616c5c436f72655c537472696e675472616e736c6174696f6e5c5472616e736c617461626c654d61726b7570223a333a7b733a393a22002a00737472696e67223b733a33373a22436f6e666967757265206265686176696f7220666f722055524c207265646972656374732e223b733a31323a22002a00617267756d656e7473223b613a303a7b7d733a31303a22002a006f7074696f6e73223b613a303a7b7d7d, 'Drupal\\Core\\Menu\\MenuLinkDefault', 0x613a303a7b7d, 'redirect', 1, 1, 0, 0, 0x613a303a7b7d, 0, 5, 1, 6, 19, 87, 89, 0, 0, 0, 0, 'Drupal\\Core\\Menu\\Form\\MenuLinkDefaultForm'),
('main', 90, 'menu_link_content:aae34f16-d2e0-49b2-affb-c2dea3c843bb', '', NULL, '', 0x613a303a7b7d, 'https://healthengine.com.au/', 0x733a31393a22426f6f6b20616e206170706f696e746d656e74223b, 0x733a34333a22426f6f6b20616e206170706f696e746d656e7420766961206865616c7468656e67696e652e636f6d2e6175223b, 'Drupal\\menu_link_content\\Plugin\\Menu\\MenuLinkContent', 0x613a323a7b733a31303a2261747472696275746573223b613a323a7b733a353a22636c617373223b613a313a7b693a303b733a333a22686370223b7d733a363a22746172676574223b733a363a225f626c616e6b223b7d733a383a2265787465726e616c223b623a313b7d, 'menu_link_content', 0, 0, 0, -44, 0x613a313a7b733a393a22656e746974795f6964223b733a313a2233223b7d, 0, 1, 90, 0, 0, 0, 0, 0, 0, 0, 0, '\\Drupal\\menu_link_content\\Form\\MenuLinkContentForm'),
('main', 92, 'menu_link_content:a71316bc-3cf5-4ae3-9071-1e2b410caa5b', '', 'entity.node.canonical', 'node=32', 0x613a313a7b733a343a226e6f6465223b733a323a223332223b7d, '', 0x733a31303a2250726576656e74696f6e223b, 0x733a34343a225761797320746f2070726f7465637420796f757273656c6620616e64206f74686572732066726f6d20666c75223b, 'Drupal\\menu_link_content\\Plugin\\Menu\\MenuLinkContent', 0x613a303a7b7d, 'menu_link_content', 1, 0, 0, -48, 0x613a313a7b733a393a22656e746974795f6964223b733a313a2235223b7d, 0, 1, 92, 0, 0, 0, 0, 0, 0, 0, 0, '\\Drupal\\menu_link_content\\Form\\MenuLinkContentForm'),
('main', 93, 'menu_link_content:5cd2f53b-4c05-42ec-b6ac-a156ef72edc2', '', 'entity.node.canonical', 'node=33', 0x613a313a7b733a343a226e6f6465223b733a323a223333223b7d, '', 0x733a31343a22434f5649442d3139202620666c75223b, 0x733a35383a224974206973206861726420746f206b6e6f772074686520646966666572656e6365206265747765656e20434f5649442d313920616e6420666c75223b, 'Drupal\\menu_link_content\\Plugin\\Menu\\MenuLinkContent', 0x613a303a7b7d, 'menu_link_content', 1, 0, 0, -47, 0x613a313a7b733a393a22656e746974795f6964223b733a313a2236223b7d, 0, 1, 93, 0, 0, 0, 0, 0, 0, 0, 0, '\\Drupal\\menu_link_content\\Form\\MenuLinkContentForm'),
('main', 94, 'menu_link_content:784e550c-b02f-4076-a1df-32095943d787', '', 'entity.node.canonical', 'node=34', 0x613a313a7b733a343a226e6f6465223b733a323a223334223b7d, '', 0x733a393a225265736f7572636573223b, 0x733a36333a2248656c70206d616b652073757265206f7468657273206b6e6f772061626f757420746865697220666c752070726f74656374696f6e20746869732079656172223b, 'Drupal\\menu_link_content\\Plugin\\Menu\\MenuLinkContent', 0x613a303a7b7d, 'menu_link_content', 1, 0, 0, -45, 0x613a313a7b733a393a22656e746974795f6964223b733a313a2237223b7d, 0, 1, 94, 0, 0, 0, 0, 0, 0, 0, 0, '\\Drupal\\menu_link_content\\Form\\MenuLinkContentForm'),
('admin', 120, 'entity.media_type.collection', 'system.admin_structure', 'entity.media_type.collection', '', 0x613a303a7b7d, '', 0x4f3a34383a2244727570616c5c436f72655c537472696e675472616e736c6174696f6e5c5472616e736c617461626c654d61726b7570223a333a7b733a393a22002a00737472696e67223b733a31313a224d65646961207479706573223b733a31323a22002a00617267756d656e7473223b613a303a7b7d733a31303a22002a006f7074696f6e73223b613a303a7b7d7d, 0x4f3a34383a2244727570616c5c436f72655c537472696e675472616e736c6174696f6e5c5472616e736c617461626c654d61726b7570223a333a7b733a393a22002a00737472696e67223b733a31393a224d616e616765206d656469612074797065732e223b733a31323a22002a00617267756d656e7473223b613a303a7b7d733a31303a22002a006f7074696f6e73223b613a303a7b7d7d, 'Drupal\\Core\\Menu\\MenuLinkDefault', 0x613a303a7b7d, 'media', 1, 1, 0, 0, 0x613a303a7b7d, 0, 3, 1, 3, 120, 0, 0, 0, 0, 0, 0, 'Drupal\\Core\\Menu\\Form\\MenuLinkDefaultForm'),
('admin', 121, 'media.settings', 'system.admin_config_media', 'media.settings', '', 0x613a303a7b7d, '', 0x4f3a34383a2244727570616c5c436f72655c537472696e675472616e736c6174696f6e5c5472616e736c617461626c654d61726b7570223a333a7b733a393a22002a00737472696e67223b733a31343a224d656469612073657474696e6773223b733a31323a22002a00617267756d656e7473223b613a303a7b7d733a31303a22002a006f7074696f6e73223b613a303a7b7d7d, 0x4f3a34383a2244727570616c5c436f72655c537472696e675472616e736c6174696f6e5c5472616e736c617461626c654d61726b7570223a333a7b733a393a22002a00737472696e67223b733a32323a224d616e616765206d656469612073657474696e67732e223b733a31323a22002a00617267756d656e7473223b613a303a7b7d733a31303a22002a006f7074696f6e73223b613a303a7b7d7d, 'Drupal\\Core\\Menu\\MenuLinkDefault', 0x613a303a7b7d, 'media', 1, 1, 0, 0, 0x613a303a7b7d, 0, 4, 1, 6, 7, 121, 0, 0, 0, 0, 0, 'Drupal\\Core\\Menu\\Form\\MenuLinkDefaultForm'),
('admin', 122, 'media_library.settings', 'system.admin_config_media', 'media_library.settings', '', 0x613a303a7b7d, '', 0x4f3a34383a2244727570616c5c436f72655c537472696e675472616e736c6174696f6e5c5472616e736c617461626c654d61726b7570223a333a7b733a393a22002a00737472696e67223b733a32323a224d65646961204c6962726172792073657474696e6773223b733a31323a22002a00617267756d656e7473223b613a303a7b7d733a31303a22002a006f7074696f6e73223b613a303a7b7d7d, 0x4f3a34383a2244727570616c5c436f72655c537472696e675472616e736c6174696f6e5c5472616e736c617461626c654d61726b7570223a333a7b733a393a22002a00737472696e67223b733a33303a224d616e616765204d65646961204c6962726172792073657474696e67732e223b733a31323a22002a00617267756d656e7473223b613a303a7b7d733a31303a22002a006f7074696f6e73223b613a303a7b7d7d, 'Drupal\\Core\\Menu\\MenuLinkDefault', 0x613a303a7b7d, 'media_library', 1, 1, 0, 0, 0x613a303a7b7d, 0, 4, 1, 6, 7, 122, 0, 0, 0, 0, 0, 'Drupal\\Core\\Menu\\Form\\MenuLinkDefaultForm'),
('footer', 124, 'menu_link_content:812d3ded-0ec0-4884-ab60-8cd05dac52e1', '', 'entity.node.canonical', 'node=43', 0x613a313a7b733a343a226e6f6465223b733a323a223433223b7d, '', 0x733a31333a22436f6f6b696520506f6c696379223b, NULL, 'Drupal\\menu_link_content\\Plugin\\Menu\\MenuLinkContent', 0x613a303a7b7d, 'menu_link_content', 1, 0, 0, -49, 0x613a313a7b733a393a22656e746974795f6964223b733a313a2239223b7d, 0, 1, 124, 0, 0, 0, 0, 0, 0, 0, 0, '\\Drupal\\menu_link_content\\Form\\MenuLinkContentForm'),
('footer', 125, 'menu_link_content:343c3138-e255-4aca-b4d8-e9708f491310', '', 'entity.node.canonical', 'node=44', 0x613a313a7b733a343a226e6f6465223b733a323a223434223b7d, '', 0x733a383a2253697465204d6170223b, NULL, 'Drupal\\menu_link_content\\Plugin\\Menu\\MenuLinkContent', 0x613a303a7b7d, 'menu_link_content', 1, 0, 0, -50, 0x613a313a7b733a393a22656e746974795f6964223b733a323a223130223b7d, 0, 1, 125, 0, 0, 0, 0, 0, 0, 0, 0, '\\Drupal\\menu_link_content\\Form\\MenuLinkContentForm'),
('admin', 144, 'chosen.admin', 'system.admin_config_ui', 'chosen.admin', '', 0x613a303a7b7d, '', 0x4f3a34383a2244727570616c5c436f72655c537472696e675472616e736c6174696f6e5c5472616e736c617461626c654d61726b7570223a333a7b733a393a22002a00737472696e67223b733a363a2243686f73656e223b733a31323a22002a00617267756d656e7473223b613a303a7b7d733a31303a22002a006f7074696f6e73223b613a303a7b7d7d, 0x4f3a34383a2244727570616c5c436f72655c537472696e675472616e736c6174696f6e5c5472616e736c617461626c654d61726b7570223a333a7b733a393a22002a00737472696e67223b733a33323a22436f6e66696775726174696f6e20666f722043686f73656e20706c7567696e2e223b733a31323a22002a00617267756d656e7473223b613a303a7b7d733a31303a22002a006f7074696f6e73223b613a303a7b7d7d, 'Drupal\\Core\\Menu\\MenuLinkDefault', 0x613a303a7b7d, 'chosen', 1, 1, 0, 0, 0x613a303a7b7d, 0, 4, 1, 6, 23, 144, 0, 0, 0, 0, 0, 'Drupal\\Core\\Menu\\Form\\MenuLinkDefaultForm'),
('admin', 145, 'entity.responsive_image_style.collection', 'system.admin_config_media', 'entity.responsive_image_style.collection', '', 0x613a303a7b7d, '', 0x4f3a34383a2244727570616c5c436f72655c537472696e675472616e736c6174696f6e5c5472616e736c617461626c654d61726b7570223a333a7b733a393a22002a00737472696e67223b733a32333a22526573706f6e7369766520696d616765207374796c6573223b733a31323a22002a00617267756d656e7473223b613a303a7b7d733a31303a22002a006f7074696f6e73223b613a303a7b7d7d, 0x4f3a34383a2244727570616c5c436f72655c537472696e675472616e736c6174696f6e5c5472616e736c617461626c654d61726b7570223a333a7b733a393a22002a00737472696e67223b733a33313a224d616e61676520726573706f6e7369766520696d616765207374796c65732e223b733a31323a22002a00617267756d656e7473223b613a303a7b7d733a31303a22002a006f7074696f6e73223b613a303a7b7d7d, 'Drupal\\Core\\Menu\\MenuLinkDefault', 0x613a303a7b7d, 'responsive_image', 1, 1, 0, 10, 0x613a303a7b7d, 0, 4, 1, 6, 7, 145, 0, 0, 0, 0, 0, 'Drupal\\Core\\Menu\\Form\\MenuLinkDefaultForm'),
('admin', 146, 'entity_type_clone.entity_type_clone', 'system.admin_config', 'entity_type_clone.type', '', 0x613a303a7b7d, '', 0x4f3a34383a2244727570616c5c436f72655c537472696e675472616e736c6174696f6e5c5472616e736c617461626c654d61726b7570223a333a7b733a393a22002a00737472696e67223b733a31373a22456e74697479205479706520436c6f6e65223b733a31323a22002a00617267756d656e7473223b613a303a7b7d733a31303a22002a006f7074696f6e73223b613a303a7b7d7d, 0x4f3a34383a2244727570616c5c436f72655c537472696e675472616e736c6174696f6e5c5472616e736c617461626c654d61726b7570223a333a7b733a393a22002a00737472696e67223b733a31373a22456e74697479205479706520436c6f6e65223b733a31323a22002a00617267756d656e7473223b613a303a7b7d733a31303a22002a006f7074696f6e73223b613a303a7b7d7d, 'Drupal\\Core\\Menu\\MenuLinkDefault', 0x613a303a7b7d, 'entity_type_clone', 1, 1, 0, 99, 0x613a303a7b7d, 0, 3, 1, 6, 146, 0, 0, 0, 0, 0, 0, 'Drupal\\Core\\Menu\\Form\\MenuLinkDefaultForm'),
('main', 147, 'menu_link_content:cb9e82b9-296c-47df-b876-93a3fc5696b4', '', 'entity.node.canonical', 'node=57', 0x613a313a7b733a343a226e6f6465223b733a323a223537223b7d, '', 0x733a393a22466c75204661637473223b, NULL, 'Drupal\\menu_link_content\\Plugin\\Menu\\MenuLinkContent', 0x613a303a7b7d, 'menu_link_content', 1, 0, 0, -46, 0x613a313a7b733a393a22656e746974795f6964223b733a323a223131223b7d, 0, 1, 147, 0, 0, 0, 0, 0, 0, 0, 0, '\\Drupal\\menu_link_content\\Form\\MenuLinkContentForm'),
('main', 148, 'menu_link_content:bdeda260-ff49-4a9b-a8d3-3abdf7975ad6', '', 'entity.node.canonical', 'node=30', 0x613a313a7b733a343a226e6f6465223b733a323a223330223b7d, '', 0x733a31363a2247657474696e672073796d70746f6d73223b, NULL, 'Drupal\\menu_link_content\\Plugin\\Menu\\MenuLinkContent', 0x613a303a7b7d, 'menu_link_content', 1, 0, 0, -49, 0x613a313a7b733a393a22656e746974795f6964223b733a323a223132223b7d, 0, 1, 148, 0, 0, 0, 0, 0, 0, 0, 0, '\\Drupal\\menu_link_content\\Form\\MenuLinkContentForm');

-- --------------------------------------------------------

--
-- Table structure for table `node`
--

CREATE TABLE `node` (
  `nid` int(10) UNSIGNED NOT NULL,
  `vid` int(10) UNSIGNED DEFAULT NULL,
  `type` varchar(32) CHARACTER SET ascii NOT NULL COMMENT 'The ID of the target entity.',
  `uuid` varchar(128) CHARACTER SET ascii NOT NULL,
  `langcode` varchar(12) CHARACTER SET ascii NOT NULL
) ENGINE=InnoDB DEFAULT CHARSET=utf8mb4 COMMENT='The base table for node entities.';

--
-- Dumping data for table `node`
--

INSERT INTO `node` (`nid`, `vid`, `type`, `uuid`, `langcode`) VALUES
(1, 455, 'page', 'd7219e70-4a77-4c33-b871-bc9861cbad41', 'en'),
(2, 3, 'page', 'c6d44515-9167-4df6-a353-67191ce1c92d', 'en'),
(3, 4, 'page', '86c536df-db45-419c-8fe9-2064b3ea94ab', 'en'),
(11, 220, 'slideshow', 'f941c2ea-ef6b-45d1-9ae0-4830d69b164e', 'en'),
(12, 219, 'slideshow', '3f20cc60-f534-4c81-95b4-bd1667ce4509', 'en'),
(13, 218, 'slideshow', 'b0fdc35f-0798-478e-bad2-4bd109f8758d', 'en'),
(30, 711, 'page', 'bfafe0fe-008d-4e38-b07c-b849267b9fbe', 'en'),
(31, 682, 'page', '89b68746-a49a-4a4e-8c3b-36395e4a08be', 'en'),
(32, 716, 'page', '3e6cd517-d2f7-4adb-9e56-c5d560469570', 'en'),
(33, 713, 'page', '1d538b74-5775-43b9-b166-c219f57f2424', 'en'),
(34, 688, 'page', '93a0f9a0-a583-444b-a8fd-edd45e7c437c', 'en'),
(35, 652, 'resource', 'cb7b4707-8cf3-4416-9ab4-c896535ef375', 'en'),
(36, 512, 'resource', '28ee60e2-1654-43e2-b859-d15ad47c191f', 'en'),
(37, 511, 'resource', '98a475e8-91f1-421f-b13a-9c253f6867de', 'en'),
(38, 510, 'resource', 'f8b9542b-43f2-4025-a0b8-0703aa031cf5', 'en'),
(39, 371, 'resource', 'f5fff2f1-dba0-4d30-b349-8eb18d7d1ff1', 'en'),
(40, 373, 'resource', '6ef2a582-04c1-4907-8281-dffe33ec9797', 'en'),
(41, 374, 'resource', '1cb0b269-5796-4418-beb0-054cbff86938', 'en'),
(42, 653, 'resource', 'ef39c286-38b6-4e3a-bad8-4504daa0b932', 'en'),
(43, 721, 'page', '24547b8a-8cea-42b2-b93f-b0a5db36c0e9', 'en'),
(44, 607, 'page', '66b6213a-0b13-4e93-8227-a807ee3d7147', 'en'),
(45, 540, 'submenu_item', '5e62d68b-28d5-4fdf-ac07-d6a86e7d186a', 'en'),
(46, 649, 'submenu_item', 'e0406308-9e75-49bb-a810-432aeda5fdc5', 'en'),
(47, 599, 'submenu_item', 'b7b378ba-5d5d-491e-809e-781d1cf2f8f5', 'en'),
(48, 539, 'submenu_item', '93b5d284-d0c8-46ab-bd42-626547f99119', 'en'),
(50, 699, 'article', 'bfb9acd2-d46e-487a-8cef-e905b67b79dd', 'en'),
(52, 714, 'article', '12e15a42-dc7c-4ad3-95aa-0b78946fe709', 'en'),
(53, 608, 'article', '5a251174-06f5-4b2c-ae5e-157e7e7486dc', 'en'),
(54, 700, 'article', 'dc6c8986-0b71-427a-9436-1bfac55f63e9', 'en'),
(55, 623, 'article', '0d2e0394-72dc-412b-b1c3-619dd029fb08', 'en'),
(56, 604, 'article', '83758dfc-5229-48b6-a7ae-506808a990b1', 'en'),
(57, 687, 'page', '497af717-4b3b-4662-9bbf-e7fb313d23d8', 'en'),
(58, 707, 'article', '1a6844e0-2bc4-42b9-a1d8-25bfcf68613c', 'en'),
(59, 618, 'article', '157e3db7-f6a9-44bf-a0cc-ca7b1b57c27c', 'en'),
(60, 708, 'article', '11dd6f67-d325-4bf5-8ac7-419fdc2c8378', 'en');

-- --------------------------------------------------------

--
-- Table structure for table `node_access`
--

CREATE TABLE `node_access` (
  `nid` int(10) UNSIGNED NOT NULL DEFAULT '0' COMMENT 'The node.nid this record affects.',
  `langcode` varchar(12) CHARACTER SET ascii NOT NULL DEFAULT '' COMMENT 'The language.langcode of this node.',
  `fallback` tinyint(3) UNSIGNED NOT NULL DEFAULT '1' COMMENT 'Boolean indicating whether this record should be used as a fallback if a language condition is not provided.',
  `gid` int(10) UNSIGNED NOT NULL DEFAULT '0' COMMENT 'The grant ID a user must possess in the specified realm to gain this row''s privileges on the node.',
  `realm` varchar(255) CHARACTER SET ascii NOT NULL DEFAULT '' COMMENT 'The realm in which the user must possess the grant ID. Modules can define one or more realms by implementing hook_node_grants().',
  `grant_view` tinyint(3) UNSIGNED NOT NULL DEFAULT '0' COMMENT 'Boolean indicating whether a user with the realm/grant pair can view this node.',
  `grant_update` tinyint(3) UNSIGNED NOT NULL DEFAULT '0' COMMENT 'Boolean indicating whether a user with the realm/grant pair can edit this node.',
  `grant_delete` tinyint(3) UNSIGNED NOT NULL DEFAULT '0' COMMENT 'Boolean indicating whether a user with the realm/grant pair can delete this node.'
) ENGINE=InnoDB DEFAULT CHARSET=utf8mb4 COMMENT='Identifies which realm/grant pairs a user must possess in…';

--
-- Dumping data for table `node_access`
--

INSERT INTO `node_access` (`nid`, `langcode`, `fallback`, `gid`, `realm`, `grant_view`, `grant_update`, `grant_delete`) VALUES
(0, '', 1, 0, 'all', 1, 0, 0);

-- --------------------------------------------------------

--
-- Table structure for table `node_field_data`
--

CREATE TABLE `node_field_data` (
  `nid` int(10) UNSIGNED NOT NULL,
  `vid` int(10) UNSIGNED NOT NULL,
  `type` varchar(32) CHARACTER SET ascii NOT NULL COMMENT 'The ID of the target entity.',
  `langcode` varchar(12) CHARACTER SET ascii NOT NULL,
  `status` tinyint(4) NOT NULL,
  `title` varchar(255) NOT NULL,
  `uid` int(10) UNSIGNED NOT NULL COMMENT 'The ID of the target entity.',
  `created` int(11) NOT NULL,
  `changed` int(11) NOT NULL,
  `promote` tinyint(4) NOT NULL,
  `sticky` tinyint(4) NOT NULL,
  `default_langcode` tinyint(4) NOT NULL,
  `revision_translation_affected` tinyint(4) DEFAULT NULL
) ENGINE=InnoDB DEFAULT CHARSET=utf8mb4 COMMENT='The data table for node entities.';

--
-- Dumping data for table `node_field_data`
--

INSERT INTO `node_field_data` (`nid`, `vid`, `type`, `langcode`, `status`, `title`, `uid`, `created`, `changed`, `promote`, `sticky`, `default_langcode`, `revision_translation_affected`) VALUES
(1, 455, 'page', 'en', 0, 'Know your flu choices this year', 1, 1523858934, 1647568112, 0, 0, 1, 1),
(2, 3, 'page', 'en', 1, '404', 1, 1523859343, 1523859384, 0, 0, 1, 1),
(3, 4, 'page', 'en', 1, '403', 1, 1523859421, 1523859430, 0, 0, 1, 1),
(11, 220, 'slideshow', 'en', 0, 'Hero 3: Flu is in season', 1, 1523934513, 1647561482, 0, 0, 1, 1),
(12, 219, 'slideshow', 'en', 0, 'Hero 2: Flu is in season', 1, 1523934618, 1647561482, 0, 0, 1, 1),
(13, 218, 'slideshow', 'en', 0, 'Hero 1: Flu is in season', 1, 1523934714, 1647561482, 0, 0, 1, 1),
(30, 711, 'page', 'en', 1, 'What should you know about flu?', 1, 1615154918, 1679029087, 0, 0, 1, 1),
(31, 682, 'page', 'en', 1, 'Anyone can catch the flu', 1, 1615159383, 1677189836, 0, 0, 1, 1),
(32, 716, 'page', 'en', 1, 'Ways to protect yourself and others from flu', 1, 1615164990, 1679261357, 0, 0, 1, 1),
(33, 713, 'page', 'en', 1, 'It is hard to know the difference between COVID-19 and flu', 1, 1615165327, 1679030679, 0, 0, 1, 1),
(34, 688, 'page', 'en', 1, 'Help make sure others know about their flu protection this year', 1, 1615166771, 1677190443, 0, 0, 1, 1),
(35, 652, 'resource', 'en', 1, 'Be ready for flu in 2023', 1, 1616238538, 1675740448, 0, 0, 1, 1),
(36, 512, 'resource', 'en', 0, 'Poster 2: Don\'t let the virus catch you off guard', 1, 1616304707, 1675740368, 0, 0, 1, 1),
(37, 511, 'resource', 'en', 0, 'Poster 3: Don\'t let the virus catch you off guard', 1, 1616304957, 1675740368, 0, 0, 1, 1),
(38, 510, 'resource', 'en', 0, 'Poster 4: Don\'t let the virus catch you off guard', 1, 1616309154, 1675740368, 0, 0, 1, 1),
(39, 371, 'resource', 'en', 0, 'Poster 5: Flu can affect anyone', 1, 1616309232, 1647557885, 0, 0, 1, 1),
(40, 373, 'resource', 'en', 0, 'Poster 6: Flu can affect anyone', 1, 1616309315, 1647557885, 0, 0, 1, 1),
(41, 374, 'resource', 'en', 0, 'Poster 7: Flu can affect anyone', 1, 1616309407, 1647557885, 0, 0, 1, 1),
(42, 653, 'resource', 'en', 1, 'Flu 2023 information brochure', 1, 1616309527, 1675740491, 0, 0, 1, 1),
(43, 721, 'page', 'en', 1, 'Cookie Policy', 1, 1647819059, 1679434180, 0, 0, 1, 1),
(44, 607, 'page', 'en', 1, 'Site Map', 1, 1647819519, 1659316481, 0, 0, 1, 1),
(45, 540, 'submenu_item', 'en', 1, 'Talk to our Virtual Flu Assistant', 1, 1658363877, 1658647336, 0, 0, 1, 1),
(46, 649, 'submenu_item', 'en', 0, 'Book in to chat about flu prevention and vaccines', 1, 1658364183, 1675735964, 0, 0, 1, 1),
(47, 599, 'submenu_item', 'en', 1, 'How much do you know about flu?', 1, 1658364327, 1659310221, 0, 0, 1, 1),
(48, 539, 'submenu_item', 'en', 1, 'Are COVID-19 and flu the same?', 1, 1658364451, 1658647317, 0, 0, 1, 1),
(50, 699, 'article', 'en', 0, 'How many people die from the flu each year?', 1, 1658718990, 1677477568, 0, 0, 1, 1),
(52, 714, 'article', 'en', 1, 'How you can avoid getting the flu', 1, 1658736358, 1679030927, 0, 0, 1, 1),
(53, 608, 'article', 'en', 1, 'Treatments for the flu', 1, 1658744285, 1659322848, 0, 0, 1, 1),
(54, 700, 'article', 'en', 0, 'Can the flu lead to other diseases?', 1, 1658788588, 1677477598, 0, 0, 1, 1),
(55, 623, 'article', 'en', 1, 'What you need to know about the flu', 1, 1658789120, 1675318047, 0, 0, 1, 1),
(56, 604, 'article', 'en', 1, 'Which flu symptoms should I check for?', 1, 1658808752, 1659313696, 0, 0, 1, 1),
(57, 687, 'page', 'en', 1, 'Flu Facts', 1, 1658986838, 1677190394, 0, 0, 1, 1),
(58, 707, 'article', 'en', 1, 'What you should know about flu vaccines', 1, 1665106378, 1678225006, 0, 0, 1, 1),
(59, 618, 'article', 'en', 1, 'How to tell the difference between a cold and the flu', 1, 1665107313, 1675152023, 0, 0, 1, 1),
(60, 708, 'article', 'en', 1, 'What you need to know about flu season in Australia', 1, 1665117113, 1678246023, 0, 0, 1, 1);

-- --------------------------------------------------------

--
-- Table structure for table `node_field_revision`
--

CREATE TABLE `node_field_revision` (
  `nid` int(10) UNSIGNED NOT NULL,
  `vid` int(10) UNSIGNED NOT NULL,
  `langcode` varchar(12) CHARACTER SET ascii NOT NULL,
  `status` tinyint(4) NOT NULL,
  `title` varchar(255) DEFAULT NULL,
  `uid` int(10) UNSIGNED NOT NULL COMMENT 'The ID of the target entity.',
  `created` int(11) DEFAULT NULL,
  `changed` int(11) DEFAULT NULL,
  `promote` tinyint(4) DEFAULT NULL,
  `sticky` tinyint(4) DEFAULT NULL,
  `default_langcode` tinyint(4) NOT NULL,
  `revision_translation_affected` tinyint(4) DEFAULT NULL
) ENGINE=InnoDB DEFAULT CHARSET=utf8mb4 COMMENT='The revision data table for node entities.';

--
-- Dumping data for table `node_field_revision`
--

INSERT INTO `node_field_revision` (`nid`, `vid`, `langcode`, `status`, `title`, `uid`, `created`, `changed`, `promote`, `sticky`, `default_langcode`, `revision_translation_affected`) VALUES
(1, 1, 'en', 1, 'Flu Vaccination', 1, 1523858934, 1523858951, 0, 0, 1, 1),
(1, 2, 'en', 1, 'Flu Vaccination', 1, 1523858934, 1523858959, 0, 0, 1, 1),
(2, 3, 'en', 1, '404', 1, 1523859343, 1523859384, 0, 0, 1, 1),
(3, 4, 'en', 1, '403', 1, 1523859421, 1523859430, 0, 0, 1, 1),
(11, 19, 'en', 1, 'You can’t argue with the facts. Get vaccinated', 1, 1523934513, 1523934603, 0, 0, 1, 1),
(12, 20, 'en', 1, 'You can’t argue with the facts. Get vaccinated', 1, 1523934618, 1523934700, 0, 0, 1, 1),
(13, 21, 'en', 1, 'You can’t argue with the facts. Get vaccinated', 1, 1523934714, 1523934759, 0, 0, 1, 1),
(11, 72, 'en', 1, 'You can’t argue with the facts. Get vaccinated', 1, 1523934513, 1524180695, 0, 0, 1, 1),
(12, 73, 'en', 1, 'You can’t argue with the facts. Get vaccinated', 1, 1523934618, 1524180717, 0, 0, 1, 1),
(13, 74, 'en', 1, 'You can’t argue with the facts. Get vaccinated', 1, 1523934714, 1524180733, 0, 0, 1, 1),
(1, 75, 'en', 1, 'Flu Truths', 1, 1523858934, 1524187071, 0, 0, 1, 1),
(1, 76, 'en', 1, 'Home', 1, 1523858934, 1524187271, 0, 0, 1, 1),
(13, 212, 'en', 1, 'Let\'s get back to life, not back to flu 1', 1, 1523934714, 1597712307, 0, 0, 1, 1),
(13, 213, 'en', 1, 'Hero 1: Let\'s get back to life, not back to flu', 1, 1523934714, 1614913544, 0, 0, 1, 1),
(12, 214, 'en', 1, 'Hero 2: Let\'s get back to life, not back to flu', 1, 1523934618, 1614913544, 0, 0, 1, 1),
(11, 215, 'en', 1, 'Hero 3: Let\'s get back to life, not back to flu', 1, 1523934513, 1597712658, 0, 0, 1, 1),
(13, 218, 'en', 0, 'Hero 1: Flu is in season', 1, 1523934714, 1647561482, 0, 0, 1, 1),
(12, 219, 'en', 0, 'Hero 2: Flu is in season', 1, 1523934618, 1647561482, 0, 0, 1, 1),
(11, 220, 'en', 0, 'Hero 3: Flu is in season', 1, 1523934513, 1647561482, 0, 0, 1, 1),
(1, 221, 'en', 1, 'Home', 1, 1523858934, 1615151246, 0, 0, 1, 1),
(1, 222, 'en', 1, 'Home', 1, 1523858934, 1615152659, 0, 0, 1, 1),
(30, 223, 'en', 1, 'About flu', 1, 1615154918, 1615154948, 0, 0, 1, 1),
(30, 224, 'en', 1, 'About flu', 1, 1615154918, 1615154957, 0, 0, 1, NULL),
(30, 225, 'en', 1, 'About flu', 1, 1615154918, 1615155308, 0, 0, 1, 1),
(30, 226, 'en', 1, 'About flu', 1, 1615154918, 1615156269, 0, 0, 1, 1),
(30, 227, 'en', 1, 'About flu', 1, 1615154918, 1615158664, 0, 0, 1, 1),
(30, 228, 'en', 1, 'About flu', 1, 1615154918, 1615159090, 0, 0, 1, 1),
(31, 229, 'en', 1, 'Anyone can catch the flu', 1, 1615159383, 1615159653, 0, 0, 1, 1),
(31, 230, 'en', 1, 'Anyone can catch the flu', 1, 1615159383, 1615160327, 0, 0, 1, 1),
(31, 231, 'en', 1, 'Anyone can catch the flu', 1, 1615159383, 1615160990, 0, 0, 1, NULL),
(31, 232, 'en', 1, 'Anyone can catch the flu', 1, 1615159383, 1615161112, 0, 0, 1, 1),
(31, 233, 'en', 1, 'Anyone can catch the flu', 1, 1615159383, 1615162278, 0, 0, 1, 1),
(32, 234, 'en', 1, 'Ways to protect yourself and others from flu', 1, 1615164990, 1615165215, 0, 0, 1, 1),
(31, 235, 'en', 1, 'Anyone can catch the flu', 1, 1615159383, 1615165271, 0, 0, 1, 1),
(30, 236, 'en', 1, 'What should you know about flu (influenza)?', 1, 1615154918, 1615165295, 0, 0, 1, 1),
(33, 237, 'en', 1, 'It is hard to know the difference between Covid-19 and flu', 1, 1615165327, 1615165513, 0, 0, 1, 1),
(33, 238, 'en', 1, 'It is hard to know the difference between Covid-19 and flu', 1, 1615165327, 1615165947, 0, 0, 1, 1),
(33, 239, 'en', 1, 'It is hard to know the difference between Covid-19 and flu', 1, 1615165327, 1615165977, 0, 0, 1, 1),
(34, 240, 'en', 1, 'Help make sure others know their flu choices', 1, 1615166771, 1615166924, 0, 0, 1, 1),
(30, 241, 'en', 1, 'What should you know about flu (influenza)?', 1, 1615154918, 1615175170, 0, 0, 1, 1),
(30, 242, 'en', 1, 'What should you know about flu (influenza)?', 1, 1615154918, 1615176437, 0, 0, 1, 1),
(30, 243, 'en', 1, 'What should you know about flu (influenza)?', 1, 1615154918, 1615176605, 0, 0, 1, 1),
(30, 244, 'en', 1, 'What should you know about flu (influenza)?', 1, 1615154918, 1615176625, 0, 0, 1, 1),
(30, 245, 'en', 1, 'What should you know about flu (influenza)?', 1, 1615154918, 1615176702, 0, 0, 1, 1),
(30, 246, 'en', 1, 'What should you know about flu (influenza)?', 1, 1615154918, 1615178963, 0, 0, 1, 1),
(30, 247, 'en', 1, 'What should you know about flu (influenza)?', 1, 1615154918, 1615179138, 0, 0, 1, 1),
(30, 248, 'en', 1, 'What should you know about flu (influenza)?', 1, 1615154918, 1615179155, 0, 0, 1, 1),
(30, 249, 'en', 1, 'What should you know about flu (influenza)?', 1, 1615154918, 1615179420, 0, 0, 1, 1),
(30, 250, 'en', 1, 'What should you know about flu (influenza)?', 1, 1615154918, 1615179944, 0, 0, 1, 1),
(30, 251, 'en', 1, 'What should you know about flu (influenza)?', 1, 1615154918, 1615180569, 0, 0, 1, NULL),
(30, 252, 'en', 1, 'What should you know about flu (influenza)?', 1, 1615154918, 1615180698, 0, 0, 1, 1),
(30, 253, 'en', 1, 'What should you know about flu (influenza)?', 1, 1615154918, 1615180714, 0, 0, 1, 1),
(30, 254, 'en', 1, 'What should you know about flu (influenza)?', 1, 1615154918, 1615181176, 0, 0, 1, 1),
(30, 255, 'en', 1, 'What should you know about flu (influenza)?', 1, 1615154918, 1615845208, 0, 0, 1, 1),
(30, 256, 'en', 1, 'What should you know about flu (influenza)?', 1, 1615154918, 1615849426, 0, 0, 1, 1),
(30, 257, 'en', 1, 'What should you know about flu (influenza)?', 1, 1615154918, 1615850058, 0, 0, 1, 1),
(30, 258, 'en', 1, 'What should you know about flu (influenza)?', 1, 1615154918, 1615850095, 0, 0, 1, 1),
(30, 259, 'en', 1, 'What should you know about flu (influenza)?', 1, 1615154918, 1615856027, 0, 0, 1, 1),
(30, 260, 'en', 1, 'What should you know about flu (influenza)?', 1, 1615154918, 1615856664, 0, 0, 1, 1),
(30, 261, 'en', 1, 'What should you know about flu (influenza)?', 1, 1615154918, 1615864517, 0, 0, 1, 1),
(30, 262, 'en', 1, 'What should you know about flu (influenza)?', 1, 1615154918, 1615941707, 0, 0, 1, 1),
(30, 263, 'en', 1, 'What should you know about flu (influenza)?', 1, 1615154918, 1615942785, 0, 0, 1, 1),
(30, 264, 'en', 1, 'What should you know about flu (influenza)?', 1, 1615154918, 1615943010, 0, 0, 1, 1),
(30, 265, 'en', 1, 'What should you know about flu (influenza)?', 1, 1615154918, 1615943399, 0, 0, 1, 1),
(30, 268, 'en', 1, 'What should you know about flu (influenza)?', 1, 1615154918, 1615951026, 0, 0, 1, 1),
(30, 269, 'en', 1, 'What should you know about flu (influenza)?', 1, 1615154918, 1615951334, 0, 0, 1, 1),
(30, 270, 'en', 1, 'What should you know about flu (influenza)?', 1, 1615154918, 1615951397, 0, 0, 1, 1),
(30, 271, 'en', 1, 'What should you know about flu (influenza)?', 1, 1615154918, 1615956870, 0, 0, 1, 1),
(30, 272, 'en', 1, 'What should you know about flu (influenza)?', 1, 1615154918, 1616014844, 0, 0, 1, 1),
(30, 273, 'en', 1, 'What should you know about flu (influenza)?', 1, 1615154918, 1616015467, 0, 0, 1, 1),
(30, 274, 'en', 1, 'What should you know about flu (influenza)?', 1, 1615154918, 1616017563, 0, 0, 1, 1),
(30, 275, 'en', 1, 'What should you know about flu (influenza)?', 1, 1615154918, 1616022716, 0, 0, 1, 1),
(30, 277, 'en', 1, 'What should you know about flu (influenza)?', 1, 1615154918, 1616030063, 0, 0, 1, 1),
(30, 278, 'en', 1, 'What should you know about flu (influenza)?', 1, 1615154918, 1616030639, 0, 0, 1, 1),
(30, 279, 'en', 1, 'What should you know about flu (influenza)?', 1, 1615154918, 1616030708, 0, 0, 1, 1),
(30, 290, 'en', 1, 'What should you know about flu (influenza)?', 1, 1615154918, 1616038651, 0, 0, 1, 1),
(30, 291, 'en', 1, 'What should you know about flu (influenza)?', 1, 1615154918, 1616038681, 0, 0, 1, 1),
(30, 292, 'en', 1, 'What should you know about flu (influenza)?', 1, 1615154918, 1616039555, 0, 0, 1, 1),
(34, 293, 'en', 1, 'Help make sure others know their flu choices', 1, 1615166771, 1616039618, 0, 0, 1, 1),
(30, 294, 'en', 1, 'What should you know about flu (influenza)?', 1, 1615154918, 1616039654, 0, 0, 1, 1),
(30, 295, 'en', 1, 'What should you know about flu (influenza)?', 1, 1615154918, 1616039702, 0, 0, 1, NULL),
(30, 296, 'en', 1, 'What should you know about flu?', 1, 1615154918, 1616039731, 0, 0, 1, 1),
(33, 297, 'en', 1, 'It is hard to know the difference between Covid-19 and flu', 1, 1615165327, 1616039780, 0, 0, 1, 1),
(31, 298, 'en', 1, 'Anyone can catch the flu', 1, 1615159383, 1616039795, 0, 0, 1, 1),
(32, 299, 'en', 1, 'Ways to protect yourself and others from flu', 1, 1615164990, 1616040094, 0, 0, 1, 1),
(30, 300, 'en', 1, 'What should you know about flu?', 1, 1615154918, 1616040724, 0, 0, 1, 1),
(30, 301, 'en', 1, 'What should you know about flu?', 1, 1615154918, 1616040784, 0, 0, 1, 1),
(30, 302, 'en', 1, 'What should you know about flu?', 1, 1615154918, 1616043875, 0, 0, 1, 1),
(30, 303, 'en', 1, 'What should you know about flu?', 1, 1615154918, 1616044390, 0, 0, 1, 1),
(31, 304, 'en', 1, 'Anyone can catch the flu', 1, 1615159383, 1616044606, 0, 0, 1, 1),
(31, 305, 'en', 1, 'Anyone can catch the flu', 1, 1615159383, 1616044828, 0, 0, 1, 1),
(31, 306, 'en', 1, 'Anyone can catch the flu', 1, 1615159383, 1616044876, 0, 0, 1, 1),
(31, 307, 'en', 1, 'Anyone can catch the flu', 1, 1615159383, 1616044907, 0, 0, 1, 1),
(30, 308, 'en', 1, 'What should you know about flu?', 1, 1615154918, 1616101726, 0, 0, 1, 1),
(31, 309, 'en', 1, 'Anyone can catch the flu', 1, 1615159383, 1616101765, 0, 0, 1, 1),
(32, 310, 'en', 1, 'Ways to protect yourself and others from flu', 1, 1615164990, 1616101810, 0, 0, 1, 1),
(33, 311, 'en', 1, 'It is hard to know the difference between Covid-19 and flu', 1, 1615165327, 1616101822, 0, 0, 1, 1),
(34, 312, 'en', 1, 'Help make sure others know their flu choices', 1, 1615166771, 1616101849, 0, 0, 1, 1),
(30, 313, 'en', 1, 'What should you know about flu?', 1, 1615154918, 1616102284, 0, 0, 1, NULL),
(31, 314, 'en', 1, 'Anyone can catch the flu', 1, 1615159383, 1616104343, 0, 0, 1, 1),
(31, 315, 'en', 1, 'Anyone can catch the flu', 1, 1615159383, 1616105276, 0, 0, 1, 1),
(31, 316, 'en', 1, 'Anyone can catch the flu', 1, 1615159383, 1616107276, 0, 0, 1, 1),
(31, 317, 'en', 1, 'Anyone can catch the flu', 1, 1615159383, 1616107378, 0, 0, 1, 1),
(31, 318, 'en', 1, 'Anyone can catch the flu', 1, 1615159383, 1616107518, 0, 0, 1, 1),
(31, 319, 'en', 1, 'Anyone can catch the flu', 1, 1615159383, 1616107926, 0, 0, 1, 1),
(31, 320, 'en', 1, 'Anyone can catch the flu', 1, 1615159383, 1616113135, 0, 0, 1, 1),
(31, 321, 'en', 1, 'Anyone can catch the flu', 1, 1615159383, 1616114321, 0, 0, 1, 1),
(31, 322, 'en', 1, 'Anyone can catch the flu', 1, 1615159383, 1616117512, 0, 0, 1, 1),
(31, 323, 'en', 1, 'Anyone can catch the flu', 1, 1615159383, 1616117905, 0, 0, 1, 1),
(32, 324, 'en', 1, 'Ways to protect yourself and others from flu', 1, 1615164990, 1616123127, 0, 0, 1, 1),
(32, 325, 'en', 1, 'Ways to protect yourself and others from flu', 1, 1615164990, 1616123175, 0, 0, 1, 1),
(32, 326, 'en', 1, 'Ways to protect yourself and others from flu', 1, 1615164990, 1616123877, 0, 0, 1, 1),
(32, 327, 'en', 1, 'Ways to protect yourself and others from flu', 1, 1615164990, 1616124366, 0, 0, 1, 1),
(32, 328, 'en', 1, 'Ways to protect yourself and others from flu', 1, 1615164990, 1616125775, 0, 0, 1, 1),
(32, 329, 'en', 1, 'Ways to protect yourself and others from flu', 1, 1615164990, 1616125972, 0, 0, 1, 1),
(32, 330, 'en', 1, 'Ways to protect yourself and others from flu', 1, 1615164990, 1616126094, 0, 0, 1, 1),
(32, 331, 'en', 1, 'Ways to protect yourself and others from flu', 1, 1615164990, 1616126645, 0, 0, 1, 1),
(32, 332, 'en', 1, 'Ways to protect yourself and others from flu', 1, 1615164990, 1616126690, 0, 0, 1, 1),
(32, 333, 'en', 1, 'Ways to protect yourself and others from flu', 1, 1615164990, 1616126716, 0, 0, 1, 1),
(1, 334, 'en', 1, 'Home', 1, 1523858934, 1616129729, 0, 0, 1, 1),
(1, 335, 'en', 1, 'Home', 1, 1523858934, 1616129794, 0, 0, 1, 1),
(32, 336, 'en', 1, 'Ways to protect yourself and others from flu', 1, 1615164990, 1616131892, 0, 0, 1, 1),
(33, 337, 'en', 1, 'It is hard to know the difference between Covid-19 and flu', 1, 1615165327, 1616218018, 0, 0, 1, 1),
(33, 338, 'en', 1, 'It is hard to know the difference between Covid-19 and flu', 1, 1615165327, 1616218363, 0, 0, 1, 1),
(33, 339, 'en', 1, 'It is hard to know the difference between Covid-19 and flu', 1, 1615165327, 1616229217, 0, 0, 1, 1),
(33, 340, 'en', 1, 'It is hard to know the difference between Covid-19 and flu', 1, 1615165327, 1616229752, 0, 0, 1, 1),
(33, 341, 'en', 1, 'It is hard to know the difference between Covid-19 and flu', 1, 1615165327, 1616229779, 0, 0, 1, 1),
(33, 342, 'en', 1, 'It is hard to know the difference between Covid-19 and flu', 1, 1615165327, 1616229814, 0, 0, 1, 1),
(33, 343, 'en', 1, 'It is hard to know the difference between Covid-19 and flu', 1, 1615165327, 1616229863, 0, 0, 1, 1),
(33, 344, 'en', 1, 'It is hard to know the difference between Covid-19 and flu', 1, 1615165327, 1616231314, 0, 0, 1, 1),
(33, 345, 'en', 1, 'It is hard to know the difference between Covid-19 and flu', 1, 1615165327, 1616234800, 0, 0, 1, 1),
(33, 346, 'en', 1, 'It is hard to know the difference between Covid-19 and flu', 1, 1615165327, 1616234910, 0, 0, 1, 1),
(34, 347, 'en', 1, 'Help make sure others know their flu choices', 1, 1615166771, 1616235140, 0, 0, 1, 1),
(34, 348, 'en', 1, 'Help make sure others know their flu choices', 1, 1615166771, 1616235238, 0, 0, 1, 1),
(35, 349, 'en', 1, 'Poster 1: Flu can affect anyone poster ', 1, 1616238538, 1616238814, 0, 0, 1, 1),
(35, 350, 'en', 1, 'Poster 1: Flu can affect anyone poster ', 1, 1616238538, 1616239203, 0, 0, 1, 1),
(36, 351, 'en', 1, 'Flu 2021 A3 Poster 2', 1, 1616304707, 1616304894, 0, 0, 1, 1),
(35, 352, 'en', 1, 'Poster 1: Flu can affect anyone', 1, 1616238538, 1616304938, 0, 0, 1, 1),
(36, 353, 'en', 1, 'Poster 2: Flu can affect anyone', 1, 1616304707, 1616304953, 0, 0, 1, 1),
(37, 354, 'en', 1, 'Poster 3: Flu can affect anyone', 1, 1616304957, 1616305018, 0, 0, 1, 1),
(37, 355, 'en', 1, 'Poster 3: Flu can affect anyone', 1, 1616304957, 1616305038, 0, 0, 1, 1),
(36, 356, 'en', 1, 'Poster 2: Flu can affect anyone', 1, 1616304707, 1616305052, 0, 0, 1, 1),
(37, 357, 'en', 1, 'Poster 3: Flu can affect anyone', 1, 1616304957, 1616309114, 0, 0, 1, NULL),
(38, 358, 'en', 1, 'Poster 4: Flu can affect anyone', 1, 1616309154, 1616309197, 0, 0, 1, 1),
(38, 359, 'en', 1, 'Poster 4: Flu can affect anyone', 1, 1616309154, 1616309226, 0, 0, 1, 1),
(39, 360, 'en', 1, 'Poster 5: Flu can affect anyone', 1, 1616309232, 1616309294, 0, 0, 1, 1),
(39, 361, 'en', 1, 'Poster 5: Flu can affect anyone', 1, 1616309232, 1616309309, 0, 0, 1, 1),
(40, 362, 'en', 1, 'Poster 6: Flu can affect anyone', 1, 1616309315, 1616309400, 0, 0, 1, 1),
(41, 363, 'en', 1, 'Poster 7: Flu can affect anyone', 1, 1616309407, 1616309498, 0, 0, 1, 1),
(42, 364, 'en', 1, 'Flu 2021 patient brochure', 1, 1616309527, 1616309598, 0, 0, 1, 1),
(42, 365, 'en', 1, 'Flu 2021 patient brochure', 1, 1616309527, 1616309614, 0, 0, 1, 1),
(42, 366, 'en', 0, 'Flu 2021 patient brochure', 1, 1616309527, 1647557885, 0, 0, 1, 1),
(35, 367, 'en', 0, 'Poster 1: Flu can affect anyone', 1, 1616238538, 1647557885, 0, 0, 1, 1),
(36, 368, 'en', 0, 'Poster 2: Flu can affect anyone', 1, 1616304707, 1647557885, 0, 0, 1, 1),
(37, 369, 'en', 0, 'Poster 3: Flu can affect anyone', 1, 1616304957, 1647557885, 0, 0, 1, 1),
(38, 370, 'en', 0, 'Poster 4: Flu can affect anyone', 1, 1616309154, 1647557885, 0, 0, 1, 1),
(39, 371, 'en', 0, 'Poster 5: Flu can affect anyone', 1, 1616309232, 1647557885, 0, 0, 1, 1),
(40, 372, 'en', 1, 'Poster 6: Flu can affect anyone', 1, 1616309315, 1616310427, 0, 0, 1, 1),
(40, 373, 'en', 0, 'Poster 6: Flu can affect anyone', 1, 1616309315, 1647557885, 0, 0, 1, 1),
(41, 374, 'en', 0, 'Poster 7: Flu can affect anyone', 1, 1616309407, 1647557885, 0, 0, 1, 1),
(34, 375, 'en', 1, 'Help make sure others know their flu choices', 1, 1615166771, 1616311155, 0, 0, 1, NULL),
(30, 376, 'en', 1, 'What should you know about flu?', 1, 1615154918, 1616320383, 0, 0, 1, 1),
(33, 377, 'en', 1, 'It is hard to know the difference between Covid-19 and flu', 1, 1615165327, 1616320776, 0, 0, 1, 1),
(33, 378, 'en', 1, 'It is hard to know the difference between Covid-19 and flu', 1, 1615165327, 1616321075, 0, 0, 1, 1),
(33, 379, 'en', 1, 'It is hard to know the difference between Covid-19 and flu', 1, 1615165327, 1616321392, 0, 0, 1, 1),
(30, 380, 'en', 1, 'What should you know about flu?', 1, 1615154918, 1616321875, 0, 0, 1, 1),
(30, 381, 'en', 1, 'What should you know about flu?', 1, 1615154918, 1616324226, 0, 0, 1, 1),
(30, 382, 'en', 1, 'What should you know about flu?', 1, 1615154918, 1616324892, 0, 0, 1, 1),
(30, 383, 'en', 1, 'What should you know about flu?', 1, 1615154918, 1616325095, 0, 0, 1, 1),
(30, 384, 'en', 1, 'What should you know about flu?', 1, 1615154918, 1616362186, 0, 0, 1, 1),
(30, 385, 'en', 1, 'What should you know about flu?', 1, 1615154918, 1616372552, 0, 0, 1, 1),
(30, 386, 'en', 1, 'What should you know about flu?', 1, 1615154918, 1616372593, 0, 0, 1, 1),
(31, 387, 'en', 1, 'Anyone can catch the flu', 1, 1615159383, 1616384644, 0, 0, 1, 1),
(30, 388, 'en', 1, 'What should you know about flu?', 1, 1615154918, 1616461937, 0, 0, 1, 1),
(31, 389, 'en', 1, 'Anyone can catch the flu', 1, 1615159383, 1616462389, 0, 0, 1, 1),
(32, 390, 'en', 1, 'Ways to protect yourself and others from flu', 1, 1615164990, 1616462517, 0, 0, 1, 1),
(32, 391, 'en', 1, 'Ways to protect yourself and others from flu', 1, 1615164990, 1616462758, 0, 0, 1, 1),
(30, 392, 'en', 1, 'What should you know about flu?', 1, 1615154918, 1616476411, 0, 0, 1, 1),
(31, 393, 'en', 1, 'Anyone can catch the flu', 1, 1615159383, 1616477375, 0, 0, 1, 1),
(33, 394, 'en', 1, 'It is hard to know the difference between Covid-19 and flu', 1, 1615165327, 1616477474, 0, 0, 1, 1),
(30, 395, 'en', 1, 'What should you know about flu?', 1, 1615154918, 1616477930, 0, 0, 1, 1),
(34, 396, 'en', 1, 'Help make sure others know their flu choices', 1, 1615166771, 1616534811, 0, 0, 1, 1),
(34, 397, 'en', 1, 'Help make sure others know about their flu choices this year', 1, 1615166771, 1616534871, 0, 0, 1, 1),
(32, 398, 'en', 1, 'Ways to protect yourself and others from flu', 1, 1615164990, 1616538252, 0, 0, 1, 1),
(32, 399, 'en', 1, 'Ways to protect yourself and others from flu', 1, 1615164990, 1616538681, 0, 0, 1, 1),
(1, 400, 'en', 1, 'Know your flu choices this year', 1, 1523858934, 1616549798, 0, 0, 1, 1),
(30, 401, 'en', 1, 'What should you know about flu?', 1, 1615154918, 1617222526, 0, 0, 1, 1),
(31, 402, 'en', 1, 'Anyone can catch the flu', 1, 1615159383, 1617224445, 0, 0, 1, 1),
(31, 403, 'en', 1, 'Anyone can catch the flu', 1, 1615159383, 1617224549, 0, 0, 1, 1),
(33, 404, 'en', 1, 'It is hard to know the difference between Covid-19 and flu', 1, 1615165327, 1617225604, 0, 0, 1, 1),
(31, 405, 'en', 1, 'Anyone can catch the flu', 1, 1615159383, 1617225953, 0, 0, 1, 1),
(33, 406, 'en', 1, 'It is hard to know the difference between Covid-19 and flu', 1, 1615165327, 1617232782, 0, 0, 1, 1),
(31, 407, 'en', 1, 'Anyone can catch the flu', 1, 1615159383, 1617232803, 0, 0, 1, 1),
(33, 408, 'en', 1, 'It is hard to know the difference between Covid-19 and flu', 1, 1615165327, 1617233554, 0, 0, 1, 1),
(1, 409, 'en', 1, 'Know your flu choices this year', 1, 1523858934, 1617996751, 0, 0, 1, 1),
(1, 410, 'en', 1, 'Know your flu choices this year', 1, 1523858934, 1617997901, 0, 0, 1, 1),
(1, 411, 'en', 1, 'Know your flu choices this year', 1, 1523858934, 1617998126, 0, 0, 1, 1),
(1, 412, 'en', 1, 'Know your flu choices this year', 1, 1523858934, 1617998650, 0, 0, 1, 1),
(1, 413, 'en', 1, 'Know your flu choices this year', 1, 1523858934, 1618007646, 0, 0, 1, 1),
(1, 414, 'en', 1, 'Know your flu choices this year', 1, 1523858934, 1618056357, 0, 0, 1, 1),
(1, 415, 'en', 1, 'Know your flu choices this year', 1, 1523858934, 1618056858, 0, 0, 1, 1),
(1, 416, 'en', 1, 'Know your flu choices this year', 1, 1523858934, 1618058272, 0, 0, 1, 1),
(1, 417, 'en', 1, 'Know your flu choices this year', 1, 1523858934, 1618130728, 0, 0, 1, 1),
(1, 418, 'en', 1, 'Know your flu choices this year', 1, 1523858934, 1618131805, 0, 0, 1, 1),
(1, 419, 'en', 1, 'Know your flu choices this year', 1, 1523858934, 1618132473, 0, 0, 1, 1),
(1, 420, 'en', 1, 'Know your flu choices this year', 1, 1523858934, 1618132625, 0, 0, 1, 1),
(1, 421, 'en', 1, 'Know your flu choices this year', 1, 1523858934, 1618136442, 0, 0, 1, 1),
(1, 422, 'en', 1, 'Know your flu choices this year', 1, 1523858934, 1618178971, 0, 0, 1, 1),
(1, 423, 'en', 1, 'Know your flu choices this year', 1, 1523858934, 1618179168, 0, 0, 1, 1),
(1, 424, 'en', 1, 'Know your flu choices this year', 1, 1523858934, 1618180188, 0, 0, 1, 1),
(1, 425, 'en', 1, 'Know your flu choices this year', 1, 1523858934, 1618180223, 0, 0, 1, 1),
(1, 426, 'en', 1, 'Know your flu choices this year', 1, 1523858934, 1618195529, 0, 0, 1, 1),
(1, 427, 'en', 1, 'Know your flu choices this year', 1, 1523858934, 1618197270, 0, 0, 1, 1),
(1, 428, 'en', 1, 'Know your flu choices this year', 1, 1523858934, 1618197782, 0, 0, 1, 1),
(1, 429, 'en', 1, 'Know your flu choices this year', 1, 1523858934, 1618197997, 0, 0, 1, 1),
(1, 430, 'en', 1, 'Know your flu choices this year', 1, 1523858934, 1618206088, 0, 0, 1, 1),
(1, 431, 'en', 1, 'Know your flu choices this year', 1, 1523858934, 1618206275, 0, 0, 1, 1),
(1, 432, 'en', 1, 'Know your flu choices this year', 1, 1523858934, 1618280599, 0, 0, 1, 1),
(1, 433, 'en', 1, 'Know your flu choices this year', 1, 1523858934, 1618281171, 0, 0, 1, 1),
(1, 434, 'en', 1, 'Know your flu choices this year', 1, 1523858934, 1618292621, 0, 0, 1, 1),
(1, 435, 'en', 1, 'Know your flu choices this year', 1, 1523858934, 1618370738, 0, 0, 1, 1),
(1, 436, 'en', 1, 'Know your flu choices this year', 1, 1523858934, 1618371272, 0, 0, 1, 1),
(1, 437, 'en', 1, 'Know your flu choices this year', 1, 1523858934, 1618373168, 0, 0, 1, 1),
(1, 438, 'en', 1, 'Know your flu choices this year', 1, 1523858934, 1618373205, 0, 0, 1, 1),
(1, 439, 'en', 1, 'Know your flu choices this year', 1, 1523858934, 1618375675, 0, 0, 1, 1),
(1, 440, 'en', 1, 'Know your flu choices this year', 1, 1523858934, 1618375718, 0, 0, 1, 1),
(1, 441, 'en', 1, 'Know your flu choices this year', 1, 1523858934, 1618376266, 0, 0, 1, 1),
(1, 442, 'en', 1, 'Know your flu choices this year', 1, 1523858934, 1618436378, 0, 0, 1, 1),
(1, 443, 'en', 1, 'Know your flu choices this year', 1, 1523858934, 1618436722, 0, 0, 1, 1),
(1, 444, 'en', 1, 'Know your flu choices this year', 1, 1523858934, 1618436772, 0, 0, 1, 1),
(1, 445, 'en', 1, 'Know your flu choices this year', 1, 1523858934, 1618462718, 0, 0, 1, NULL),
(1, 446, 'en', 1, 'Know your flu choices this year', 1, 1523858934, 1618537083, 0, 0, 1, 1),
(1, 447, 'en', 1, 'Know your flu choices this year', 1, 1523858934, 1618782978, 0, 0, 1, 1),
(1, 448, 'en', 1, 'Know your flu choices this year', 1, 1523858934, 1618800066, 0, 0, 1, 1),
(32, 449, 'en', 1, 'Ways to protect yourself and others from flu', 1, 1615164990, 1618876857, 0, 0, 1, 1),
(1, 450, 'en', 1, 'Know your flu choices this year', 1, 1523858934, 1619058250, 0, 0, 1, 1),
(1, 451, 'en', 1, 'Know your flu choices this year', 1, 1523858934, 1619058538, 0, 0, 1, 1),
(1, 452, 'en', 1, 'Know your flu choices this year', 1, 1523858934, 1619058860, 0, 0, 1, 1),
(1, 453, 'en', 1, 'Know your flu choices this year', 1, 1523858934, 1619506899, 0, 0, 1, 1),
(1, 454, 'en', 1, 'Know your flu choices this year', 1, 1523858934, 1619507282, 0, 0, 1, 1),
(1, 455, 'en', 0, 'Know your flu choices this year', 1, 1523858934, 1647568112, 0, 0, 1, 1),
(30, 456, 'en', 1, 'What should you know about flu?', 1, 1615154918, 1623385772, 0, 0, 1, 1),
(31, 457, 'en', 1, 'Anyone can catch the flu', 1, 1615159383, 1623386097, 0, 0, 1, 1),
(33, 458, 'en', 1, 'It is hard to know the difference between Covid-19 and flu', 1, 1615165327, 1623386145, 0, 0, 1, 1),
(32, 459, 'en', 1, 'Ways to protect yourself and others from flu', 1, 1615164990, 1623386182, 0, 0, 1, 1),
(30, 460, 'en', 1, 'What should you know about flu?', 1, 1615154918, 1647319316, 0, 0, 1, 1),
(30, 461, 'en', 1, 'What should you know about flu?', 1, 1615154918, 1647319917, 0, 0, 1, 1),
(30, 462, 'en', 1, 'What should you know about flu?', 1, 1615154918, 1647320255, 0, 0, 1, 1),
(30, 463, 'en', 1, 'What should you know about flu?', 1, 1615154918, 1647320567, 0, 0, 1, 1),
(30, 464, 'en', 1, 'What should you know about flu?', 1, 1615154918, 1647321108, 0, 0, 1, 1),
(33, 465, 'en', 1, 'It is hard to know the difference between Covid-19 and flu', 1, 1615165327, 1647321188, 0, 0, 1, 1),
(33, 466, 'en', 1, 'It is hard to know the difference between Covid-19 and flu', 1, 1615165327, 1647321781, 0, 0, 1, 1),
(32, 467, 'en', 1, 'Ways to protect yourself and others from flu', 1, 1615164990, 1647322166, 0, 0, 1, 1),
(30, 468, 'en', 1, 'What should you know about flu?', 1, 1615154918, 1647380078, 0, 0, 1, 1),
(30, 469, 'en', 1, 'What should you know about flu?', 1, 1615154918, 1647380927, 0, 0, 1, 1),
(31, 470, 'en', 1, 'Anyone can catch the flu', 1, 1615159383, 1647381888, 0, 0, 1, 1),
(32, 471, 'en', 1, 'Ways to protect yourself and others from flu', 1, 1615164990, 1647382835, 0, 0, 1, 1),
(32, 472, 'en', 1, 'Ways to protect yourself and others from flu', 1, 1615164990, 1647383035, 0, 0, 1, 1),
(32, 473, 'en', 1, 'Ways to protect yourself and others from flu', 1, 1615164990, 1647383181, 0, 0, 1, 1),
(32, 474, 'en', 1, 'Ways to protect yourself and others from flu', 1, 1615164990, 1647383337, 0, 0, 1, 1),
(32, 475, 'en', 1, 'Ways to protect yourself and others from flu', 1, 1615164990, 1647383462, 0, 0, 1, 1),
(32, 476, 'en', 1, 'Ways to protect yourself and others from flu', 1, 1615164990, 1647383668, 0, 0, 1, 1),
(32, 477, 'en', 1, 'Ways to protect yourself and others from flu', 1, 1615164990, 1647383780, 0, 0, 1, 1),
(33, 478, 'en', 1, 'It is hard to know the difference between Covid-19 and flu', 1, 1615165327, 1647384648, 0, 0, 1, 1),
(33, 479, 'en', 1, 'It is hard to know the difference between Covid-19 and flu', 1, 1615165327, 1647384686, 0, 0, 1, 1),
(34, 480, 'en', 1, 'Help make sure others know about their flu protection this year', 1, 1615166771, 1647401402, 0, 0, 1, 1),
(34, 481, 'en', 1, 'Help make sure others know about their flu protection this year', 1, 1615166771, 1647401470, 0, 0, 1, 1),
(30, 482, 'en', 1, 'What should you know about flu?', 1, 1615154918, 1647406818, 0, 0, 1, 1),
(34, 483, 'en', 1, 'Help make sure others know about their flu protection this year', 1, 1615166771, 1647409536, 0, 0, 1, NULL),
(33, 484, 'en', 1, 'It is hard to know the difference between Covid-19 and flu', 1, 1615165327, 1647416425, 0, 0, 1, 1),
(33, 485, 'en', 1, 'It is hard to know the difference between Covid-19 and flu', 1, 1615165327, 1647416543, 0, 0, 1, 1),
(33, 486, 'en', 1, 'It is hard to know the difference between Covid-19 and flu', 1, 1615165327, 1647489235, 0, 0, 1, 1),
(33, 487, 'en', 1, 'It is hard to know the difference between Covid-19 and flu', 1, 1615165327, 1647489410, 0, 0, 1, 1),
(30, 488, 'en', 1, 'What should you know about flu?', 1, 1615154918, 1647497545, 0, 0, 1, 1),
(33, 489, 'en', 1, 'It is hard to know the difference between Covid-19 and flu', 1, 1615165327, 1647498403, 0, 0, 1, 1),
(31, 490, 'en', 1, 'Anyone can catch the flu', 1, 1615159383, 1647499014, 0, 0, 1, 1),
(31, 491, 'en', 1, 'Anyone can catch the flu', 1, 1615159383, 1647499060, 0, 0, 1, 1),
(30, 492, 'en', 1, 'What should you know about flu?', 1, 1615154918, 1647499129, 0, 0, 1, 1),
(32, 493, 'en', 1, 'Ways to protect yourself and others from flu', 1, 1615164990, 1647499194, 0, 0, 1, 1),
(32, 494, 'en', 1, 'Ways to protect yourself and others from flu', 1, 1615164990, 1647499482, 0, 0, 1, 1),
(33, 495, 'en', 1, 'It is hard to know the difference between Covid-19 and flu', 1, 1615165327, 1647499727, 0, 0, 1, 1),
(33, 496, 'en', 1, 'It is hard to know the difference between Covid-19 and flu', 1, 1615165327, 1647500253, 0, 0, 1, 1),
(33, 497, 'en', 1, 'It is hard to know the difference between Covid-19 and flu', 1, 1615165327, 1647556863, 0, 0, 1, 1),
(34, 498, 'en', 1, 'Help make sure others know about their flu protection this year', 1, 1615166771, 1647557827, 0, 0, 1, 1),
(42, 499, 'en', 0, 'Flu 2022 information brochure', 1, 1616309527, 1647560363, 0, 0, 1, 1),
(42, 500, 'en', 1, 'Flu 2022 information brochure', 1, 1616309527, 1647560369, 0, 0, 1, 1),
(35, 501, 'en', 1, 'Poster 1: Don\'t let the virus catch you off guard.', 1, 1616238538, 1647560462, 0, 0, 1, 1),
(36, 502, 'en', 1, 'Poster 2: Don\'t let the virus catch you off guard.', 1, 1616304707, 1647560523, 0, 0, 1, 1),
(37, 503, 'en', 1, 'Poster 3: Don\'t let the virus catch you off guard', 1, 1616304957, 1647560821, 0, 0, 1, 1),
(38, 504, 'en', 1, 'Poster 4: Don\'t let the virus catch you off guard', 1, 1616309154, 1647560857, 0, 0, 1, 1),
(36, 505, 'en', 1, 'Poster 2: Don\'t let the virus catch you off guard', 1, 1616304707, 1647560879, 0, 0, 1, 1),
(35, 506, 'en', 1, 'Poster 1: Don\'t let the virus catch you off guard', 1, 1616238538, 1647560903, 0, 0, 1, 1),
(31, 507, 'en', 1, 'Anyone can catch the flu', 1, 1615159383, 1647568377, 0, 0, 1, 1),
(31, 508, 'en', 1, 'Anyone can catch the flu', 1, 1615159383, 1647568536, 0, 0, 1, 1),
(33, 509, 'en', 1, 'It is hard to know the difference between Covid-19 and flu', 1, 1615165327, 1647568734, 0, 0, 1, 1),
(38, 510, 'en', 0, 'Poster 4: Don\'t let the virus catch you off guard', 1, 1616309154, 1675740368, 0, 0, 1, 1),
(37, 511, 'en', 0, 'Poster 3: Don\'t let the virus catch you off guard', 1, 1616304957, 1675740368, 0, 0, 1, 1),
(36, 512, 'en', 0, 'Poster 2: Don\'t let the virus catch you off guard', 1, 1616304707, 1675740368, 0, 0, 1, 1),
(35, 513, 'en', 1, 'Poster 1: Don\'t let the virus catch you off guard', 1, 1616238538, 1647568879, 0, 0, 1, 1),
(32, 514, 'en', 1, 'Ways to protect yourself and others from flu', 1, 1615164990, 1647576126, 0, 0, 1, NULL),
(33, 515, 'en', 1, 'It is hard to know the difference between Covid-19 and flu', 1, 1615165327, 1647576393, 0, 0, 1, 1),
(43, 516, 'en', 1, 'Cookie Policy', 1, 1647819059, 1647819296, 0, 0, 1, 1),
(43, 517, 'en', 1, 'Cookie Policy', 1, 1647819059, 1647819338, 0, 0, 1, NULL),
(43, 518, 'en', 1, 'Cookie Policy', 1, 1647819059, 1647819394, 0, 0, 1, NULL),
(44, 519, 'en', 1, 'Site Map', 1, 1647819519, 1647819575, 0, 0, 1, 1),
(43, 520, 'en', 0, 'Cookie Policy', 1, 1647819059, 1648672142, 0, 0, 1, 1),
(43, 521, 'en', 1, 'Cookie Policy', 1, 1647819059, 1648672567, 0, 0, 1, 1),
(43, 522, 'en', 1, 'Cookie Policy', 1, 1647819059, 1648672618, 0, 0, 1, 1),
(43, 523, 'en', 0, 'Cookie Policy', 1, 1647819059, 1648672749, 0, 0, 1, 1),
(30, 524, 'en', 1, 'What should you know about flu?', 1, 1615154918, 1658306537, 0, 0, 1, 1),
(30, 525, 'en', 1, 'What should you know about flu?', 1, 1615154918, 1658362457, 0, 0, 1, 1),
(45, 526, 'en', 1, 'Talk to our Virtual Flu Assistant', 1, 1658363877, 1658363974, 0, 0, 1, 1),
(46, 527, 'en', 1, 'Book in to chat about flu prevention and vaccines', 1, 1658364183, 1658364294, 0, 0, 1, 1),
(47, 528, 'en', 1, 'How much do you know about flu?', 1, 1658364327, 1658364438, 0, 0, 1, 1),
(48, 529, 'en', 1, 'Are COVID-19 and flu the same?', 1, 1658364451, 1658364793, 0, 0, 1, 1),
(45, 530, 'en', 1, 'Talk to our Virtual Flu Assistant', 1, 1658363877, 1658373577, 0, 0, 1, 1),
(46, 531, 'en', 1, 'Book in to chat about flu prevention and vaccines', 1, 1658364183, 1658373614, 0, 0, 1, 1),
(47, 532, 'en', 1, 'How much do you know about flu?', 1, 1658364327, 1658373636, 0, 0, 1, 1),
(48, 533, 'en', 1, 'Are COVID-19 and flu the same?', 1, 1658364451, 1658373655, 0, 0, 1, 1),
(45, 534, 'en', 1, 'Talk to our Virtual Flu Assistant', 1, 1658363877, 1658373668, 0, 0, 1, 1),
(30, 535, 'en', 1, 'What should you know about flu?', 1, 1615154918, 1658386865, 0, 0, 1, 1),
(30, 536, 'en', 1, 'What should you know about flu?', 1, 1615154918, 1658387186, 0, 0, 1, 1),
(46, 537, 'en', 1, 'Book in to chat about flu prevention and vaccines', 1, 1658364183, 1658647294, 0, 0, 1, 1),
(47, 538, 'en', 1, 'How much do you know about flu?', 1, 1658364327, 1658647305, 0, 0, 1, 1),
(48, 539, 'en', 1, 'Are COVID-19 and flu the same?', 1, 1658364451, 1658647317, 0, 0, 1, 1),
(45, 540, 'en', 1, 'Talk to our Virtual Flu Assistant', 1, 1658363877, 1658647336, 0, 0, 1, 1),
(30, 541, 'en', 1, 'What should you know about flu?', 1, 1615154918, 1658701440, 0, 0, 1, 1),
(31, 542, 'en', 1, 'Anyone can catch the flu', 1, 1615159383, 1658706813, 0, 0, 1, 1),
(31, 543, 'en', 1, 'Anyone can catch the flu', 1, 1615159383, 1658706857, 0, 0, 1, 1),
(32, 544, 'en', 1, 'Ways to protect yourself and others from flu', 1, 1615164990, 1658707195, 0, 0, 1, 1),
(33, 545, 'en', 1, 'It is hard to know the difference between Covid-19 and flu', 1, 1615165327, 1658707930, 0, 0, 1, 1),
(50, 552, 'en', 1, 'How many people die from the flu each year?', 1, 1658718990, 1658719237, 0, 0, 1, 1),
(50, 553, 'en', 1, 'How many people die from the flu each year?', 1, 1658718990, 1658719856, 0, 0, 1, NULL),
(47, 554, 'en', 1, 'How much do you know about flu?', 1, 1658364327, 1658719987, 0, 0, 1, 1),
(50, 555, 'en', 1, 'How many people die from the flu each year?', 1, 1658718990, 1658727702, 0, 0, 1, 1),
(50, 556, 'en', 1, 'How many people die from the flu each year?', 1, 1658718990, 1658728117, 0, 0, 1, 1),
(50, 557, 'en', 1, 'How many people die from the flu each year?', 1, 1658718990, 1658728693, 0, 0, 1, 1),
(50, 558, 'en', 1, 'How many people die from the flu each year?', 1, 1658718990, 1658728735, 0, 0, 1, 1),
(50, 566, 'en', 1, 'How many people die from the flu each year?', 1, 1658718990, 1658734369, 0, 0, 1, 1),
(52, 567, 'en', 1, 'How you can avoid getting the flu', 1, 1658736358, 1658737132, 0, 0, 1, 1),
(50, 568, 'en', 1, 'How many people die from the flu each year?', 1, 1658718990, 1658737614, 0, 0, 1, 1),
(52, 569, 'en', 1, 'How you can avoid getting the flu', 1, 1658736358, 1658743187, 0, 0, 1, 1),
(53, 570, 'en', 1, 'Treatments for the flu', 1, 1658744285, 1658744910, 0, 0, 1, 1),
(50, 571, 'en', 1, 'How many people die from the flu each year?', 1, 1658718990, 1658744948, 0, 0, 1, 1),
(53, 572, 'en', 1, 'Treatments for the flu', 1, 1658744285, 1658788506, 0, 0, 1, 1),
(54, 573, 'en', 1, 'Can the flu lead to other diseases?', 1, 1658788588, 1658788989, 0, 0, 1, 1),
(54, 574, 'en', 1, 'Can the flu lead to other diseases?', 1, 1658788588, 1658789010, 0, 0, 1, 1),
(55, 575, 'en', 1, 'What you need to know about the flu', 1, 1658789120, 1658789808, 0, 0, 1, 1),
(52, 576, 'en', 1, 'How you can avoid getting the flu', 1, 1658736358, 1658789859, 0, 0, 1, 1),
(56, 577, 'en', 1, 'Which flu symptoms should I check for?', 1, 1658808752, 1658809309, 0, 0, 1, 1),
(52, 578, 'en', 1, 'How you can avoid getting the flu', 1, 1658736358, 1658822158, 0, 0, 1, 1),
(50, 579, 'en', 1, 'How many people die from the flu each year?', 1, 1658718990, 1658822739, 0, 0, 1, 1),
(53, 580, 'en', 1, 'Treatments for the flu', 1, 1658744285, 1658822762, 0, 0, 1, 1),
(54, 581, 'en', 1, 'Can the flu lead to other diseases?', 1, 1658788588, 1658822786, 0, 0, 1, 1),
(55, 582, 'en', 1, 'What you need to know about the flu', 1, 1658789120, 1658822811, 0, 0, 1, 1),
(56, 583, 'en', 1, 'Which flu symptoms should I check for?', 1, 1658808752, 1658822836, 0, 0, 1, 1),
(52, 584, 'en', 1, 'How you can avoid getting the flu', 1, 1658736358, 1658822864, 0, 0, 1, 1),
(50, 585, 'en', 1, 'How many people die from the flu each year?', 1, 1658718990, 1658822886, 0, 0, 1, NULL),
(54, 586, 'en', 1, 'Can the flu lead to other diseases?', 1, 1658788588, 1658823096, 0, 0, 1, 1),
(55, 587, 'en', 1, 'What you need to know about the flu', 1, 1658789120, 1658823111, 0, 0, 1, 1),
(52, 588, 'en', 1, 'How you can avoid getting the flu', 1, 1658736358, 1658823141, 0, 0, 1, 1),
(52, 589, 'en', 1, 'How you can avoid getting the flu', 1, 1658736358, 1658823649, 0, 0, 1, 1),
(53, 590, 'en', 1, 'Treatments for the flu', 1, 1658744285, 1658986258, 0, 0, 1, 1),
(56, 591, 'en', 1, 'Which flu symptoms should I check for?', 1, 1658808752, 1658986313, 0, 0, 1, 1),
(50, 592, 'en', 1, 'How many people die from the flu each year?', 1, 1658718990, 1658986332, 0, 0, 1, 1),
(54, 593, 'en', 1, 'Can the flu lead to other diseases?', 1, 1658788588, 1658986352, 0, 0, 1, 1),
(55, 594, 'en', 1, 'What you need to know about the flu', 1, 1658789120, 1658986471, 0, 0, 1, 1),
(52, 595, 'en', 1, 'How you can avoid getting the flu', 1, 1658736358, 1658986495, 0, 0, 1, 1),
(57, 596, 'en', 1, 'Flu Facts', 1, 1658986838, 1658987042, 0, 0, 1, 1),
(57, 597, 'en', 1, 'Flu Facts', 1, 1658986838, 1658987244, 0, 0, 1, 1),
(57, 598, 'en', 1, 'Flu Facts', 1, 1658986838, 1658989867, 0, 0, 1, NULL),
(47, 599, 'en', 1, 'How much do you know about flu?', 1, 1658364327, 1659310221, 0, 0, 1, 1),
(34, 600, 'en', 1, 'Help make sure others know about their flu protection this year', 1, 1615166771, 1659310413, 0, 0, 1, NULL),
(30, 601, 'en', 1, 'What should you know about flu?', 1, 1615154918, 1659310953, 0, 0, 1, 1),
(31, 602, 'en', 1, 'Anyone can catch the flu', 1, 1615159383, 1659310977, 0, 0, 1, 1),
(33, 603, 'en', 1, 'It is hard to know the difference between Covid-19 and flu', 1, 1615165327, 1659311013, 0, 0, 1, 1),
(56, 604, 'en', 1, 'Which flu symptoms should I check for?', 1, 1658808752, 1659313696, 0, 0, 1, 1),
(44, 605, 'en', 1, 'Site Map', 1, 1647819519, 1659315857, 0, 0, 1, 1),
(44, 606, 'en', 1, 'Site Map', 1, 1647819519, 1659315941, 0, 0, 1, 1),
(44, 607, 'en', 1, 'Site Map', 1, 1647819519, 1659316481, 0, 0, 1, 1),
(53, 608, 'en', 1, 'Treatments for the flu', 1, 1658744285, 1659322848, 0, 0, 1, 1),
(50, 609, 'en', 1, 'How many people die from the flu each year?', 1, 1658718990, 1659322866, 0, 0, 1, 1),
(54, 610, 'en', 1, 'Can the flu lead to other diseases?', 1, 1658788588, 1659322883, 0, 0, 1, 1),
(55, 611, 'en', 1, 'What you need to know about the flu', 1, 1658789120, 1659322898, 0, 0, 1, 1),
(52, 612, 'en', 1, 'How you can avoid getting the flu', 1, 1658736358, 1659322914, 0, 0, 1, 1),
(58, 613, 'en', 1, 'What you should know about flu vaccines', 1, 1665106378, 1665107198, 0, 0, 1, 1),
(59, 614, 'en', 1, 'How to tell the difference between a cold and the flu', 1, 1665107313, 1665107797, 0, 0, 1, 1),
(60, 615, 'en', 1, 'What you need to know about flu season in Australia', 1, 1665117113, 1665118231, 0, 0, 1, 1),
(58, 616, 'en', 1, 'What you should know about flu vaccines', 1, 1665106378, 1665118321, 0, 0, 1, 1),
(60, 617, 'en', 1, 'What you need to know about flu season in Australia', 1, 1665117113, 1665119809, 0, 0, 1, 1),
(59, 618, 'en', 1, 'How to tell the difference between a cold and the flu', 1, 1665107313, 1675152023, 0, 0, 1, 1),
(52, 619, 'en', 1, 'How you can avoid getting the flu', 1, 1658736358, 1675313029, 0, 0, 1, 1),
(52, 620, 'en', 1, 'How you can avoid getting the flu', 1, 1658736358, 1675313059, 0, 0, 1, 1),
(52, 621, 'en', 1, 'How you can avoid getting the flu', 1, 1658736358, 1675313298, 0, 0, 1, 1),
(52, 622, 'en', 1, 'How you can avoid getting the flu', 1, 1658736358, 1675317383, 0, 0, 1, 1),
(55, 623, 'en', 1, 'What you need to know about the flu', 1, 1658789120, 1675318047, 0, 0, 1, 1),
(52, 624, 'en', 1, 'How you can avoid getting the flu', 1, 1658736358, 1675377948, 0, 0, 1, 1),
(52, 625, 'en', 1, 'How you can avoid getting the flu', 1, 1658736358, 1675378112, 0, 0, 1, 1),
(31, 626, 'en', 1, 'Anyone can catch the flu', 1, 1615159383, 1675724753, 0, 0, 1, 1),
(31, 627, 'en', 1, 'Anyone can catch the flu', 1, 1615159383, 1675725099, 0, 0, 1, 1),
(31, 628, 'en', 1, 'Anyone can catch the flu', 1, 1615159383, 1675725841, 0, 0, 1, 1),
(31, 629, 'en', 1, 'Anyone can catch the flu', 1, 1615159383, 1675727994, 0, 0, 1, NULL),
(30, 630, 'en', 1, 'What should you know about flu?', 1, 1615154918, 1675728002, 0, 0, 1, NULL),
(30, 631, 'en', 1, 'What should you know about flu?', 1, 1615154918, 1675728238, 0, 0, 1, 1),
(31, 632, 'en', 1, 'Anyone can catch the flu', 1, 1615159383, 1675728253, 0, 0, 1, 1),
(30, 633, 'en', 1, 'What should you know about flu?', 1, 1615154918, 1675728310, 0, 0, 1, 1),
(30, 634, 'en', 1, 'What should you know about flu?', 1, 1615154918, 1675728774, 0, 0, 1, 1),
(30, 635, 'en', 1, 'What should you know about flu?', 1, 1615154918, 1675730053, 0, 0, 1, 1),
(30, 636, 'en', 1, 'What should you know about flu?', 1, 1615154918, 1675730347, 0, 0, 1, NULL),
(32, 637, 'en', 1, 'Ways to protect yourself and others from flu', 1, 1615164990, 1675731318, 0, 0, 1, 1),
(32, 638, 'en', 1, 'Ways to protect yourself and others from flu', 1, 1615164990, 1675731497, 0, 0, 1, 1),
(32, 639, 'en', 1, 'Ways to protect yourself and others from flu', 1, 1615164990, 1675731549, 0, 0, 1, 1),
(32, 640, 'en', 1, 'Ways to protect yourself and others from flu', 1, 1615164990, 1675731802, 0, 0, 1, NULL),
(32, 641, 'en', 1, 'Ways to protect yourself and others from flu', 1, 1615164990, 1675731834, 0, 0, 1, 1),
(33, 642, 'en', 1, 'It is hard to know the difference between Covid-19 and flu', 1, 1615165327, 1675733459, 0, 0, 1, 1),
(57, 643, 'en', 1, 'Flu Facts', 1, 1658986838, 1675734223, 0, 0, 1, 1),
(30, 644, 'en', 1, 'What should you know about flu?', 1, 1615154918, 1675734391, 0, 0, 1, 1),
(34, 645, 'en', 1, 'Help make sure others know about their flu protection this year', 1, 1615166771, 1675734653, 0, 0, 1, 1),
(42, 646, 'en', 1, 'Flu 2022 information brochure', 1, 1616309527, 1675735743, 0, 0, 1, 1),
(42, 647, 'en', 1, 'Flu 2022 information brochure', 1, 1616309527, 1675735756, 0, 0, 1, 1),
(42, 648, 'en', 1, 'Flu 2023 information brochure', 1, 1616309527, 1675735894, 0, 0, 1, 1),
(46, 649, 'en', 0, 'Book in to chat about flu prevention and vaccines', 1, 1658364183, 1675735964, 0, 0, 1, 1),
(42, 650, 'en', 0, 'Flu 2023 information brochure', 1, 1616309527, 1675740368, 0, 0, 1, 1),
(35, 651, 'en', 1, 'Poster 1: Don\'t let the virus catch you off guard', 1, 1616238538, 1675740340, 0, 0, 1, 1),
(35, 652, 'en', 1, 'Be ready for flu in 2023', 1, 1616238538, 1675740448, 0, 0, 1, 1),
(42, 653, 'en', 1, 'Flu 2023 information brochure', 1, 1616309527, 1675740491, 0, 0, 1, 1),
(31, 654, 'en', 1, 'Anyone can catch the flu', 1, 1615159383, 1675741294, 0, 0, 1, 1),
(31, 655, 'en', 1, 'Anyone can catch the flu', 1, 1615159383, 1675741342, 0, 0, 1, 1),
(31, 656, 'en', 1, 'Anyone can catch the flu', 1, 1615159383, 1675741792, 0, 0, 1, 1),
(31, 657, 'en', 1, 'Anyone can catch the flu', 1, 1615159383, 1675741959, 0, 0, 1, 1),
(31, 658, 'en', 1, 'Anyone can catch the flu', 1, 1615159383, 1675742324, 0, 0, 1, 1),
(30, 659, 'en', 1, 'What should you know about flu?', 1, 1615154918, 1675743986, 0, 0, 1, 1),
(34, 660, 'en', 1, 'Help make sure others know about their flu protection this year', 1, 1615166771, 1675745554, 0, 0, 1, 1),
(57, 661, 'en', 1, 'Flu Facts', 1, 1658986838, 1675751591, 0, 0, 1, 1),
(57, 662, 'en', 1, 'Flu Facts', 1, 1658986838, 1675978265, 0, 0, 1, 1),
(32, 663, 'en', 1, 'Ways to protect yourself and others from flu', 1, 1615164990, 1677109269, 0, 0, 1, 1),
(30, 664, 'en', 1, 'What should you know about flu?', 1, 1615154918, 1677121793, 0, 0, 1, 1),
(30, 665, 'en', 1, 'What should you know about flu?', 1, 1615154918, 1677121808, 0, 0, 1, 1),
(31, 666, 'en', 1, 'Anyone can catch the flu', 1, 1615159383, 1677121856, 0, 0, 1, 1),
(57, 667, 'en', 1, 'Flu Facts', 1, 1658986838, 1677122137, 0, 0, 1, 1),
(57, 668, 'en', 1, 'Flu Facts', 1, 1658986838, 1677122153, 0, 0, 1, 1),
(31, 669, 'en', 1, 'Anyone can catch the flu', 1, 1615159383, 1677126031, 0, 0, 1, 1),
(30, 670, 'en', 1, 'What should you know about flu?', 1, 1615154918, 1677126192, 0, 0, 1, 1),
(31, 671, 'en', 1, 'Anyone can catch the flu', 1, 1615159383, 1677142103, 0, 0, 1, 1),
(31, 672, 'en', 1, 'Anyone can catch the flu', 1, 1615159383, 1677142646, 0, 0, 1, 1),
(30, 673, 'en', 1, 'What should you know about flu?', 1, 1615154918, 1677142950, 0, 0, 1, 1),
(30, 674, 'en', 1, 'What should you know about flu?', 1, 1615154918, 1677143022, 0, 0, 1, 1),
(30, 675, 'en', 1, 'What should you know about flu?', 1, 1615154918, 1677143053, 0, 0, 1, 1),
(33, 676, 'en', 1, 'It is hard to know the difference between Covid-19 and flu', 1, 1615165327, 1677143400, 0, 0, 1, 1),
(30, 677, 'en', 1, 'What should you know about flu?', 1, 1615154918, 1677143612, 0, 0, 1, 1),
(57, 678, 'en', 1, 'Flu Facts', 1, 1658986838, 1677143654, 0, 0, 1, 1),
(33, 679, 'en', 1, 'It is hard to know the difference between Covid-19 and flu', 1, 1615165327, 1677144166, 0, 0, 1, 1),
(33, 680, 'en', 1, 'It is hard to know the difference between Covid-19 and flu', 1, 1615165327, 1677144222, 0, 0, 1, 1),
(34, 681, 'en', 1, 'Help make sure others know about their flu protection this year', 1, 1615166771, 1677189552, 0, 0, 1, 1),
(31, 682, 'en', 1, 'Anyone can catch the flu', 1, 1615159383, 1677189836, 0, 0, 1, 1),
(33, 683, 'en', 1, 'It is hard to know the difference between Covid-19 and flu', 1, 1615165327, 1677189900, 0, 0, 1, 1),
(33, 684, 'en', 1, 'It is hard to know the difference between Covid-19 and flu', 1, 1615165327, 1677190073, 0, 0, 1, 1),
(33, 685, 'en', 1, 'It is hard to know the difference between Covid-19 and flu', 1, 1615165327, 1677190115, 0, 0, 1, 1),
(32, 686, 'en', 1, 'Ways to protect yourself and others from flu', 1, 1615164990, 1677190332, 0, 0, 1, 1),
(57, 687, 'en', 1, 'Flu Facts', 1, 1658986838, 1677190394, 0, 0, 1, 1),
(34, 688, 'en', 1, 'Help make sure others know about their flu protection this year', 1, 1615166771, 1677190443, 0, 0, 1, 1),
(30, 689, 'en', 1, 'What should you know about flu?', 1, 1615154918, 1677191837, 0, 0, 1, 1),
(32, 690, 'en', 1, 'Ways to protect yourself and others from flu', 1, 1615164990, 1677474654, 0, 0, 1, 1),
(33, 691, 'en', 1, 'It is hard to know the difference between Covid-19 and flu', 1, 1615165327, 1677475753, 0, 0, 1, 1),
(33, 692, 'en', 1, 'It is hard to know the difference between Covid-19 and flu', 1, 1615165327, 1677475855, 0, 0, 1, 1),
(33, 693, 'en', 1, 'It is hard to know the difference between Covid-19 and flu', 1, 1615165327, 1677476055, 0, 0, 1, 1),
(33, 694, 'en', 1, 'It is hard to know the difference between Covid-19 and flu', 1, 1615165327, 1677476882, 0, 0, 1, 1),
(33, 695, 'en', 1, 'It is hard to know the difference between Covid-19 and flu', 1, 1615165327, 1677477082, 0, 0, 1, 1),
(33, 696, 'en', 1, 'It is hard to know the difference between Covid-19 and flu', 1, 1615165327, 1677477162, 0, 0, 1, 1),
(33, 697, 'en', 1, 'It is hard to know the difference between Covid-19 and flu', 1, 1615165327, 1677477394, 0, 0, 1, 1),
(33, 698, 'en', 1, 'It is hard to know the difference between Covid-19 and flu', 1, 1615165327, 1677477427, 0, 0, 1, 1),
(50, 699, 'en', 0, 'How many people die from the flu each year?', 1, 1658718990, 1677477568, 0, 0, 1, 1),
(54, 700, 'en', 0, 'Can the flu lead to other diseases?', 1, 1658788588, 1677477598, 0, 0, 1, 1),
(60, 701, 'en', 1, 'What you need to know about flu season in Australia', 1, 1665117113, 1677652101, 0, 0, 1, 1),
(52, 702, 'en', 1, 'How you can avoid getting the flu', 1, 1658736358, 1677652295, 0, 0, 1, 1),
(60, 703, 'en', 1, 'What you need to know about flu season in Australia', 1, 1665117113, 1677719812, 0, 0, 1, 1),
(60, 704, 'en', 1, 'What you need to know about flu season in Australia', 1, 1665117113, 1677722570, 0, 0, 1, 1),
(58, 705, 'en', 1, 'What you should know about flu vaccines', 1, 1665106378, 1678151464, 0, 0, 1, 1),
(58, 706, 'en', 1, 'What you should know about flu vaccines', 1, 1665106378, 1678156818, 0, 0, 1, 1),
(58, 707, 'en', 1, 'What you should know about flu vaccines', 1, 1665106378, 1678225006, 0, 0, 1, 1),
(60, 708, 'en', 1, 'What you need to know about flu season in Australia', 1, 1665117113, 1678246023, 0, 0, 1, 1),
(30, 709, 'en', 1, 'What should you know about flu?', 1, 1615154918, 1679028606, 0, 0, 1, 1),
(30, 710, 'en', 1, 'What should you know about flu?', 1, 1615154918, 1679028665, 0, 0, 1, 1),
(30, 711, 'en', 1, 'What should you know about flu?', 1, 1615154918, 1679029087, 0, 0, 1, 1),
(32, 712, 'en', 1, 'Ways to protect yourself and others from flu', 1, 1615164990, 1679030558, 0, 0, 1, 1),
(33, 713, 'en', 1, 'It is hard to know the difference between COVID-19 and flu', 1, 1615165327, 1679030679, 0, 0, 1, 1),
(52, 714, 'en', 1, 'How you can avoid getting the flu', 1, 1658736358, 1679030927, 0, 0, 1, 1),
(32, 715, 'en', 1, 'Ways to protect yourself and others from flu', 1, 1615164990, 1679031967, 0, 0, 1, 1),
(32, 716, 'en', 1, 'Ways to protect yourself and others from flu', 1, 1615164990, 1679261357, 0, 0, 1, 1),
(43, 717, 'en', 1, 'Cookie Policy', 1, 1647819059, 1679433381, 0, 0, 1, 1),
(43, 718, 'en', 1, 'Cookie Policy', 1, 1647819059, 1679433978, 0, 0, 1, 1),
(43, 719, 'en', 1, 'Cookie Policy', 1, 1647819059, 1679434017, 0, 0, 1, 1),
(43, 720, 'en', 1, 'Cookie Policy', 1, 1647819059, 1679434117, 0, 0, 1, 1),
(43, 721, 'en', 1, 'Cookie Policy', 1, 1647819059, 1679434180, 0, 0, 1, 1);

-- --------------------------------------------------------

--
-- Table structure for table `node_revision`
--

CREATE TABLE `node_revision` (
  `nid` int(10) UNSIGNED NOT NULL,
  `vid` int(10) UNSIGNED NOT NULL,
  `langcode` varchar(12) CHARACTER SET ascii NOT NULL,
  `revision_uid` int(10) UNSIGNED DEFAULT NULL COMMENT 'The ID of the target entity.',
  `revision_timestamp` int(11) DEFAULT NULL,
  `revision_log` longtext,
  `revision_default` tinyint(4) DEFAULT NULL
) ENGINE=InnoDB DEFAULT CHARSET=utf8mb4 COMMENT='The revision table for node entities.';

--
-- Dumping data for table `node_revision`
--

INSERT INTO `node_revision` (`nid`, `vid`, `langcode`, `revision_uid`, `revision_timestamp`, `revision_log`, `revision_default`) VALUES
(1, 1, 'en', 1, 1523858951, NULL, 1),
(1, 2, 'en', 1, 1523858959, NULL, 1),
(2, 3, 'en', 1, 1523859384, NULL, 1),
(3, 4, 'en', 1, 1523859430, NULL, 1),
(11, 19, 'en', 1, 1523934603, NULL, 1),
(12, 20, 'en', 1, 1523934700, NULL, 1),
(13, 21, 'en', 1, 1523934759, NULL, 1),
(11, 72, 'en', 1, 1524180695, NULL, 1),
(12, 73, 'en', 1, 1524180717, NULL, 1),
(13, 74, 'en', 1, 1524180733, NULL, 1),
(1, 75, 'en', 1, 1524187071, NULL, 1),
(1, 76, 'en', 1, 1524187271, NULL, 1),
(13, 212, 'en', 1, 1597712307, NULL, 1),
(13, 213, 'en', 1, 1597712442, NULL, 1),
(12, 214, 'en', 1, 1597712544, NULL, 1),
(11, 215, 'en', 1, 1597712658, NULL, 1),
(13, 218, 'en', 1, 1614913927, NULL, 1),
(12, 219, 'en', 1, 1614913993, NULL, 1),
(11, 220, 'en', 1, 1614914046, NULL, 1),
(1, 221, 'en', 1, 1615151246, NULL, 1),
(1, 222, 'en', 1, 1615152659, NULL, 1),
(30, 223, 'en', 1, 1615154948, NULL, 1),
(30, 224, 'en', 1, 1615154957, NULL, 1),
(30, 225, 'en', 1, 1615155308, NULL, 1),
(30, 226, 'en', 1, 1615156269, NULL, 1),
(30, 227, 'en', 1, 1615158664, NULL, 1),
(30, 228, 'en', 1, 1615159090, NULL, 1),
(31, 229, 'en', 1, 1615159653, NULL, 1),
(31, 230, 'en', 1, 1615160327, NULL, 1),
(31, 231, 'en', 1, 1615160990, NULL, 1),
(31, 232, 'en', 1, 1615161112, NULL, 1),
(31, 233, 'en', 1, 1615162278, NULL, 1),
(32, 234, 'en', 1, 1615165215, NULL, 1),
(31, 235, 'en', 1, 1615165271, NULL, 1),
(30, 236, 'en', 1, 1615165295, NULL, 1),
(33, 237, 'en', 1, 1615165513, NULL, 1),
(33, 238, 'en', 1, 1615165947, NULL, 1),
(33, 239, 'en', 1, 1615165977, NULL, 1),
(34, 240, 'en', 1, 1615166924, NULL, 1),
(30, 241, 'en', 1, 1615175170, NULL, 1),
(30, 242, 'en', 1, 1615176437, NULL, 1),
(30, 243, 'en', 1, 1615176605, NULL, 1),
(30, 244, 'en', 1, 1615176625, NULL, 1),
(30, 245, 'en', 1, 1615176702, NULL, 1),
(30, 246, 'en', 1, 1615178963, NULL, 1),
(30, 247, 'en', 1, 1615179138, NULL, 1),
(30, 248, 'en', 1, 1615179155, NULL, 1),
(30, 249, 'en', 1, 1615179420, NULL, 1),
(30, 250, 'en', 1, 1615179944, NULL, 1),
(30, 251, 'en', 1, 1615180569, NULL, 1),
(30, 252, 'en', 1, 1615180698, NULL, 1),
(30, 253, 'en', 1, 1615180714, NULL, 1),
(30, 254, 'en', 1, 1615181176, NULL, 1),
(30, 255, 'en', 1, 1615845208, NULL, 1),
(30, 256, 'en', 1, 1615849426, NULL, 1),
(30, 257, 'en', 1, 1615850058, NULL, 1),
(30, 258, 'en', 1, 1615850095, NULL, 1),
(30, 259, 'en', 1, 1615856027, NULL, 1),
(30, 260, 'en', 1, 1615856664, NULL, 1),
(30, 261, 'en', 1, 1615864517, NULL, 1),
(30, 262, 'en', 1, 1615941707, NULL, 1),
(30, 263, 'en', 1, 1615942785, NULL, 1),
(30, 264, 'en', 1, 1615943010, NULL, 1),
(30, 265, 'en', 1, 1615943399, NULL, 1),
(30, 268, 'en', 1, 1615951026, NULL, 1),
(30, 269, 'en', 1, 1615951334, NULL, 1),
(30, 270, 'en', 1, 1615951397, NULL, 1),
(30, 271, 'en', 1, 1615956870, NULL, 1),
(30, 272, 'en', 1, 1616014844, NULL, 1),
(30, 273, 'en', 1, 1616015467, NULL, 1),
(30, 274, 'en', 1, 1616017563, NULL, 1),
(30, 275, 'en', 1, 1616022716, NULL, 1),
(30, 277, 'en', 1, 1616030063, NULL, 1),
(30, 278, 'en', 1, 1616030639, NULL, 1),
(30, 279, 'en', 1, 1616030708, NULL, 1),
(30, 290, 'en', 1, 1616038651, NULL, 1),
(30, 291, 'en', 1, 1616038681, NULL, 1),
(30, 292, 'en', 1, 1616039555, NULL, 1),
(34, 293, 'en', 1, 1616039618, NULL, 1),
(30, 294, 'en', 1, 1616039654, NULL, 1),
(30, 295, 'en', 1, 1616039702, NULL, 1),
(30, 296, 'en', 1, 1616039731, NULL, 1),
(33, 297, 'en', 1, 1616039780, NULL, 1),
(31, 298, 'en', 1, 1616039795, NULL, 1),
(32, 299, 'en', 1, 1616040094, NULL, 1),
(30, 300, 'en', 1, 1616040724, NULL, 1),
(30, 301, 'en', 1, 1616040784, NULL, 1),
(30, 302, 'en', 1, 1616043875, NULL, 1),
(30, 303, 'en', 1, 1616044390, NULL, 1),
(31, 304, 'en', 1, 1616044606, NULL, 1),
(31, 305, 'en', 1, 1616044828, NULL, 1),
(31, 306, 'en', 1, 1616044876, NULL, 1),
(31, 307, 'en', 1, 1616044907, NULL, 1),
(30, 308, 'en', 1, 1616101726, NULL, 1),
(31, 309, 'en', 1, 1616101765, NULL, 1),
(32, 310, 'en', 1, 1616101810, NULL, 1),
(33, 311, 'en', 1, 1616101822, NULL, 1),
(34, 312, 'en', 1, 1616101849, NULL, 1),
(30, 313, 'en', 1, 1616102284, NULL, 1),
(31, 314, 'en', 1, 1616104343, NULL, 1),
(31, 315, 'en', 1, 1616105276, NULL, 1),
(31, 316, 'en', 1, 1616107276, NULL, 1),
(31, 317, 'en', 1, 1616107378, NULL, 1),
(31, 318, 'en', 1, 1616107518, NULL, 1),
(31, 319, 'en', 1, 1616107926, NULL, 1),
(31, 320, 'en', 1, 1616113135, NULL, 1),
(31, 321, 'en', 1, 1616114321, NULL, 1),
(31, 322, 'en', 1, 1616117512, NULL, 1),
(31, 323, 'en', 1, 1616117905, NULL, 1),
(32, 324, 'en', 1, 1616123127, NULL, 1),
(32, 325, 'en', 1, 1616123175, NULL, 1),
(32, 326, 'en', 1, 1616123877, NULL, 1),
(32, 327, 'en', 1, 1616124366, NULL, 1),
(32, 328, 'en', 1, 1616125775, NULL, 1),
(32, 329, 'en', 1, 1616125972, NULL, 1),
(32, 330, 'en', 1, 1616126094, NULL, 1),
(32, 331, 'en', 1, 1616126645, NULL, 1),
(32, 332, 'en', 1, 1616126690, NULL, 1),
(32, 333, 'en', 1, 1616126716, NULL, 1),
(1, 334, 'en', 1, 1616129729, NULL, 1),
(1, 335, 'en', 1, 1616129794, NULL, 1),
(32, 336, 'en', 1, 1616131892, NULL, 1),
(33, 337, 'en', 1, 1616218018, NULL, 1),
(33, 338, 'en', 1, 1616218363, NULL, 1),
(33, 339, 'en', 1, 1616229217, NULL, 1),
(33, 340, 'en', 1, 1616229752, NULL, 1),
(33, 341, 'en', 1, 1616229779, NULL, 1),
(33, 342, 'en', 1, 1616229814, NULL, 1),
(33, 343, 'en', 1, 1616229863, NULL, 1),
(33, 344, 'en', 1, 1616231314, NULL, 1),
(33, 345, 'en', 1, 1616234800, NULL, 1),
(33, 346, 'en', 1, 1616234910, NULL, 1),
(34, 347, 'en', 1, 1616235140, NULL, 1),
(34, 348, 'en', 1, 1616235238, NULL, 1),
(35, 349, 'en', 1, 1616238814, NULL, 1),
(35, 350, 'en', 1, 1616239203, NULL, 1),
(36, 351, 'en', 1, 1616304894, NULL, 1),
(35, 352, 'en', 1, 1616304938, NULL, 1),
(36, 353, 'en', 1, 1616304953, NULL, 1),
(37, 354, 'en', 1, 1616305018, NULL, 1),
(37, 355, 'en', 1, 1616305038, NULL, 1),
(36, 356, 'en', 1, 1616305052, NULL, 1),
(37, 357, 'en', 1, 1616309114, NULL, 1),
(38, 358, 'en', 1, 1616309197, NULL, 1),
(38, 359, 'en', 1, 1616309226, NULL, 1),
(39, 360, 'en', 1, 1616309294, NULL, 1),
(39, 361, 'en', 1, 1616309309, NULL, 1),
(40, 362, 'en', 1, 1616309400, NULL, 1),
(41, 363, 'en', 1, 1616309498, NULL, 1),
(42, 364, 'en', 1, 1616309598, NULL, 1),
(42, 365, 'en', 1, 1616309614, NULL, 1),
(42, 366, 'en', 1, 1616310214, NULL, 1),
(35, 367, 'en', 1, 1616310259, NULL, 1),
(36, 368, 'en', 1, 1616310294, NULL, 1),
(37, 369, 'en', 1, 1616310351, NULL, 1),
(38, 370, 'en', 1, 1616310375, NULL, 1),
(39, 371, 'en', 1, 1616310396, NULL, 1),
(40, 372, 'en', 1, 1616310427, NULL, 1),
(40, 373, 'en', 1, 1616310442, NULL, 1),
(41, 374, 'en', 1, 1616310481, NULL, 1),
(34, 375, 'en', 1, 1616311155, NULL, 1),
(30, 376, 'en', 1, 1616320383, NULL, 1),
(33, 377, 'en', 1, 1616320776, NULL, 1),
(33, 378, 'en', 1, 1616321075, NULL, 1),
(33, 379, 'en', 1, 1616321392, NULL, 1),
(30, 380, 'en', 1, 1616321875, NULL, 1),
(30, 381, 'en', 1, 1616324226, NULL, 1),
(30, 382, 'en', 1, 1616324892, NULL, 1),
(30, 383, 'en', 1, 1616325095, NULL, 1),
(30, 384, 'en', 1, 1616362186, NULL, 1),
(30, 385, 'en', 1, 1616372552, NULL, 1),
(30, 386, 'en', 1, 1616372593, NULL, 1),
(31, 387, 'en', 1, 1616384644, NULL, 1),
(30, 388, 'en', 1, 1616461937, NULL, 1),
(31, 389, 'en', 1, 1616462389, NULL, 1),
(32, 390, 'en', 1, 1616462517, NULL, 1),
(32, 391, 'en', 1, 1616462758, NULL, 1),
(30, 392, 'en', 1, 1616476411, NULL, 1),
(31, 393, 'en', 1, 1616477375, NULL, 1),
(33, 394, 'en', 1, 1616477474, NULL, 1),
(30, 395, 'en', 1, 1616477930, NULL, 1),
(34, 396, 'en', 1, 1616534811, NULL, 1),
(34, 397, 'en', 1, 1616534871, NULL, 1),
(32, 398, 'en', 1, 1616538252, NULL, 1),
(32, 399, 'en', 1, 1616538681, NULL, 1),
(1, 400, 'en', 1, 1616549798, NULL, 1),
(30, 401, 'en', 1, 1617222526, NULL, 1),
(31, 402, 'en', 1, 1617224445, NULL, 1),
(31, 403, 'en', 1, 1617224549, NULL, 1),
(33, 404, 'en', 1, 1617225604, NULL, 1),
(31, 405, 'en', 1, 1617225953, NULL, 1),
(33, 406, 'en', 1, 1617232782, NULL, 1),
(31, 407, 'en', 1, 1617232803, NULL, 1),
(33, 408, 'en', 1, 1617233554, NULL, 1),
(1, 409, 'en', 1, 1617996751, NULL, 1),
(1, 410, 'en', 1, 1617997901, NULL, 1),
(1, 411, 'en', 1, 1617998126, NULL, 1),
(1, 412, 'en', 1, 1617998650, NULL, 1),
(1, 413, 'en', 1, 1618007646, NULL, 1),
(1, 414, 'en', 1, 1618056357, NULL, 1),
(1, 415, 'en', 1, 1618056858, NULL, 1),
(1, 416, 'en', 1, 1618058272, NULL, 1),
(1, 417, 'en', 1, 1618130728, NULL, 1),
(1, 418, 'en', 1, 1618131805, NULL, 1),
(1, 419, 'en', 1, 1618132473, NULL, 1),
(1, 420, 'en', 1, 1618132625, NULL, 1),
(1, 421, 'en', 1, 1618136442, NULL, 1),
(1, 422, 'en', 1, 1618178971, NULL, 1),
(1, 423, 'en', 1, 1618179168, NULL, 1),
(1, 424, 'en', 1, 1618180188, NULL, 1),
(1, 425, 'en', 1, 1618180223, NULL, 1),
(1, 426, 'en', 1, 1618195529, NULL, 1),
(1, 427, 'en', 1, 1618197270, NULL, 1),
(1, 428, 'en', 1, 1618197782, NULL, 1),
(1, 429, 'en', 1, 1618197997, NULL, 1),
(1, 430, 'en', 1, 1618206088, NULL, 1),
(1, 431, 'en', 1, 1618206275, NULL, 1),
(1, 432, 'en', 1, 1618280599, NULL, 1),
(1, 433, 'en', 1, 1618281171, NULL, 1),
(1, 434, 'en', 1, 1618292621, NULL, 1),
(1, 435, 'en', 1, 1618370738, NULL, 1),
(1, 436, 'en', 1, 1618371272, NULL, 1),
(1, 437, 'en', 1, 1618373168, NULL, 1),
(1, 438, 'en', 1, 1618373205, NULL, 1),
(1, 439, 'en', 1, 1618375675, NULL, 1),
(1, 440, 'en', 1, 1618375718, NULL, 1),
(1, 441, 'en', 1, 1618376266, NULL, 1),
(1, 442, 'en', 1, 1618436378, NULL, 1),
(1, 443, 'en', 1, 1618436722, NULL, 1),
(1, 444, 'en', 1, 1618436772, NULL, 1),
(1, 445, 'en', 1, 1618462718, NULL, 1),
(1, 446, 'en', 1, 1618537083, NULL, 1),
(1, 447, 'en', 1, 1618782978, NULL, 1),
(1, 448, 'en', 1, 1618800066, NULL, 1),
(32, 449, 'en', 1, 1618876857, NULL, 1),
(1, 450, 'en', 1, 1619058250, NULL, 1),
(1, 451, 'en', 1, 1619058538, NULL, 1),
(1, 452, 'en', 1, 1619058860, NULL, 1),
(1, 453, 'en', 1, 1619506899, NULL, 1),
(1, 454, 'en', 1, 1619507282, NULL, 1),
(1, 455, 'en', 1, 1619589252, NULL, 1),
(30, 456, 'en', 1, 1623385772, NULL, 1),
(31, 457, 'en', 1, 1623386097, NULL, 1),
(33, 458, 'en', 1, 1623386145, NULL, 1),
(32, 459, 'en', 1, 1623386182, NULL, 1),
(30, 460, 'en', 1, 1647319316, NULL, 1),
(30, 461, 'en', 1, 1647319917, NULL, 1),
(30, 462, 'en', 1, 1647320255, NULL, 1),
(30, 463, 'en', 1, 1647320567, NULL, 1),
(30, 464, 'en', 1, 1647321108, NULL, 1),
(33, 465, 'en', 1, 1647321188, NULL, 1),
(33, 466, 'en', 1, 1647321781, NULL, 1),
(32, 467, 'en', 1, 1647322166, NULL, 1),
(30, 468, 'en', 1, 1647380078, NULL, 1),
(30, 469, 'en', 1, 1647380927, NULL, 1),
(31, 470, 'en', 1, 1647381888, NULL, 1),
(32, 471, 'en', 1, 1647382835, NULL, 1),
(32, 472, 'en', 1, 1647383035, NULL, 1),
(32, 473, 'en', 1, 1647383181, NULL, 1),
(32, 474, 'en', 1, 1647383337, NULL, 1),
(32, 475, 'en', 1, 1647383462, NULL, 1),
(32, 476, 'en', 1, 1647383668, NULL, 1),
(32, 477, 'en', 1, 1647383780, NULL, 1),
(33, 478, 'en', 1, 1647384648, NULL, 1),
(33, 479, 'en', 1, 1647384686, NULL, 1),
(34, 480, 'en', 1, 1647401402, NULL, 1),
(34, 481, 'en', 1, 1647401470, NULL, 1),
(30, 482, 'en', 1, 1647406818, NULL, 1),
(34, 483, 'en', 1, 1647409536, NULL, 1),
(33, 484, 'en', 1, 1647416425, NULL, 1),
(33, 485, 'en', 1, 1647416543, NULL, 1),
(33, 486, 'en', 1, 1647489235, NULL, 1),
(33, 487, 'en', 1, 1647489410, NULL, 1),
(30, 488, 'en', 1, 1647497545, NULL, 1),
(33, 489, 'en', 1, 1647498403, NULL, 1),
(31, 490, 'en', 1, 1647499014, NULL, 1),
(31, 491, 'en', 1, 1647499060, NULL, 1),
(30, 492, 'en', 1, 1647499129, NULL, 1),
(32, 493, 'en', 1, 1647499194, NULL, 1),
(32, 494, 'en', 1, 1647499482, NULL, 1),
(33, 495, 'en', 1, 1647499727, NULL, 1),
(33, 496, 'en', 1, 1647500253, NULL, 1),
(33, 497, 'en', 1, 1647556863, NULL, 1),
(34, 498, 'en', 1, 1647557827, NULL, 1),
(42, 499, 'en', 1, 1647560363, NULL, 1),
(42, 500, 'en', 1, 1647560369, NULL, 1),
(35, 501, 'en', 1, 1647560462, NULL, 1),
(36, 502, 'en', 1, 1647560523, NULL, 1),
(37, 503, 'en', 1, 1647560821, NULL, 1),
(38, 504, 'en', 1, 1647560857, NULL, 1),
(36, 505, 'en', 1, 1647560879, NULL, 1),
(35, 506, 'en', 1, 1647560903, NULL, 1),
(31, 507, 'en', 1, 1647568377, NULL, 1),
(31, 508, 'en', 1, 1647568536, NULL, 1),
(33, 509, 'en', 1, 1647568734, NULL, 1),
(38, 510, 'en', 1, 1647568827, NULL, 1),
(37, 511, 'en', 1, 1647568842, NULL, 1),
(36, 512, 'en', 1, 1647568867, NULL, 1),
(35, 513, 'en', 1, 1647568879, NULL, 1),
(32, 514, 'en', 1, 1647576126, NULL, 1),
(33, 515, 'en', 1, 1647576393, NULL, 1),
(43, 516, 'en', 1, 1647819296, NULL, 1),
(43, 517, 'en', 1, 1647819338, NULL, 1),
(43, 518, 'en', 1, 1647819394, NULL, 1),
(44, 519, 'en', 1, 1647819575, NULL, 1),
(43, 520, 'en', 1, 1648672142, NULL, 1),
(43, 521, 'en', 1, 1648672567, NULL, 1),
(43, 522, 'en', 1, 1648672618, NULL, 1),
(43, 523, 'en', 1, 1648672749, NULL, 1),
(30, 524, 'en', 1, 1658306537, NULL, 1),
(30, 525, 'en', 1, 1658362457, NULL, 1),
(45, 526, 'en', 1, 1658363974, NULL, 1),
(46, 527, 'en', 1, 1658364294, NULL, 1),
(47, 528, 'en', 1, 1658364438, NULL, 1),
(48, 529, 'en', 1, 1658364793, NULL, 1),
(45, 530, 'en', 1, 1658373577, NULL, 1),
(46, 531, 'en', 1, 1658373614, NULL, 1),
(47, 532, 'en', 1, 1658373636, NULL, 1),
(48, 533, 'en', 1, 1658373655, NULL, 1),
(45, 534, 'en', 1, 1658373668, NULL, 1),
(30, 535, 'en', 1, 1658386865, NULL, 1),
(30, 536, 'en', 1, 1658387186, NULL, 1),
(46, 537, 'en', 1, 1658647294, NULL, 1),
(47, 538, 'en', 1, 1658647305, NULL, 1),
(48, 539, 'en', 1, 1658647317, NULL, 1),
(45, 540, 'en', 1, 1658647336, NULL, 1),
(30, 541, 'en', 1, 1658701440, NULL, 1),
(31, 542, 'en', 1, 1658706813, NULL, 1),
(31, 543, 'en', 1, 1658706857, NULL, 1),
(32, 544, 'en', 1, 1658707195, NULL, 1),
(33, 545, 'en', 1, 1658707930, NULL, 1),
(50, 552, 'en', 1, 1658719237, NULL, 1),
(50, 553, 'en', 1, 1658719856, NULL, 1),
(47, 554, 'en', 1, 1658719987, NULL, 1),
(50, 555, 'en', 1, 1658727702, NULL, 1),
(50, 556, 'en', 1, 1658728117, NULL, 1),
(50, 557, 'en', 1, 1658728693, NULL, 1),
(50, 558, 'en', 1, 1658728735, NULL, 1),
(50, 566, 'en', 1, 1658734369, NULL, 1),
(52, 567, 'en', 1, 1658737132, NULL, 1),
(50, 568, 'en', 1, 1658737614, NULL, 1),
(52, 569, 'en', 1, 1658743187, NULL, 1),
(53, 570, 'en', 1, 1658744910, NULL, 1),
(50, 571, 'en', 1, 1658744948, NULL, 1),
(53, 572, 'en', 1, 1658788506, NULL, 1),
(54, 573, 'en', 1, 1658788989, NULL, 1),
(54, 574, 'en', 1, 1658789010, NULL, 1),
(55, 575, 'en', 1, 1658789808, NULL, 1),
(52, 576, 'en', 1, 1658789859, NULL, 1),
(56, 577, 'en', 1, 1658809309, NULL, 1),
(52, 578, 'en', 1, 1658822158, NULL, 1),
(50, 579, 'en', 1, 1658822739, NULL, 1),
(53, 580, 'en', 1, 1658822762, NULL, 1),
(54, 581, 'en', 1, 1658822786, NULL, 1),
(55, 582, 'en', 1, 1658822811, NULL, 1),
(56, 583, 'en', 1, 1658822836, NULL, 1),
(52, 584, 'en', 1, 1658822864, NULL, 1),
(50, 585, 'en', 1, 1658822886, NULL, 1),
(54, 586, 'en', 1, 1658823096, NULL, 1),
(55, 587, 'en', 1, 1658823111, NULL, 1),
(52, 588, 'en', 1, 1658823141, NULL, 1),
(52, 589, 'en', 1, 1658823649, NULL, 1),
(53, 590, 'en', 1, 1658986258, NULL, 1),
(56, 591, 'en', 1, 1658986313, NULL, 1),
(50, 592, 'en', 1, 1658986332, NULL, 1),
(54, 593, 'en', 1, 1658986352, NULL, 1),
(55, 594, 'en', 1, 1658986471, NULL, 1),
(52, 595, 'en', 1, 1658986495, NULL, 1),
(57, 596, 'en', 1, 1658987042, NULL, 1),
(57, 597, 'en', 1, 1658987244, NULL, 1),
(57, 598, 'en', 1, 1658989867, NULL, 1),
(47, 599, 'en', 1, 1659310221, NULL, 1),
(34, 600, 'en', 1, 1659310413, NULL, 1),
(30, 601, 'en', 1, 1659310953, NULL, 1),
(31, 602, 'en', 1, 1659310977, NULL, 1),
(33, 603, 'en', 1, 1659311013, NULL, 1),
(56, 604, 'en', 1, 1659313696, NULL, 1),
(44, 605, 'en', 1, 1659315857, NULL, 1),
(44, 606, 'en', 1, 1659315941, NULL, 1),
(44, 607, 'en', 1, 1659316481, NULL, 1),
(53, 608, 'en', 1, 1659322848, NULL, 1),
(50, 609, 'en', 1, 1659322866, NULL, 1),
(54, 610, 'en', 1, 1659322883, NULL, 1),
(55, 611, 'en', 1, 1659322898, NULL, 1),
(52, 612, 'en', 1, 1659322914, NULL, 1),
(58, 613, 'en', 1, 1665107198, NULL, 1),
(59, 614, 'en', 1, 1665107797, NULL, 1),
(60, 615, 'en', 1, 1665118231, NULL, 1),
(58, 616, 'en', 1, 1665118321, NULL, 1),
(60, 617, 'en', 1, 1665119809, NULL, 1),
(59, 618, 'en', 1, 1675152023, NULL, 1),
(52, 619, 'en', 1, 1675313029, NULL, 1),
(52, 620, 'en', 1, 1675313059, NULL, 1),
(52, 621, 'en', 1, 1675313298, NULL, 1),
(52, 622, 'en', 1, 1675317383, NULL, 1),
(55, 623, 'en', 1, 1675318047, NULL, 1),
(52, 624, 'en', 1, 1675377948, NULL, 1),
(52, 625, 'en', 1, 1675378112, NULL, 1),
(31, 626, 'en', 1, 1675724753, NULL, 1),
(31, 627, 'en', 1, 1675725099, NULL, 1),
(31, 628, 'en', 1, 1675725841, NULL, 1),
(31, 629, 'en', 1, 1675727994, NULL, 1),
(30, 630, 'en', 1, 1675728002, NULL, 1),
(30, 631, 'en', 1, 1675728238, NULL, 1),
(31, 632, 'en', 1, 1675728253, NULL, 1),
(30, 633, 'en', 1, 1675728310, NULL, 1),
(30, 634, 'en', 1, 1675728774, NULL, 1),
(30, 635, 'en', 1, 1675730053, NULL, 1),
(30, 636, 'en', 1, 1675730347, NULL, 1),
(32, 637, 'en', 1, 1675731318, NULL, 1),
(32, 638, 'en', 1, 1675731497, NULL, 1),
(32, 639, 'en', 1, 1675731549, NULL, 1),
(32, 640, 'en', 1, 1675731802, NULL, 1),
(32, 641, 'en', 1, 1675731834, NULL, 1),
(33, 642, 'en', 1, 1675733459, NULL, 1),
(57, 643, 'en', 1, 1675734223, NULL, 1),
(30, 644, 'en', 1, 1675734391, NULL, 1),
(34, 645, 'en', 1, 1675734653, NULL, 1),
(42, 646, 'en', 1, 1675735743, NULL, 1),
(42, 647, 'en', 1, 1675735756, NULL, 1),
(42, 648, 'en', 1, 1675735894, NULL, 1),
(46, 649, 'en', 1, 1675735964, NULL, 1),
(42, 650, 'en', 1, 1675740179, NULL, 1),
(35, 651, 'en', 1, 1675740340, NULL, 1),
(35, 652, 'en', 1, 1675740448, NULL, 1),
(42, 653, 'en', 1, 1675740491, NULL, 1),
(31, 654, 'en', 1, 1675741294, NULL, 1),
(31, 655, 'en', 1, 1675741342, NULL, 1),
(31, 656, 'en', 1, 1675741792, NULL, 1),
(31, 657, 'en', 1, 1675741959, NULL, 1),
(31, 658, 'en', 1, 1675742324, NULL, 1),
(30, 659, 'en', 1, 1675743986, NULL, 1),
(34, 660, 'en', 1, 1675745554, NULL, 1),
(57, 661, 'en', 1, 1675751591, NULL, 1),
(57, 662, 'en', 1, 1675978265, NULL, 1),
(32, 663, 'en', 1, 1677109269, NULL, 1),
(30, 664, 'en', 1, 1677121793, NULL, 1),
(30, 665, 'en', 1, 1677121808, NULL, 1),
(31, 666, 'en', 1, 1677121856, NULL, 1),
(57, 667, 'en', 1, 1677122137, NULL, 1),
(57, 668, 'en', 1, 1677122153, NULL, 1),
(31, 669, 'en', 1, 1677126031, NULL, 1),
(30, 670, 'en', 1, 1677126192, NULL, 1),
(31, 671, 'en', 1, 1677142103, NULL, 1),
(31, 672, 'en', 1, 1677142646, NULL, 1),
(30, 673, 'en', 1, 1677142950, NULL, 1),
(30, 674, 'en', 1, 1677143022, NULL, 1),
(30, 675, 'en', 1, 1677143053, NULL, 1),
(33, 676, 'en', 1, 1677143400, NULL, 1),
(30, 677, 'en', 1, 1677143612, NULL, 1),
(57, 678, 'en', 1, 1677143654, NULL, 1),
(33, 679, 'en', 1, 1677144166, NULL, 1),
(33, 680, 'en', 1, 1677144222, NULL, 1),
(34, 681, 'en', 1, 1677189552, NULL, 1),
(31, 682, 'en', 1, 1677189836, NULL, 1),
(33, 683, 'en', 1, 1677189900, NULL, 1),
(33, 684, 'en', 1, 1677190073, NULL, 1),
(33, 685, 'en', 1, 1677190115, NULL, 1),
(32, 686, 'en', 1, 1677190332, NULL, 1),
(57, 687, 'en', 1, 1677190394, NULL, 1),
(34, 688, 'en', 1, 1677190443, NULL, 1),
(30, 689, 'en', 1, 1677191837, NULL, 1),
(32, 690, 'en', 1, 1677474654, NULL, 1),
(33, 691, 'en', 1, 1677475753, NULL, 1),
(33, 692, 'en', 1, 1677475855, NULL, 1),
(33, 693, 'en', 1, 1677476055, NULL, 1),
(33, 694, 'en', 1, 1677476882, NULL, 1),
(33, 695, 'en', 1, 1677477082, NULL, 1),
(33, 696, 'en', 1, 1677477162, NULL, 1),
(33, 697, 'en', 1, 1677477394, NULL, 1),
(33, 698, 'en', 1, 1677477427, NULL, 1),
(50, 699, 'en', 1, 1677477568, NULL, 1),
(54, 700, 'en', 1, 1677477598, NULL, 1),
(60, 701, 'en', 1, 1677652101, NULL, 1),
(52, 702, 'en', 1, 1677652295, NULL, 1),
(60, 703, 'en', 1, 1677719812, NULL, 1),
(60, 704, 'en', 1, 1677722570, NULL, 1),
(58, 705, 'en', 1, 1678151464, NULL, 1),
(58, 706, 'en', 1, 1678156818, NULL, 1),
(58, 707, 'en', 1, 1678225006, NULL, 1),
(60, 708, 'en', 1, 1678246023, NULL, 1),
(30, 709, 'en', 1, 1679028606, NULL, 1),
(30, 710, 'en', 1, 1679028665, NULL, 1),
(30, 711, 'en', 1, 1679029087, NULL, 1),
(32, 712, 'en', 1, 1679030558, NULL, 1),
(33, 713, 'en', 1, 1679030679, NULL, 1),
(52, 714, 'en', 1, 1679030927, NULL, 1),
(32, 715, 'en', 1, 1679031967, NULL, 1),
(32, 716, 'en', 1, 1679261357, NULL, 1),
(43, 717, 'en', 1, 1679433381, NULL, 1),
(43, 718, 'en', 1, 1679433978, NULL, 1),
(43, 719, 'en', 1, 1679434017, NULL, 1),
(43, 720, 'en', 1, 1679434117, NULL, 1),
(43, 721, 'en', 1, 1679434180, NULL, 1);

-- --------------------------------------------------------

--
